506
CDUS45 KRIW 230741
CLIBPI


CLIMATE REPORT
NATIONAL WEATHER SERVICE RIVERTON WY
138 AM MDT THU OCT 23 2014


...................................

...THE BIG PINEY WY CLIMATE SUMMARY FOR OCTOBER 22 2014...

CLIMATE NORMAL PERIOD 1981 TO 2010
CLIMATE RECORD PERIOD 1976 TO 2014


WEATHER ITEM   OBSERVED TIME   RECORD YEAR NORMAL DEPARTURE LAST
                VALUE   (LST)  VALUE       VALUE  FROM      YEAR
                                                  NORMAL
..................................................................
TEMPERATURE (F)
 YESTERDAY
  MAXIMUM         53    441 PM  73    2003  53      0       65
  MINIMUM         18    659 AM   4    1990  19     -1       23
                                      1976
  AVERAGE         36                        36      0       44

PRECIPITATION (IN)
  YESTERDAY        0.00          0.23 2002   0.01  -0.01     0.00
  MONTH TO DATE    0.08                      0.43  -0.35     0.32
  SINCE SEP 1      1.24                      1.21   0.03     1.15
  SINCE JAN 1      4.61                      5.87  -1.26     4.15

DEGREE DAYS
 HEATING
  YESTERDAY       29                        29      0       21
  MONTH TO DATE  458                       549    -91      581
  SINCE SEP 1    812                      1007   -195      918
  SINCE JUL 1   1041                      1300   -259     1019

 COOLING
  YESTERDAY        0                         0      0        0
  MONTH TO DATE    0                         0      0        0
  SINCE SEP 1      0                         0      0        5
  SINCE JAN 1     26                        35     -9       89
..................................................................


WIND (MPH)
  HIGHEST WIND SPEED    12   HIGHEST WIND DIRECTION     N (350)
  HIGHEST GUST SPEED    12   HIGHEST GUST DIRECTION     N (340)
  AVERAGE WIND SPEED     3.9


SKY COVER
  POSSIBLE SUNSHINE  MM
  AVERAGE SKY COVER 0.0


WEATHER CONDITIONS
 THE FOLLOWING WEATHER WAS RECORDED YESTERDAY.
  NO SIGNIFICANT WEATHER WAS OBSERVED.


RELATIVE HUMIDITY (PERCENT)
 HIGHEST    92           700 AM
 LOWEST     24           300 PM
 AVERAGE    58

..........................................................


THE BIG PINEY WY CLIMATE NORMALS FOR TODAY
                         NORMAL    RECORD    YEAR
 MAXIMUM TEMPERATURE (F)   52        69      1989
 MINIMUM TEMPERATURE (F)   19        -4      1984


SUNRISE AND SUNSET
OCTOBER 23 2014.......SUNRISE   743 AM MDT   SUNSET   626 PM MDT
OCTOBER 24 2014.......SUNRISE   744 AM MDT   SUNSET   624 PM MDT


-  INDICATES NEGATIVE NUMBERS.
R  INDICATES RECORD WAS SET OR TIED.
MM INDICATES DATA IS MISSING.
T  INDICATES TRACE AMOUNT.




$$






U.S. Dept. of Commerce
NOAA National Weather Service
1325 East West Highway
Silver Spring, MD 20910
E-mail: w-nws.webmaster@noaa.gov
Page last modified: May 16, 2007
NATIONAL WEATHER SERVICE: for Safety, for Work, for Fun - FOR LIFE