335
CDUS45 KRIW 210741
CLIBPI


CLIMATE REPORT
NATIONAL WEATHER SERVICE RIVERTON WY
128 AM MDT THU AUG 21 2014


...................................

...THE BIG PINEY WY CLIMATE SUMMARY FOR AUGUST 20 2014...

CLIMATE NORMAL PERIOD 1981 TO 2010
CLIMATE RECORD PERIOD 1976 TO 2014


WEATHER ITEM   OBSERVED TIME   RECORD YEAR NORMAL DEPARTURE LAST
                VALUE   (LST)  VALUE       VALUE  FROM      YEAR
                                                  NORMAL
..................................................................
TEMPERATURE (F)
 YESTERDAY
  MAXIMUM         73    307 PM  89    2003  78     -5       82
  MINIMUM         41    426 AM  25    1980  40      1       54
  AVERAGE         57                        59     -2       68

PRECIPITATION (IN)
  YESTERDAY        0.05          0.18 2004   0.02   0.03     0.03
                                      2001
  MONTH TO DATE    1.05                      0.46   0.59     0.08
  SINCE JUN 1      1.67                      1.96  -0.29     0.97
  SINCE JAN 1      2.82                      4.43  -1.61     2.67

DEGREE DAYS
 HEATING
  YESTERDAY        8                         6      2        0
  MONTH TO DATE   51                        89    -38       53
  SINCE JUN 1    452                       511    -59      294
  SINCE JUL 1    105                       206   -101       77

 COOLING
  YESTERDAY        0                         0      0        3
  MONTH TO DATE    0                        12    -12        6
  SINCE JUN 1     26                        36    -10       83
  SINCE JAN 1     26                        36    -10       83
..................................................................


WIND (MPH)
  HIGHEST WIND SPEED    29   HIGHEST WIND DIRECTION     N (340)
  HIGHEST GUST SPEED    35   HIGHEST GUST DIRECTION     N (340)
  AVERAGE WIND SPEED     6.5


SKY COVER
  POSSIBLE SUNSHINE  MM
  AVERAGE SKY COVER 0.4


WEATHER CONDITIONS
 THE FOLLOWING WEATHER WAS RECORDED YESTERDAY.
  THUNDERSTORM
  RAIN
  LIGHT RAIN
  FOG


RELATIVE HUMIDITY (PERCENT)
 HIGHEST    89           300 AM
 LOWEST     31           300 PM
 AVERAGE    60

..........................................................


THE BIG PINEY WY CLIMATE NORMALS FOR TODAY
                         NORMAL    RECORD    YEAR
 MAXIMUM TEMPERATURE (F)   78        87      2011
                                             2010
                                             2003
 MINIMUM TEMPERATURE (F)   39        27      1980


SUNRISE AND SUNSET
AUGUST 21 2014........SUNRISE   634 AM MDT   SUNSET   813 PM MDT
AUGUST 22 2014........SUNRISE   635 AM MDT   SUNSET   811 PM MDT


-  INDICATES NEGATIVE NUMBERS.
R  INDICATES RECORD WAS SET OR TIED.
MM INDICATES DATA IS MISSING.
T  INDICATES TRACE AMOUNT.




$$





U.S. Dept. of Commerce
NOAA National Weather Service
1325 East West Highway
Silver Spring, MD 20910
E-mail: w-nws.webmaster@noaa.gov
Page last modified: May 16, 2007
NATIONAL WEATHER SERVICE: for Safety, for Work, for Fun - FOR LIFE