349
CDUS45 KRIW 240741
CLIBPI


CLIMATE REPORT
NATIONAL WEATHER SERVICE RIVERTON WY
136 AM MDT THU APR 24 2014


...................................

...THE BIG PINEY WY CLIMATE SUMMARY FOR APRIL 23 2014...

CLIMATE NORMAL PERIOD 1981 TO 2010
CLIMATE RECORD PERIOD 1976 TO 2014


WEATHER ITEM   OBSERVED TIME   RECORD YEAR NORMAL DEPARTURE LAST
                VALUE   (LST)  VALUE       VALUE  FROM      YEAR
                                                  NORMAL
..................................................................
TEMPERATURE (F)
 YESTERDAY
  MAXIMUM         43    132 PM  77    2012  55    -12       36
  MINIMUM         21   1136 PM  -5    2013  24     -3       -5
  AVERAGE         32                        39     -7       16

PRECIPITATION (IN)
  YESTERDAY        T             0.10 1999   0.02  -0.02      T
  MONTH TO DATE    0.02                      0.37  -0.35     0.25
  SINCE MAR 1      0.14                      0.81  -0.67     0.28
  SINCE JAN 1      0.18                      1.47  -1.29     0.44

DEGREE DAYS
 HEATING
  YESTERDAY       33                        26      7       49
  MONTH TO DATE  661                       662     -1      753
  SINCE MAR 1   1720                      1834   -114     1871
  SINCE JUL 1   8664                      9357   -693     8735

 COOLING
  YESTERDAY        0                         0      0        0
  MONTH TO DATE    0                         0      0        0
  SINCE MAR 1      0                         0      0        0
  SINCE JAN 1      0                         0      0        0
..................................................................


WIND (MPH)
  HIGHEST WIND SPEED    29   HIGHEST WIND DIRECTION    NW (300)
  HIGHEST GUST SPEED    39   HIGHEST GUST DIRECTION    NW (310)
  AVERAGE WIND SPEED    12.2


SKY COVER
  POSSIBLE SUNSHINE  MM
  AVERAGE SKY COVER 0.2


WEATHER CONDITIONS
 THE FOLLOWING WEATHER WAS RECORDED YESTERDAY.
  NO SIGNIFICANT WEATHER WAS OBSERVED.


RELATIVE HUMIDITY (PERCENT)
 HIGHEST    78           200 AM
 LOWEST     25          1200 PM
 AVERAGE    52

..........................................................


THE BIG PINEY WY CLIMATE NORMALS FOR TODAY
                         NORMAL    RECORD    YEAR
 MAXIMUM TEMPERATURE (F)   55        76      2012
 MINIMUM TEMPERATURE (F)   24        12      2011


SUNRISE AND SUNSET
APRIL 24 2014.........SUNRISE   625 AM MDT   SUNSET   813 PM MDT
APRIL 25 2014.........SUNRISE   624 AM MDT   SUNSET   814 PM MDT


-  INDICATES NEGATIVE NUMBERS.
R  INDICATES RECORD WAS SET OR TIED.
MM INDICATES DATA IS MISSING.
T  INDICATES TRACE AMOUNT.




$$






U.S. Dept. of Commerce
NOAA National Weather Service
1325 East West Highway
Silver Spring, MD 20910
E-mail: w-nws.webmaster@noaa.gov
Page last modified: May 16, 2007
NATIONAL WEATHER SERVICE: for Safety, for Work, for Fun - FOR LIFE