581
CDUS41 KBOX 312148
CLIBOS


CLIMATE REPORT
NATIONAL WEATHER SERVICE TAUNTON MA
548 PM EDT THU JUL 31 2014


...................................

...THE BOSTON MA CLIMATE SUMMARY FOR JULY 31 2014...
VALID AS OF 0500 PM LOCAL TIME.

CLIMATE NORMAL PERIOD 1981 TO 2010
CLIMATE RECORD PERIOD 1872 TO 2014


WEATHER ITEM   OBSERVED TIME   RECORD YEAR NORMAL DEPARTURE LAST
                VALUE   (LST)  VALUE       VALUE  FROM      YEAR
                                                  NORMAL
..................................................................
TEMPERATURE (F)
 TODAY
  MAXIMUM         81    316 PM  98    1917  81      0       79
  MINIMUM         62    540 AM  54    1895  66     -4       68
  AVERAGE         72                        74     -2       74

PRECIPITATION (IN)
  TODAY            0.00          1.85 1876   0.13  -0.13     0.00
  MONTH TO DATE    4.57                      3.43   1.14     3.61
  SINCE JUN 1      7.19                      7.11   0.08    14.11
  SINCE JAN 1     25.14                     25.27  -0.13    28.36

SNOWFALL (IN)
  TODAY            0.0           T    1954   0.0    0.0      0.0
  MONTH TO DATE    0.0                       0.0    0.0      0.0
  SINCE JUN 1      0.0                       0.0    0.0      0.0
  SINCE JUL 1      0.0                       0.0    0.0      0.0
  SNOW DEPTH      MM

DEGREE DAYS
 HEATING
  TODAY            0                         0      0        0
  MONTH TO DATE    0                         0      0        2
  SINCE JUN 1     28                        61    -33       27
  SINCE JUL 1      0                         6     -6        2

 COOLING
  TODAY            7                         9     -2        9
  MONTH TO DATE  291                       266     25      383
  SINCE JUN 1    429                       402     27      554
  SINCE JAN 1    451                       432     19      592
..................................................................


WIND (MPH)
  HIGHEST WIND SPEED    18   HIGHEST WIND DIRECTION     S (190)
  HIGHEST GUST SPEED    23   HIGHEST GUST DIRECTION     S (190)
  AVERAGE WIND SPEED     8.4


SKY COVER
  POSSIBLE SUNSHINE  MM
  AVERAGE SKY COVER 0.4


WEATHER CONDITIONS
 THE FOLLOWING WEATHER WAS RECORDED TODAY.
  NO SIGNIFICANT WEATHER WAS OBSERVED.


RELATIVE HUMIDITY (PERCENT)
 HIGHEST    84           500 AM
 LOWEST     48          1100 AM
 AVERAGE    66

..........................................................


THE BOSTON MA CLIMATE NORMALS FOR TOMORROW
                         NORMAL    RECORD    YEAR
 MAXIMUM TEMPERATURE (F)   81        98      1975
                                             1955
                                             1917
 MINIMUM TEMPERATURE (F)   66        54      1891


SUNRISE AND SUNSET
JULY 31 2014..........SUNRISE   536 AM EDT   SUNSET   805 PM EDT
AUGUST  1 2014........SUNRISE   537 AM EDT   SUNSET   804 PM EDT


-  INDICATES NEGATIVE NUMBERS.
R  INDICATES RECORD WAS SET OR TIED.
MM INDICATES DATA IS MISSING.
T  INDICATES TRACE AMOUNT.




$$





U.S. Dept. of Commerce
NOAA National Weather Service
1325 East West Highway
Silver Spring, MD 20910
E-mail: w-nws.webmaster@noaa.gov
Page last modified: May 16, 2007
NATIONAL WEATHER SERVICE: for Safety, for Work, for Fun - FOR LIFE