584
CDUS45 KBOI 150121
CLIBOI


CLIMATE REPORT
NATIONAL WEATHER SERVICE BOISE ID
720 PM MDT SUN SEP 14 2014


...................................

...THE BOISE ID CLIMATE SUMMARY FOR SEPTEMBER 14 2014...
VALID TODAY AS OF 0600 PM LOCAL TIME.

CLIMATE NORMAL PERIOD 1981 TO 2010
CLIMATE RECORD PERIOD 1878 TO 2014


WEATHER ITEM   OBSERVED TIME   RECORD YEAR NORMAL DEPARTURE LAST
                VALUE   (LST)  VALUE       VALUE  FROM      YEAR
                                                  NORMAL
..................................................................
TEMPERATURE (F)
 TODAY
  MAXIMUM         86    436 PM 101    2000  80      6       87
  MINIMUM         53    640 AM  23    1970  52      1       62
  AVERAGE         70                        66      4       75

PRECIPITATION (IN)
  TODAY            0.00          0.63 1884   0.02  -0.02      T
  MONTH TO DATE    0.00                      0.23  -0.23     0.85
  SINCE OCT 1     11.52                     11.38   0.14     8.41
  SINCE JAN 1      8.61                      7.73   0.88     5.76

DEGREE DAYS
 HEATING
  TODAY            0                         3     -3        0
  MONTH TO DATE   24                        26     -2        0
  SINCE SEP 1     24                        26     -2        0
  SINCE JUL 1     28                        44    -16        0

 COOLING
  TODAY            5                         3      2       10
  MONTH TO DATE   37                        66    -29      121
  SINCE SEP 1     37                        66    -29      121
  SINCE JAN 1   1020                       900    120     1293
..................................................................


WIND (MPH)
  HIGHEST WIND SPEED    10   HIGHEST WIND DIRECTION     W (290)
  HIGHEST GUST SPEED    14   HIGHEST GUST DIRECTION    NW (300)
  AVERAGE WIND SPEED     4.0



WEATHER CONDITIONS
 THE FOLLOWING WEATHER WAS RECORDED TODAY.
  NO SIGNIFICANT WEATHER WAS OBSERVED.


RELATIVE HUMIDITY (PERCENT)
 HIGHEST    41           500 AM
 LOWEST     14           400 PM
 AVERAGE    28

..........................................................


THE BOISE ID CLIMATE NORMALS FOR TOMORROW
                         NORMAL    RECORD    YEAR
 MAXIMUM TEMPERATURE (F)   79        96      1888
 MINIMUM TEMPERATURE (F)   51        34      1936


SUNRISE AND SUNSET
SEPTEMBER 14 2014.....SUNRISE   723 AM MDT   SUNSET   757 PM MDT
SEPTEMBER 15 2014.....SUNRISE   724 AM MDT   SUNSET   755 PM MDT


-  INDICATES NEGATIVE NUMBERS.
R  INDICATES RECORD WAS SET OR TIED.
MM INDICATES DATA IS MISSING.
T  INDICATES TRACE AMOUNT.




$$





U.S. Dept. of Commerce
NOAA National Weather Service
1325 East West Highway
Silver Spring, MD 20910
E-mail: w-nws.webmaster@noaa.gov
Page last modified: May 16, 2007
NATIONAL WEATHER SERVICE: for Safety, for Work, for Fun - FOR LIFE