634
CDUS45 KBOI 230931
CLIBOI


CLIMATE REPORT
NATIONAL WEATHER SERVICE BOISE ID
331 AM MDT SAT AUG 23 2014


...................................

...THE BOISE ID CLIMATE SUMMARY FOR AUGUST 22 2014...

CLIMATE NORMAL PERIOD 1981 TO 2010
CLIMATE RECORD PERIOD 1878 TO 2014


WEATHER ITEM   OBSERVED TIME   RECORD YEAR NORMAL DEPARTURE LAST
                VALUE   (LST)  VALUE       VALUE  FROM      YEAR
                                                  NORMAL
..................................................................
TEMPERATURE (F)
 YESTERDAY
  MAXIMUM         81    534 PM 101    1950  88     -7       95
  MINIMUM         59    614 AM  39    1892  59      0       65
  AVERAGE         70                        73     -3       80

PRECIPITATION (IN)
  YESTERDAY        0.00          0.70 1984   0.01  -0.01     0.42
  MONTH TO DATE    0.06                      0.16  -0.10     0.43
  SINCE OCT 1     11.42                     11.07   0.35     7.54
  SINCE JAN 1      8.51                      7.42   1.09     4.89

SNOWFALL (IN)
  YESTERDAY        0.0           0.0  2006   0.0    0.0      0.0
  MONTH TO DATE    0.0                       0.0    0.0      0.0
  SINCE OCT 1     14.4                      19.2   -4.8     16.0
  SINCE JUL 1      0.0                       0.0    0.0      0.0
  SNOW DEPTH       0

DEGREE DAYS
 HEATING
  YESTERDAY        0                         0      0        0
  MONTH TO DATE    0                         0      0        0
  SINCE JUN 1     36                        72    -36       35
  SINCE JUL 1      0                         8     -8        0

 COOLING
  YESTERDAY        5                         9     -4       15
  MONTH TO DATE  301                       240     61      298
  SINCE JUN 1    917                       721    196     1005
  SINCE JAN 1    941                       765    176     1052
..................................................................


WIND (MPH)
  HIGHEST WIND SPEED    23   HIGHEST WIND DIRECTION     N (350)
  HIGHEST GUST SPEED    28   HIGHEST GUST DIRECTION     N (350)
  AVERAGE WIND SPEED     8.4


SKY COVER
  POSSIBLE SUNSHINE  MM
  AVERAGE SKY COVER 0.0


WEATHER CONDITIONS
 THE FOLLOWING WEATHER WAS RECORDED YESTERDAY.
  NO SIGNIFICANT WEATHER WAS OBSERVED.


RELATIVE HUMIDITY (PERCENT)
 HIGHEST    56           800 AM
 LOWEST     17           400 PM
 AVERAGE    37

..........................................................


THE BOISE ID CLIMATE NORMALS FOR TODAY
                         NORMAL    RECORD    YEAR
 MAXIMUM TEMPERATURE (F)   88       107      1969
 MINIMUM TEMPERATURE (F)   58        37      1892


SUNRISE AND SUNSET
AUGUST 23 2014........SUNRISE   659 AM MDT   SUNSET   835 PM MDT
AUGUST 24 2014........SUNRISE   700 AM MDT   SUNSET   834 PM MDT


-  INDICATES NEGATIVE NUMBERS.
R  INDICATES RECORD WAS SET OR TIED.
MM INDICATES DATA IS MISSING.
T  INDICATES TRACE AMOUNT.




$$





U.S. Dept. of Commerce
NOAA National Weather Service
1325 East West Highway
Silver Spring, MD 20910
E-mail: w-nws.webmaster@noaa.gov
Page last modified: May 16, 2007
NATIONAL WEATHER SERVICE: for Safety, for Work, for Fun - FOR LIFE