598
CDUS45 KBOI 280120
CLIBNO


CLIMATE REPORT
NATIONAL WEATHER SERVICE BOISE ID
720 PM MDT SUN JUL 27 2014


...................................

...THE BURNS OR CLIMATE SUMMARY FOR JULY 27 2014...
VALID TODAY AS OF 0600 PM LOCAL TIME.

CLIMATE NORMAL PERIOD 1981 TO 2010
CLIMATE RECORD PERIOD 1939 TO 2014


WEATHER ITEM   OBSERVED TIME   RECORD YEAR NORMAL DEPARTURE LAST
                VALUE   (LST)  VALUE       VALUE  FROM      YEAR
                                                  NORMAL
..................................................................
TEMPERATURE (F)
 TODAY
  MAXIMUM         96    205 PM 101    1939  88      8       92
  MINIMUM         51    200 AM  39    1993  48      3       47
  AVERAGE         74                        68      6       70

PRECIPITATION (IN)
  TODAY            0.00          0.10 1997   0.02  -0.02     0.00
  MONTH TO DATE    0.32                      0.35  -0.03      T
  SINCE OCT 1      6.69                     10.07  -3.38     7.31
  SINCE JAN 1      5.72                      6.57  -0.85     3.41

DEGREE DAYS
 HEATING
  TODAY            0                         1     -1        0
  MONTH TO DATE   12                        53    -41        3
  SINCE JUN 1    197                       271    -74      191
  SINCE JUL 1     12                        53    -41        3

 COOLING
  TODAY            9                         4      5        5
  MONTH TO DATE  161                        90     71      212
  SINCE JUN 1    169                       110     59      266
  SINCE JAN 1    169                       113     56      267
..................................................................


WIND (MPH)
  HIGHEST WIND SPEED    17   HIGHEST WIND DIRECTION    NE (50)
  HIGHEST GUST SPEED    23   HIGHEST GUST DIRECTION    NE (50)
  AVERAGE WIND SPEED     7.2



WEATHER CONDITIONS
 THE FOLLOWING WEATHER WAS RECORDED TODAY.
  NO SIGNIFICANT WEATHER WAS OBSERVED.


RELATIVE HUMIDITY (PERCENT)
 HIGHEST    54           500 AM
 LOWEST      8           100 PM
 AVERAGE    31

..........................................................


THE BURNS OR CLIMATE NORMALS FOR TOMORROW
                         NORMAL    RECORD    YEAR
 MAXIMUM TEMPERATURE (F)   88       101      1968
 MINIMUM TEMPERATURE (F)   48        38      1959


SUNRISE AND SUNSET
JULY 27 2014..........SUNRISE   540 AM PDT   SUNSET   824 PM PDT
JULY 28 2014..........SUNRISE   541 AM PDT   SUNSET   823 PM PDT


-  INDICATES NEGATIVE NUMBERS.
R  INDICATES RECORD WAS SET OR TIED.
MM INDICATES DATA IS MISSING.
T  INDICATES TRACE AMOUNT.




$$





U.S. Dept. of Commerce
NOAA National Weather Service
1325 East West Highway
Silver Spring, MD 20910
E-mail: w-nws.webmaster@noaa.gov
Page last modified: May 16, 2007
NATIONAL WEATHER SERVICE: for Safety, for Work, for Fun - FOR LIFE