718
CDUS45 KBOI 250121
CLIBNO


CLIMATE REPORT
NATIONAL WEATHER SERVICE BOISE ID
721 PM MDT THU APR 24 2014


...................................

...THE BURNS OR CLIMATE SUMMARY FOR APRIL 24 2014...
VALID TODAY AS OF 0600 PM LOCAL TIME.

CLIMATE NORMAL PERIOD 1981 TO 2010
CLIMATE RECORD PERIOD 1939 TO 2014


WEATHER ITEM   OBSERVED TIME   RECORD YEAR NORMAL DEPARTURE LAST
                VALUE   (LST)  VALUE       VALUE  FROM      YEAR
                                                  NORMAL
..................................................................
TEMPERATURE (F)
 TODAY
  MAXIMUM         60   1200 PM  84    1977  59      1       64
  MINIMUM         40    525 AM  17    2002  31      9       21
  AVERAGE         50                        45      5       43

PRECIPITATION (IN)
  TODAY            0.22          0.36 1964   0.03   0.19     0.00
  MONTH TO DATE    0.72                      0.75  -0.03     0.39
  SINCE OCT 1      5.13                      7.55  -2.42     5.21
  SINCE JAN 1      4.16                      4.05   0.11     1.31

DEGREE DAYS
 HEATING
  TODAY           15                        20     -5       22
  MONTH TO DATE  502                       540    -38      551
  SINCE MAR 1   1286                      1397   -111     1383
  SINCE JUL 1   6569                      6925   -356     6740

 COOLING
  TODAY            0                         0      0        0
  MONTH TO DATE    0                         0      0        0
  SINCE MAR 1      0                         0      0        0
  SINCE JAN 1      0                         0      0        0
..................................................................


WIND (MPH)
  HIGHEST WIND SPEED    31   HIGHEST WIND DIRECTION    SW (210)
  HIGHEST GUST SPEED    41   HIGHEST GUST DIRECTION    SW (210)
  AVERAGE WIND SPEED    10.1



WEATHER CONDITIONS
 THE FOLLOWING WEATHER WAS RECORDED TODAY.
  RAIN
  LIGHT RAIN
  FOG
  HAZE


RELATIVE HUMIDITY (PERCENT)
 HIGHEST    96           200 AM
 LOWEST     43           100 PM
 AVERAGE    70

..........................................................


THE BURNS OR CLIMATE NORMALS FOR TOMORROW
                         NORMAL    RECORD    YEAR
 MAXIMUM TEMPERATURE (F)   60        86      1946
 MINIMUM TEMPERATURE (F)   31        19      2013
                                             1944


SUNRISE AND SUNSET
APRIL 24 2014.........SUNRISE   559 AM PDT   SUNSET   750 PM PDT
APRIL 25 2014.........SUNRISE   557 AM PDT   SUNSET   751 PM PDT


-  INDICATES NEGATIVE NUMBERS.
R  INDICATES RECORD WAS SET OR TIED.
MM INDICATES DATA IS MISSING.
T  INDICATES TRACE AMOUNT.




$$





U.S. Dept. of Commerce
NOAA National Weather Service
1325 East West Highway
Silver Spring, MD 20910
E-mail: w-nws.webmaster@noaa.gov
Page last modified: May 16, 2007
NATIONAL WEATHER SERVICE: for Safety, for Work, for Fun - FOR LIFE