776
CDUS45 KBOI 200931
CLIBNO


CLIMATE REPORT
NATIONAL WEATHER SERVICE BOISE ID
231 AM MST SAT DEC 20 2014


...................................

...THE BURNS OR CLIMATE SUMMARY FOR DECEMBER 19 2014...

CLIMATE NORMAL PERIOD 1981 TO 2010
CLIMATE RECORD PERIOD 1939 TO 2014


WEATHER ITEM   OBSERVED TIME   RECORD YEAR NORMAL DEPARTURE LAST
                VALUE   (LST)  VALUE       VALUE  FROM      YEAR
                                                  NORMAL
..................................................................
TEMPERATURE (F)
 YESTERDAY
  MAXIMUM         41    331 PM  55    1946  33      8       32
  MINIMUM         31    807 PM -20    1984  13     18        1
  AVERAGE         36                        23     13       17

PRECIPITATION (IN)
  YESTERDAY        0.24          0.75 2005   0.06   0.18     0.00
  MONTH TO DATE    1.09                      0.95   0.14     0.17
  SINCE OCT 1      3.30                      2.90   0.40     0.93
  SINCE JAN 1      9.55                     10.32  -0.77     6.86

DEGREE DAYS
 HEATING
  YESTERDAY       29                        42    -13       48
  MONTH TO DATE  551                       766   -215      962
  SINCE DEC 1    551                       766   -215      962
  SINCE JUL 1   2281                      2767   -486     2885

 COOLING
  YESTERDAY        0                         0      0        0
  MONTH TO DATE    0                         0      0        0
  SINCE DEC 1      0                         0      0        0
  SINCE JAN 1    318                       215    103      372
..................................................................


WIND (MPH)
  HIGHEST WIND SPEED    13   HIGHEST WIND DIRECTION    SW (210)
  HIGHEST GUST SPEED    17   HIGHEST GUST DIRECTION    SW (220)
  AVERAGE WIND SPEED     4.4


SKY COVER
  POSSIBLE SUNSHINE  MM
  AVERAGE SKY COVER 0.9


WEATHER CONDITIONS
 THE FOLLOWING WEATHER WAS RECORDED YESTERDAY.
  LIGHT RAIN
  LT FREEZING RAIN
  LIGHT SNOW
  FOG


RELATIVE HUMIDITY (PERCENT)
 HIGHEST    96           700 AM
 LOWEST     82          1200 AM
 AVERAGE    89

..........................................................


THE BURNS OR CLIMATE NORMALS FOR TODAY
                         NORMAL    RECORD    YEAR
 MAXIMUM TEMPERATURE (F)   33        49      1974
                                             1950
 MINIMUM TEMPERATURE (F)   13       -15      1984


SUNRISE AND SUNSET
DECEMBER 20 2014......SUNRISE   725 AM PST   SUNSET   422 PM PST
DECEMBER 21 2014......SUNRISE   726 AM PST   SUNSET   422 PM PST


-  INDICATES NEGATIVE NUMBERS.
R  INDICATES RECORD WAS SET OR TIED.
MM INDICATES DATA IS MISSING.
T  INDICATES TRACE AMOUNT.




$$





U.S. Dept. of Commerce
NOAA National Weather Service
1325 East West Highway
Silver Spring, MD 20910
E-mail: w-nws.webmaster@noaa.gov
Page last modified: May 16, 2007
NATIONAL WEATHER SERVICE: for Safety, for Work, for Fun - FOR LIFE