566
CDUS45 KBOI 250934
CLIBNO


CLIMATE REPORT
NATIONAL WEATHER SERVICE BOISE ID
234 AM MST SUN JAN 25 2015


...................................

...THE BURNS OR CLIMATE SUMMARY FOR JANUARY 24 2015...

CLIMATE NORMAL PERIOD 1981 TO 2010
CLIMATE RECORD PERIOD 1939 TO 2015


WEATHER ITEM   OBSERVED TIME   RECORD YEAR NORMAL DEPARTURE LAST
                VALUE   (LST)  VALUE       VALUE  FROM      YEAR
                                                  NORMAL
..................................................................
TEMPERATURE (F)
 YESTERDAY
  MAXIMUM         56R   331 PM  53    1975  35     21       43
  MINIMUM         26    540 AM -17    2008  15     11        7
                                      1989
  AVERAGE         41                        25     16       25

PRECIPITATION (IN)
  YESTERDAY        0.00          0.67 2012   0.03  -0.03     0.00
  MONTH TO DATE    0.40                      0.95  -0.55     0.20
  SINCE OCT 1      4.90                      4.45   0.45     1.17
  SINCE JAN 1      0.40                      0.95  -0.55     0.20

DEGREE DAYS
 HEATING
  YESTERDAY       24                        40    -16       40
  MONTH TO DATE  835                       971   -136      843
  SINCE DEC 1   1844                      2237   -393     2253
  SINCE JUL 1   3574                      4238   -664     4176

 COOLING
  YESTERDAY        0                         0      0        0
  MONTH TO DATE    0                         0      0        0
  SINCE DEC 1      0                         0      0        0
  SINCE JAN 1      0                         0      0        0
..................................................................


WIND (MPH)
  HIGHEST WIND SPEED     9   HIGHEST WIND DIRECTION     W (280)
  HIGHEST GUST SPEED    10   HIGHEST GUST DIRECTION     S (160)
  AVERAGE WIND SPEED     3.0


SKY COVER
  POSSIBLE SUNSHINE  MM
  AVERAGE SKY COVER 0.1


WEATHER CONDITIONS
 THE FOLLOWING WEATHER WAS RECORDED YESTERDAY.
  NO SIGNIFICANT WEATHER WAS OBSERVED.


RELATIVE HUMIDITY (PERCENT)
 HIGHEST    92          1200 AM
 LOWEST     51           300 PM
 AVERAGE    72

..........................................................


THE BURNS OR CLIMATE NORMALS FOR TODAY
                         NORMAL    RECORD    YEAR
 MAXIMUM TEMPERATURE (F)   35        52      1975
 MINIMUM TEMPERATURE (F)   16       -16      1949


SUNRISE AND SUNSET
JANUARY 25 2015.......SUNRISE   719 AM PST   SUNSET   457 PM PST
JANUARY 26 2015.......SUNRISE   718 AM PST   SUNSET   459 PM PST


-  INDICATES NEGATIVE NUMBERS.
R  INDICATES RECORD WAS SET OR TIED.
MM INDICATES DATA IS MISSING.
T  INDICATES TRACE AMOUNT.




$$





U.S. Dept. of Commerce
NOAA National Weather Service
1325 East West Highway
Silver Spring, MD 20910
E-mail: w-nws.webmaster@noaa.gov
Page last modified: May 16, 2007
NATIONAL WEATHER SERVICE: for Safety, for Work, for Fun - FOR LIFE