031
CDUS44 KOHX 210033
CLIBNA

CLIMATE REPORT
NATIONAL WEATHER SERVICE NASHVILLE TN
632 PM CST SAT DEC 20 2014


...................................

...THE NASHVILLE CLIMATE SUMMARY FOR DECEMBER 20 2014...
VALID TODAY AS OF 0600 PM LOCAL TIME.

CLIMATE NORMAL PERIOD 1981 TO 2010
CLIMATE RECORD PERIOD 1871 TO 2014


WEATHER ITEM   OBSERVED TIME   RECORD YEAR NORMAL DEPARTURE
                VALUE   (LST)  VALUE       VALUE  FROM
                                                  NORMAL
...............................................................
TEMPERATURE (F)
 TODAY
  MAXIMUM         46    249 PM  69    1978  48     -2
                                      1971
                                      1949
  MINIMUM         29    643 AM  -2    1901  30     -1
  AVERAGE         38                        39     -1

PRECIPITATION (IN)
  TODAY            0.00          2.03 1926   0.13  -0.13
  MONTH TO DATE    1.63                      2.93  -1.30
  SINCE DEC 1      1.63                      2.93  -1.30
  SINCE JAN 1     49.01                     45.94   3.07

SNOWFALL (IN)
  TODAY            0.0           2.4  1973   0.0    0.0
  MONTH TO DATE    T                         0.2   -0.2
  SINCE DEC 1      T                         0.2   -0.2
  SINCE JUL 1      0.2                       0.2    0.0
  SNOW DEPTH       0

DEGREE DAYS
 HEATING
  TODAY           27                                1
  MONTH TO DATE  435                              -37
  SINCE DEC 1    435                              -37
  SINCE JUL 1   1209                               63

 COOLING
  TODAY            0                                0
  MONTH TO DATE    0                                0
  SINCE DEC 1      0                                0
  SINCE JAN 1   1803                              158
...............................................................


WIND (MPH)
  HIGHEST WIND SPEED    10   HIGHEST WIND DIRECTION     N (10)
  HIGHEST GUST SPEED    16   HIGHEST GUST DIRECTION    NW (320)
  AVERAGE WIND SPEED     5.1




RELATIVE HUMIDITY (PERCENT)
 HIGHEST    85
 LOWEST     49
 AVERAGE    67

..........................................................


THE NASHVILLE CLIMATE NORMALS FOR TOMORROW
                         NORMAL    RECORD    YEAR
 MAXIMUM TEMPERATURE (F)   48        75      2013
 MINIMUM TEMPERATURE (F)   30        -2      1989


SUNRISE AND SUNSET
DECEMBER 20 2014......SUNRISE   653 AM CST   SUNSET   435 PM CST
DECEMBER 21 2014......SUNRISE   654 AM CST   SUNSET   436 PM CST


-  INDICATES NEGATIVE NUMBERS.
R  INDICATES RECORD WAS SET OR TIED.
MM INDICATES DATA IS MISSING.
T  INDICATES TRACE AMOUNT.




$$








U.S. Dept. of Commerce
NOAA National Weather Service
1325 East West Highway
Silver Spring, MD 20910
E-mail: w-nws.webmaster@noaa.gov
Page last modified: May 16, 2007
NATIONAL WEATHER SERVICE: for Safety, for Work, for Fun - FOR LIFE