867
CDUS44 KOHX 261259
CLIBNA

CLIMATE REPORT
NATIONAL WEATHER SERVICE NASHVILLE TN
656 AM CST WED NOV 26 2014


...................................

...THE NASHVILLE CLIMATE SUMMARY FOR NOVEMBER 25 2014...

CLIMATE NORMAL PERIOD 1981 TO 2010
CLIMATE RECORD PERIOD 1871 TO 2014


WEATHER ITEM   OBSERVED TIME   RECORD YEAR NORMAL DEPARTURE
                VALUE   (LST)  VALUE       VALUE  FROM
                                                  NORMAL
...............................................................
TEMPERATURE (F)
 YESTERDAY
  MAXIMUM         52    125 PM  74    1990  56     -4
                                      1958
  MINIMUM         33    617 AM  -1    1950  36     -3
  AVERAGE         43                        46     -3

PRECIPITATION (IN)
  YESTERDAY        0.00          3.01 1919   0.16  -0.16
  MONTH TO DATE    3.28                      3.47  -0.19
  SINCE SEP 1     11.92                      9.92   2.00
  SINCE JAN 1     47.32                     42.17   5.15

SNOWFALL (IN)
  YESTERDAY        0.0           3.0  1900   0.0    0.0
  MONTH TO DATE    0.2                       0.0    0.2
  SINCE SEP 1      0.2                       T      0.2
  SINCE JUL 1      0.2                       T      0.2
  SNOW DEPTH       0

DEGREE DAYS
 HEATING
  YESTERDAY       22                                3
  MONTH TO DATE  518                              157
  SINCE SEP 1    671                               95
  SINCE JUL 1    671                               95

 COOLING
  YESTERDAY        0                                0
  MONTH TO DATE    0                                0
  SINCE SEP 1    314                               48
  SINCE JAN 1   1803                              163
...............................................................


WIND (MPH)
  HIGHEST WIND SPEED    10   HIGHEST WIND DIRECTION    NW (330)
  HIGHEST GUST SPEED    20   HIGHEST GUST DIRECTION    NW (320)
  AVERAGE WIND SPEED     5.1




RELATIVE HUMIDITY (PERCENT)
 HIGHEST    89
 LOWEST     38
 AVERAGE    64

LOW SINCE MIDNIGHT.......................................28
PRECIPITATION SINCE MIDNIGHT.............................0.00

THE NATIONAL HIGH TEMPERATURE YESTERDAY WAS 88 AT PUNTA GORDA,
FLORIDA. THE NATIONAL LOW TEMPERATURE YESTERDAY OF -10 OCCURRED 6
MILES EAST OF CHAMPION, MICHIGAN.

..........................................................


THE NASHVILLE CLIMATE NORMALS FOR TODAY
                         NORMAL    RECORD    YEAR
 MAXIMUM TEMPERATURE (F)   56        76      1927
 MINIMUM TEMPERATURE (F)   36        17      1977


SUNRISE AND SUNSET
NOVEMBER 26 2014......SUNRISE   634 AM CST   SUNSET   434 PM CST
NOVEMBER 27 2014......SUNRISE   635 AM CST   SUNSET   433 PM CST


-  INDICATES NEGATIVE NUMBERS.
R  INDICATES RECORD WAS SET OR TIED.
MM INDICATES DATA IS MISSING.
T  INDICATES TRACE AMOUNT.




$$









U.S. Dept. of Commerce
NOAA National Weather Service
1325 East West Highway
Silver Spring, MD 20910
E-mail: w-nws.webmaster@noaa.gov
Page last modified: May 16, 2007
NATIONAL WEATHER SERVICE: for Safety, for Work, for Fun - FOR LIFE