944
CDUS44 KOHX 240626
CLIBNA


CLIMATE REPORT
NATIONAL WEATHER SERVICE NASHVILLE TN
1225 AM CST MON NOV 24 2014


...................................

...THE NASHVILLE CLIMATE SUMMARY FOR NOVEMBER 23 2014...

CLIMATE NORMAL PERIOD 1981 TO 2010
CLIMATE RECORD PERIOD 1871 TO 2014


WEATHER ITEM   OBSERVED TIME   RECORD YEAR NORMAL DEPARTURE
                VALUE   (LST)  VALUE       VALUE  FROM
                                                  NORMAL
...............................................................
TEMPERATURE (F)
 YESTERDAY
  MAXIMUM         62   1159 PM  75    1931  57      5
  MINIMUM         52    215 AM  16    1970  37     15
  AVERAGE         57                        47     10

PRECIPITATION (IN)
  YESTERDAY        0.52          2.17 1875   0.16   0.36
  MONTH TO DATE    3.28                      3.16   0.12
  SINCE SEP 1     11.92                      9.61   2.31
  SINCE JAN 1     47.32                     41.86   5.46

SNOWFALL (IN)
  YESTERDAY        0.0           2.0  1950   0.0    0.0
  MONTH TO DATE    0.2                       0.0    0.2
  SINCE SEP 1      0.2                       T      0.2
  SINCE JUL 1      0.2                       T      0.2
  SNOW DEPTH       0

DEGREE DAYS
 HEATING
  YESTERDAY        8                              -10
  MONTH TO DATE  482                              158
  SINCE SEP 1    635                               96
  SINCE JUL 1    635                               96

 COOLING
  YESTERDAY        0                                0
  MONTH TO DATE    0                                0
  SINCE SEP 1    314                               48
  SINCE JAN 1   1803                              163
...............................................................


WIND (MPH)
  HIGHEST WIND SPEED    24   HIGHEST WIND DIRECTION    SE (150)
  HIGHEST GUST SPEED    31   HIGHEST GUST DIRECTION     S (170)
  AVERAGE WIND SPEED    12.3




RELATIVE HUMIDITY (PERCENT)
 HIGHEST    93
 LOWEST     51
 AVERAGE    72

..........................................................


THE NASHVILLE CLIMATE NORMALS FOR TODAY
                         NORMAL    RECORD    YEAR
 MAXIMUM TEMPERATURE (F)   57        74      1931
 MINIMUM TEMPERATURE (F)   37         3      1950


SUNRISE AND SUNSET
NOVEMBER 24 2014......SUNRISE   632 AM CST   SUNSET   434 PM CST
NOVEMBER 25 2014......SUNRISE   633 AM CST   SUNSET   434 PM CST


-  INDICATES NEGATIVE NUMBERS.
R  INDICATES RECORD WAS SET OR TIED.
MM INDICATES DATA IS MISSING.
T  INDICATES TRACE AMOUNT.




$$






U.S. Dept. of Commerce
NOAA National Weather Service
1325 East West Highway
Silver Spring, MD 20910
E-mail: w-nws.webmaster@noaa.gov
Page last modified: May 16, 2007
NATIONAL WEATHER SERVICE: for Safety, for Work, for Fun - FOR LIFE