458
CDUS44 KOHX 250028
CLIBNA

CLIMATE REPORT
NATIONAL WEATHER SERVICE NASHVILLE TN
727 PM CDT FRI OCT 24 2014


...................................

...THE NASHVILLE CLIMATE SUMMARY FOR OCTOBER 24 2014...
VALID TODAY AS OF 0700 PM LOCAL TIME.

CLIMATE NORMAL PERIOD 1981 TO 2010
CLIMATE RECORD PERIOD 1871 TO 2014


WEATHER ITEM   OBSERVED TIME   RECORD YEAR NORMAL DEPARTURE
                VALUE   (LST)  VALUE       VALUE  FROM
                                                  NORMAL
...............................................................
TEMPERATURE (F)
 TODAY
  MAXIMUM         72    258 PM  85    2000  69      3
                                      1927
  MINIMUM         45    643 AM  28    1981  46     -1
  AVERAGE         59                        58      1

PRECIPITATION (IN)
  TODAY            0.00          1.63 2008   0.10  -0.10
  MONTH TO DATE    7.60                      2.31   5.29
  SINCE SEP 1      7.81                      5.72   2.09
  SINCE JAN 1     43.21                     37.97   5.24

SNOWFALL (IN)
  TODAY            0.0           0.0  2002   0.0    0.0
                                      2001
                                      2000
  MONTH TO DATE    0.0                       0.0    0.0
  SINCE SEP 1      0.0                       0.0    0.0
  SINCE JUL 1      0.0                       0.0    0.0
  SNOW DEPTH       0

DEGREE DAYS
 HEATING
  TODAY            6                               -2
  MONTH TO DATE  109                              -19
  SINCE SEP 1    112                              -40
  SINCE JUL 1    112                              -40

 COOLING
  TODAY            0                               -1
  MONTH TO DATE   53                               11
  SINCE SEP 1    305                               43
  SINCE JAN 1   1794                              158
...............................................................


WIND (MPH)
  HIGHEST WIND SPEED     8   HIGHEST WIND DIRECTION    NW (310)
  HIGHEST GUST SPEED    12   HIGHEST GUST DIRECTION    NW (300)
  AVERAGE WIND SPEED     3.3




RELATIVE HUMIDITY (PERCENT)
 HIGHEST    93
 LOWEST     35
 AVERAGE    64

..........................................................


THE NASHVILLE CLIMATE NORMALS FOR TOMORROW
                         NORMAL    RECORD    YEAR
 MAXIMUM TEMPERATURE (F)   69        84      1973
 MINIMUM TEMPERATURE (F)   46        29      1965


SUNRISE AND SUNSET
OCTOBER 24 2014.......SUNRISE   702 AM CDT   SUNSET   600 PM CDT
OCTOBER 25 2014.......SUNRISE   703 AM CDT   SUNSET   558 PM CDT


-  INDICATES NEGATIVE NUMBERS.
R  INDICATES RECORD WAS SET OR TIED.
MM INDICATES DATA IS MISSING.
T  INDICATES TRACE AMOUNT.




$$








U.S. Dept. of Commerce
NOAA National Weather Service
1325 East West Highway
Silver Spring, MD 20910
E-mail: w-nws.webmaster@noaa.gov
Page last modified: May 16, 2007
NATIONAL WEATHER SERVICE: for Safety, for Work, for Fun - FOR LIFE