762
CDUS44 KOHX 181554
CLIBNA

CLIMATE REPORT
NATIONAL WEATHER SERVICE NASHVILLE TN
1054 AM CDT FRI APR 18 2014


...................................

...THE NASHVILLE CLIMATE SUMMARY FOR APRIL 17 2014...

CLIMATE NORMAL PERIOD 1981 TO 2010
CLIMATE RECORD PERIOD 1871 TO 2014


WEATHER ITEM   OBSERVED TIME   RECORD YEAR NORMAL DEPARTURE LAST
                VALUE   (LST)  VALUE       VALUE  FROM      YEAR
                                                  NORMAL
..................................................................
TEMPERATURE (F)
 YESTERDAY
  MAXIMUM         69    343 PM  90    1955  71     -2       88
  MINIMUM         43   1230 AM  26    1875  48     -5       66
  AVERAGE         56                        60     -4       77

PRECIPITATION (IN)
  YESTERDAY        0.00          1.43 1982   0.13  -0.13     0.00
  MONTH TO DATE    2.76                      2.06   0.70     2.13
  SINCE MAR 1      7.12                      6.17   0.95     6.45
  SINCE JAN 1     14.82                     13.86   0.96    16.17

SNOWFALL (IN)
  YESTERDAY        0.0           0.0         0.0    0.0      0.0
  MONTH TO DATE    0.0                       0.1   -0.1      0.0
  SINCE MAR 1      0.2                       1.0   -0.8      0.3
  SINCE JUL 1      1.6                       6.4   -4.8      1.3
  SNOW DEPTH       0

DEGREE DAYS
 HEATING
  YESTERDAY        9                         7      2        0
  MONTH TO DATE  121                       151    -30      116
  SINCE MAR 1    663                       624     39      732
  SINCE JUL 1   3848                      3562    286     3364

 COOLING
  YESTERDAY        0                         1     -1       12
  MONTH TO DATE   24                        17      7       37
  SINCE MAR 1     24                        25     -1       38
  SINCE JAN 1     24                        25     -1       42
..................................................................


WIND (MPH)
  HIGHEST WIND SPEED    23   HIGHEST WIND DIRECTION     S (170)
  HIGHEST GUST SPEED    28   HIGHEST GUST DIRECTION     S (160)
  AVERAGE WIND SPEED     7.2


SKY COVER
  POSSIBLE SUNSHINE  MM
  AVERAGE SKY COVER 0.5


WEATHER CONDITIONS
 THE FOLLOWING WEATHER WAS RECORDED YESTERDAY.
  NO SIGNIFICANT WEATHER WAS OBSERVED.


RELATIVE HUMIDITY (PERCENT)
 HIGHEST    76
 LOWEST     26
 AVERAGE    51

..........................................................


THE NASHVILLE CLIMATE NORMALS FOR TODAY
                         NORMAL    RECORD    YEAR
 MAXIMUM TEMPERATURE (F)   71        88      1955
 MINIMUM TEMPERATURE (F)   48        28      1875


SUNRISE AND SUNSET
APRIL 18 2014.........SUNRISE   610 AM CDT   SUNSET   723 PM CDT
APRIL 19 2014.........SUNRISE   608 AM CDT   SUNSET   724 PM CDT


-  INDICATES NEGATIVE NUMBERS.
R  INDICATES RECORD WAS SET OR TIED.
MM INDICATES DATA IS MISSING.
T  INDICATES TRACE AMOUNT.

&&
THE LOW THIS MORNING WAS 52 DEGREES.
THERE HAS BEEN NO PRECIPITATION SINCE MIDNIGHT.


$$












U.S. Dept. of Commerce
NOAA National Weather Service
1325 East West Highway
Silver Spring, MD 20910
E-mail: w-nws.webmaster@noaa.gov
Page last modified: May 16, 2007
NATIONAL WEATHER SERVICE: for Safety, for Work, for Fun - FOR LIFE