991
CDUS44 KOHX 240034
CLIBNA

CLIMATE REPORT
NATIONAL WEATHER SERVICE NASHVILLE TN
733 PM CDT TUE SEP 23 2014


...................................

...THE NASHVILLE CLIMATE SUMMARY FOR SEPTEMBER 23 2014...
VALID TODAY AS OF 0700 PM LOCAL TIME.

CLIMATE NORMAL PERIOD 1981 TO 2010
CLIMATE RECORD PERIOD 1871 TO 2014


WEATHER ITEM   OBSERVED TIME   RECORD YEAR NORMAL DEPARTURE
                VALUE   (LST)  VALUE       VALUE  FROM
                                                  NORMAL
...............................................................
TEMPERATURE (F)
 TODAY
  MAXIMUM         78    329 PM  95    1940  80     -2
                                      1931
  MINIMUM         49    432 AM  42    1982  58     -9
                                      1927
  AVERAGE         64                        69     -5

PRECIPITATION (IN)
  TODAY            0.00          2.95 2006   0.12  -0.12
  MONTH TO DATE    0.21                      2.57  -2.36
  SINCE SEP 1      0.21                      2.57  -2.36
  SINCE JAN 1     35.61                     34.82   0.79

SNOWFALL (IN)
  TODAY            0.0           0.0  2002   0.0    0.0
                                      2001
                                      2000
  MONTH TO DATE    0.0                       0.0    0.0
  SINCE SEP 1      0.0                       0.0    0.0
  SINCE JUL 1      0.0                       0.0    0.0
  SNOW DEPTH       0

DEGREE DAYS
 HEATING
  TODAY            1                                0
  MONTH TO DATE    3                               -5
  SINCE SEP 1      3                               -5
  SINCE JUL 1      3                               -5

 COOLING
  TODAY            0                               -5
  MONTH TO DATE  204                               13
  SINCE SEP 1    204                               13
  SINCE JAN 1   1693                              128
...............................................................


WIND (MPH)
  HIGHEST WIND SPEED    14   HIGHEST WIND DIRECTION     N (20)
  HIGHEST GUST SPEED    18   HIGHEST GUST DIRECTION    NE (50)
  AVERAGE WIND SPEED     5.4




RELATIVE HUMIDITY (PERCENT)
 HIGHEST    83
 LOWEST     31
 AVERAGE    57

..........................................................


THE NASHVILLE CLIMATE NORMALS FOR TOMORROW
                         NORMAL    RECORD    YEAR
 MAXIMUM TEMPERATURE (F)   79        94      1961
 MINIMUM TEMPERATURE (F)   57        36      1983


SUNRISE AND SUNSET
SEPTEMBER 23 2014.....SUNRISE   635 AM CDT   SUNSET   642 PM CDT
SEPTEMBER 24 2014.....SUNRISE   636 AM CDT   SUNSET   641 PM CDT


-  INDICATES NEGATIVE NUMBERS.
R  INDICATES RECORD WAS SET OR TIED.
MM INDICATES DATA IS MISSING.
T  INDICATES TRACE AMOUNT.




$$








U.S. Dept. of Commerce
NOAA National Weather Service
1325 East West Highway
Silver Spring, MD 20910
E-mail: w-nws.webmaster@noaa.gov
Page last modified: May 16, 2007
NATIONAL WEATHER SERVICE: for Safety, for Work, for Fun - FOR LIFE