698
CDUS43 KIND 312034
CLIBMG


CLIMATE REPORT
NATIONAL WEATHER SERVICE INDIANAPOLIS IN
433 PM EDT FRI OCT 31 2014


...................................

...THE BLOOMINGTON IN CLIMATE SUMMARY FOR OCTOBER 31 2014...
VALID TODAY AS OF 0400 PM LOCAL TIME.

CLIMATE NORMAL PERIOD 1981 TO 2010
CLIMATE RECORD PERIOD 9999 TO 9999


WEATHER ITEM   OBSERVED TIME   NORMAL DEPARTURE LAST
                VALUE   (LST)  VALUE  FROM      YEAR
                                      NORMAL
......................................................
TEMPERATURE (F)
 TODAY
  MAXIMUM         47   1203 AM  62    -15       68
  MINIMUM         39    221 PM  39      0       54
  AVERAGE         43            50     -7       61

PRECIPITATION (IN)
  TODAY            0.07          0.10  -0.03     1.31
  MONTH TO DATE    5.40          3.53   1.87     6.49
  SINCE SEP 1      9.51          6.88   2.63     8.35
  SINCE JAN 1     40.14         40.07   0.07    38.67

......................................................


WIND (MPH)
  HIGHEST WIND SPEED    18   HIGHEST WIND DIRECTION     N (350)
  HIGHEST GUST SPEED    27   HIGHEST GUST DIRECTION     N (340)
  AVERAGE WIND SPEED     4.7


SKY COVER
  AVERAGE SKY COVER 0.8


WEATHER CONDITIONS
 THE FOLLOWING WEATHER WAS RECORDED TODAY.
  RAIN
  LIGHT RAIN
  FOG


RELATIVE HUMIDITY (PERCENT)
 HIGHEST    92           500 AM
 LOWEST     65           200 PM

..........................................................


THE BLOOMINGTON IN CLIMATE NORMALS FOR TOMORROW
                         NORMAL
 MAXIMUM TEMPERATURE (F)   61
 MINIMUM TEMPERATURE (F)   38


SUNRISE AND SUNSET
OCTOBER 31 2014.......SUNRISE   813 AM EDT   SUNSET   647 PM EDT
NOVEMBER  1 2014......SUNRISE   814 AM EDT   SUNSET   646 PM EDT


-  INDICATES NEGATIVE NUMBERS.
R  INDICATES RECORD WAS SET OR TIED.
MM INDICATES DATA IS MISSING.
T  INDICATES TRACE AMOUNT.




$$





U.S. Dept. of Commerce
NOAA National Weather Service
1325 East West Highway
Silver Spring, MD 20910
E-mail: w-nws.webmaster@noaa.gov
Page last modified: May 16, 2007
NATIONAL WEATHER SERVICE: for Safety, for Work, for Fun - FOR LIFE