146
CDUS43 KIND 160538
CLIBMG


CLIMATE REPORT
NATIONAL WEATHER SERVICE INDIANAPOLIS IN
133 AM EDT WED APR 16 2014


...................................

...THE BLOOMINGTON IN CLIMATE SUMMARY FOR APRIL 15 2014...

CLIMATE NORMAL PERIOD 1981 TO 2010
CLIMATE RECORD PERIOD 9999 TO 9999


WEATHER ITEM   OBSERVED TIME   NORMAL DEPARTURE LAST
                VALUE   (LST)  VALUE  FROM      YEAR
                                      NORMAL
......................................................
TEMPERATURE (F)
 YESTERDAY
  MAXIMUM         43    250 PM  65    -22       73
  MINIMUM         28   1159 PM  42    -14       57
  AVERAGE         36            54    -18       65

PRECIPITATION (IN)
  YESTERDAY        0.01          0.15  -0.14     0.00
  MONTH TO DATE    5.75          2.27   3.48     1.63
  SINCE MAR 1      7.69          6.15   1.54     3.87
  SINCE JAN 1     12.34         12.22   0.12    11.88

DEGREE DAYS
 HEATING
  YESTERDAY       29            12     17        0
  MONTH TO DATE  195           212    -17      188
  SINCE MAR 1   1032           900    132     1058
  SINCE JUL 1   5594          4968    626     5014

 COOLING
  YESTERDAY        0             1     -1        0
  MONTH TO DATE    6             7     -1       11
  SINCE MAR 1      6            10     -4       11
  SINCE JAN 1      6            10     -4       11
......................................................


WIND (MPH)
  HIGHEST WIND SPEED    18   HIGHEST WIND DIRECTION     N (360)
  HIGHEST GUST SPEED    26   HIGHEST GUST DIRECTION     N (360)
  AVERAGE WIND SPEED     7.5


SKY COVER
  AVERAGE SKY COVER 0.6


WEATHER CONDITIONS
 THE FOLLOWING WEATHER WAS RECORDED YESTERDAY.
  LIGHT SNOW
  FOG


RELATIVE HUMIDITY (PERCENT)
 HIGHEST    89           400 AM
 LOWEST     36           300 PM
 AVERAGE    63

..........................................................


THE BLOOMINGTON IN CLIMATE NORMALS FOR TODAY
                         NORMAL
 MAXIMUM TEMPERATURE (F)   65
 MINIMUM TEMPERATURE (F)   43


SUNRISE AND SUNSET
APRIL 16 2014.........SUNRISE   708 AM EDT   SUNSET   825 PM EDT
APRIL 17 2014.........SUNRISE   707 AM EDT   SUNSET   826 PM EDT


-  INDICATES NEGATIVE NUMBERS.
R  INDICATES RECORD WAS SET OR TIED.
MM INDICATES DATA IS MISSING.
T  INDICATES TRACE AMOUNT.




$$






U.S. Dept. of Commerce
NOAA National Weather Service
1325 East West Highway
Silver Spring, MD 20910
E-mail: w-nws.webmaster@noaa.gov
Page last modified: May 16, 2007
NATIONAL WEATHER SERVICE: for Safety, for Work, for Fun - FOR LIFE