613
CDUS43 KIND 240531
CLIBMG


CLIMATE REPORT
NATIONAL WEATHER SERVICE INDIANAPOLIS IN
130 AM EDT FRI OCT 24 2014


...................................

...THE BLOOMINGTON IN CLIMATE SUMMARY FOR OCTOBER 23 2014...

CLIMATE NORMAL PERIOD 1981 TO 2010
CLIMATE RECORD PERIOD 9999 TO 9999


WEATHER ITEM   OBSERVED TIME   NORMAL DEPARTURE LAST
                VALUE   (LST)  VALUE  FROM      YEAR
                                      NORMAL
......................................................
TEMPERATURE (F)
 YESTERDAY
  MAXIMUM         61    432 PM  65     -4       47
  MINIMUM         32    709 AM  40     -8       36
  AVERAGE         47            53     -6       42

PRECIPITATION (IN)
  YESTERDAY        0.00          0.11  -0.11     0.02
  MONTH TO DATE    4.32          2.68   1.64     4.96
  SINCE SEP 1      8.43          6.03   2.40     6.82
  SINCE JAN 1     39.06         39.22  -0.16    37.14

DEGREE DAYS
 HEATING
  YESTERDAY       18            13      5       23
  MONTH TO DATE  233           223     10      199
  SINCE SEP 1    331           301     30      249
  SINCE JUL 1    337           308     29      263

 COOLING
  YESTERDAY        0             0      0        0
  MONTH TO DATE   10            11     -1       30
  SINCE SEP 1     73           107    -34      165
  SINCE JAN 1    903           924    -21     1006
......................................................


WIND (MPH)
  HIGHEST WIND SPEED     8   HIGHEST WIND DIRECTION    SW (220)
  HIGHEST GUST SPEED    11   HIGHEST GUST DIRECTION     S (160)
  AVERAGE WIND SPEED     1.1


SKY COVER
  AVERAGE SKY COVER 0.0


WEATHER CONDITIONS
 THE FOLLOWING WEATHER WAS RECORDED YESTERDAY.
  FOG
  FOG W/VISIBILITY <= 1/4 MILE


RELATIVE HUMIDITY (PERCENT)
 HIGHEST   100           400 AM
 LOWEST     46           300 PM
 AVERAGE    73

..........................................................


THE BLOOMINGTON IN CLIMATE NORMALS FOR TODAY
                         NORMAL
 MAXIMUM TEMPERATURE (F)   65
 MINIMUM TEMPERATURE (F)   40


SUNRISE AND SUNSET
OCTOBER 24 2014.......SUNRISE   805 AM EDT   SUNSET   655 PM EDT
OCTOBER 25 2014.......SUNRISE   806 AM EDT   SUNSET   654 PM EDT


-  INDICATES NEGATIVE NUMBERS.
R  INDICATES RECORD WAS SET OR TIED.
MM INDICATES DATA IS MISSING.
T  INDICATES TRACE AMOUNT.




$$





U.S. Dept. of Commerce
NOAA National Weather Service
1325 East West Highway
Silver Spring, MD 20910
E-mail: w-nws.webmaster@noaa.gov
Page last modified: May 16, 2007
NATIONAL WEATHER SERVICE: for Safety, for Work, for Fun - FOR LIFE