721
CDUS43 KIND 010532
CLIBMG


CLIMATE REPORT
NATIONAL WEATHER SERVICE INDIANAPOLIS IN
131 AM EDT WED OCT 1 2014


...................................

...THE BLOOMINGTON IN CLIMATE SUMMARY FOR SEPTEMBER 30 2014...

CLIMATE NORMAL PERIOD 1981 TO 2010
CLIMATE RECORD PERIOD 9999 TO 9999


WEATHER ITEM   OBSERVED TIME   NORMAL DEPARTURE LAST
                VALUE   (LST)  VALUE  FROM      YEAR
                                      NORMAL
......................................................
TEMPERATURE (F)
 YESTERDAY
  MAXIMUM         75    450 PM  73      2       69
  MINIMUM         52    650 AM  47      5       57
  AVERAGE         64            60      4       63

PRECIPITATION (IN)
  YESTERDAY        0.00          0.14  -0.14     0.01
  MONTH TO DATE    4.11          3.35   0.76     1.86
  SINCE SEP 1      4.11          3.35   0.76     1.86
  SINCE JAN 1     34.74         36.54  -1.80    32.18

DEGREE DAYS
 HEATING
  YESTERDAY        1             7     -6        2
  MONTH TO DATE   98            78     20       50
  SINCE SEP 1     98            78     20       50
  SINCE JUL 1    104            85     19       64

 COOLING
  YESTERDAY        0             1     -1        0
  MONTH TO DATE   63            96    -33      135
  SINCE SEP 1     63            96    -33      135
  SINCE JAN 1    893           913    -20      976
......................................................


WIND (MPH)
  HIGHEST WIND SPEED    12   HIGHEST WIND DIRECTION     N (20)
  HIGHEST GUST SPEED    13   HIGHEST GUST DIRECTION    NE (30)
  AVERAGE WIND SPEED     3.6


SKY COVER
  AVERAGE SKY COVER 0.2


WEATHER CONDITIONS
 THE FOLLOWING WEATHER WAS RECORDED YESTERDAY.
  FOG
  HAZE


RELATIVE HUMIDITY (PERCENT)
 HIGHEST   100           900 AM
 LOWEST     54           300 PM
 AVERAGE    77

..........................................................


THE BLOOMINGTON IN CLIMATE NORMALS FOR TODAY
                         NORMAL
 MAXIMUM TEMPERATURE (F)   72
 MINIMUM TEMPERATURE (F)   47


SUNRISE AND SUNSET
OCTOBER  1 2014.......SUNRISE   742 AM EDT   SUNSET   729 PM EDT
OCTOBER  2 2014.......SUNRISE   743 AM EDT   SUNSET   728 PM EDT


-  INDICATES NEGATIVE NUMBERS.
R  INDICATES RECORD WAS SET OR TIED.
MM INDICATES DATA IS MISSING.
T  INDICATES TRACE AMOUNT.




$$






U.S. Dept. of Commerce
NOAA National Weather Service
1325 East West Highway
Silver Spring, MD 20910
E-mail: w-nws.webmaster@noaa.gov
Page last modified: May 16, 2007
NATIONAL WEATHER SERVICE: for Safety, for Work, for Fun - FOR LIFE