322
CDUS46 KSEW 230830
CLIBLI


CLIMATE REPORT
NATIONAL WEATHER SERVICE SEATTLE WA
130 AM PDT THU OCT 23 2014


...................................

...THE BELLINGHAM WA AIRPORT CLIMATE SUMMARY FOR OCTOBER 22 2014...

CLIMATE NORMAL PERIOD 1981 TO 2010
CLIMATE RECORD PERIOD 1949 TO 2014


WEATHER ITEM   OBSERVED TIME   RECORD YEAR NORMAL DEPARTURE LAST
                VALUE   (LST)  VALUE       VALUE  FROM      YEAR
                                                  NORMAL
..................................................................
TEMPERATURE (F)
 YESTERDAY
  MAXIMUM         62    107 AM  68    1977  56      6       59
                                      1965
  MINIMUM         54   1159 PM  29    1984  41     13       42
  AVERAGE         58                        48     10       51

PRECIPITATION (IN)
  YESTERDAY        0.37          0.92 1993   0.13   0.24     0.00
  MONTH TO DATE    3.15                      2.29   0.86     1.75
  SINCE OCT 1      3.15                      2.29   0.86     1.75
  SINCE JAN 1     25.24                     24.42   0.82    22.25

DEGREE DAYS
 HEATING
  YESTERDAY        7                        17    -10       14
  MONTH TO DATE  145                       313   -168      336
  SINCE SEP 1    254                       547   -293      485

 COOLING
  YESTERDAY        0                         0      0        0
  MONTH TO DATE    0                         0      0        0
  SINCE SEP 1      2                         2      0        6
  SINCE JAN 1    117                        42     75       95
..................................................................


WIND (MPH)
  RESULTANT WIND SPEED  15   RESULTANT WIND DIRECTION  SE (150)
  HIGHEST WIND SPEED    32   HIGHEST WIND DIRECTION    SE (150)
  HIGHEST GUST SPEED    45   HIGHEST GUST DIRECTION    SE (150)
  AVERAGE WIND SPEED    13.1


SKY COVER
  AVERAGE SKY COVER 1.0


WEATHER CONDITIONS
 THE FOLLOWING WEATHER WAS RECORDED YESTERDAY.
  RAIN
  LIGHT RAIN
  FOG


RELATIVE HUMIDITY (PERCENT)
 HIGHEST    86          1000 AM
 LOWEST     52           100 AM
 AVERAGE    69

..........................................................


THE BELLINGHAM WA AIRPORT CLIMATE NORMALS FOR TODAY
                         NORMAL    RECORD    YEAR
 MAXIMUM TEMPERATURE (F)   56        69      2007
                                             1982
 MINIMUM TEMPERATURE (F)   41        30      1954
                                             1953


SUNRISE AND SUNSET
OCTOBER 23 2014.......SUNRISE   743 AM PDT   SUNSET   605 PM PDT
OCTOBER 24 2014.......SUNRISE   744 AM PDT   SUNSET   603 PM PDT


-  INDICATES NEGATIVE NUMBERS.
R  INDICATES RECORD WAS SET OR TIED.
MM INDICATES DATA IS MISSING.
T  INDICATES TRACE AMOUNT.




$$





U.S. Dept. of Commerce
NOAA National Weather Service
1325 East West Highway
Silver Spring, MD 20910
E-mail: w-nws.webmaster@noaa.gov
Page last modified: May 16, 2007
NATIONAL WEATHER SERVICE: for Safety, for Work, for Fun - FOR LIFE