990
CDUS41 KRNK 280938
CLIBLF

CLIMATE REPORT...REMARKS ADDED
NATIONAL WEATHER SERVICE BLACKSBURG VA
537 AM EDT MON JUL 28 2014


...................................

...THE BLUEFIELD WV CLIMATE SUMMARY FOR JULY 27 2014...

CLIMATE NORMAL PERIOD 1981 TO 2010
CLIMATE RECORD PERIOD 1959 TO 2014


WEATHER ITEM   OBSERVED TIME   RECORD YEAR NORMAL DEPARTURE LAST
                VALUE   (LST)  VALUE       VALUE  FROM      YEAR
                                                  NORMAL
..................................................................
TEMPERATURE (F)
 YESTERDAY
  MAXIMUM         77    610 PM  89    1966  81     -4       73
  MINIMUM         67    558 AM  47    1962  65      2       66
  AVERAGE         72                        73     -1

PRECIPITATION (IN)
  YESTERDAY        0.82          0.87 1992   0.13   0.69     0.78
  MONTH TO DATE    2.70                      3.68  -0.98     3.74
  SINCE JUN 1      6.30                      7.82  -1.52     8.57
  SINCE JAN 1     17.96                     24.64  -6.68    27.10

SNOWFALL (IN)
  YESTERDAY        0.0
  MONTH TO DATE    0.0
  SINCE JUN 1      0.0
  SINCE JUL 1      0.0
  SNOW DEPTH       0

DEGREE DAYS
 HEATING
  YESTERDAY        0                         0      0
  MONTH TO DATE    5                         0      5
  SINCE JUN 1      7                        22    -15
  SINCE JUL 1      5                         0      5

 COOLING
  YESTERDAY        7                         8     -1
  MONTH TO DATE  189                       216    -27
  SINCE JUN 1    410                       382     28
  SINCE JAN 1    539                       473     66
..................................................................


WIND (MPH)
  HIGHEST WIND SPEED    24   HIGHEST WIND DIRECTION    SW (230)
  HIGHEST GUST SPEED    37   HIGHEST GUST DIRECTION    SW (240)
  AVERAGE WIND SPEED     9.9


SKY COVER
  POSSIBLE SUNSHINE  MM
  AVERAGE SKY COVER 0.5


WEATHER CONDITIONS
 THE FOLLOWING WEATHER WAS RECORDED YESTERDAY.
  THUNDERSTORM
  HEAVY RAIN
  RAIN
  LIGHT RAIN
  FOG


RELATIVE HUMIDITY (PERCENT)
 HIGHEST    87           700 AM
 LOWEST     57          1200 AM
 AVERAGE    72

..........................................................


THE BLUEFIELD WV CLIMATE NORMALS FOR TODAY
                         NORMAL    RECORD    YEAR
 MAXIMUM TEMPERATURE (F)   81        90      2011
                                             1993
 MINIMUM TEMPERATURE (F)   65        54      1962


SUNRISE AND SUNSET
JULY 28 2014..........SUNRISE   626 AM EDT   SUNSET   836 PM EDT
JULY 29 2014..........SUNRISE   627 AM EDT   SUNSET   835 PM EDT


-  INDICATES NEGATIVE NUMBERS.
R  INDICATES RECORD WAS SET OR TIED.
MM INDICATES DATA IS MISSING.
T  INDICATES TRACE AMOUNT.

REMARKS: DUE TO A POWER FAILURE CAUSING A MISSING LOW TEMPERATURE ON
MAY 30...THE SEASONAL TOTAL AND DEPARTURE FROM NORMAL FOR CDD WILL
BE CALCULATED WITHOUT DATA FROM THAT DATE.



$$




U.S. Dept. of Commerce
NOAA National Weather Service
1325 East West Highway
Silver Spring, MD 20910
E-mail: w-nws.webmaster@noaa.gov
Page last modified: May 16, 2007
NATIONAL WEATHER SERVICE: for Safety, for Work, for Fun - FOR LIFE