270
CDUS41 KRNK 210927
CLIBLF


CLIMATE REPORT
NATIONAL WEATHER SERVICE BLACKSBURG VA
523 AM EDT TUE OCT 21 2014


...................................

...THE BLUEFIELD WV CLIMATE SUMMARY FOR OCTOBER 20 2014...

CLIMATE NORMAL PERIOD 1981 TO 2010
CLIMATE RECORD PERIOD 1959 TO 2014


WEATHER ITEM   OBSERVED TIME   RECORD YEAR NORMAL DEPARTURE LAST
                VALUE   (LST)  VALUE       VALUE  FROM      YEAR
                                                  NORMAL
..................................................................
TEMPERATURE (F)
 YESTERDAY
  MAXIMUM         63    125 PM  79    1993  65     -2       60
  MINIMUM         41    627 AM  24    1972  46     -5       36
  AVERAGE         52                        55     -3

PRECIPITATION (IN)
  YESTERDAY        0.03          2.13 1961   0.07  -0.04     0.00
  MONTH TO DATE    5.08                      1.62   3.46     1.01
  SINCE SEP 1      7.49                      4.76   2.73     2.50
  SINCE JAN 1     32.11                     33.15  -1.04    32.72

SNOWFALL (IN)
  YESTERDAY        0.0
  MONTH TO DATE    0.0
  SINCE SEP 1      0.0
  SINCE JUL 1      0.0
  SNOW DEPTH       0

DEGREE DAYS
 HEATING
  YESTERDAY       13                        10      3
  MONTH TO DATE  141                       159    -18
  SINCE SEP 1    189                       232    -43
  SINCE JUL 1    199                       238    -39

 COOLING
  YESTERDAY        0                         0      0
  MONTH TO DATE    4                        16    -12
  SINCE SEP 1    110                       114     -4
  SINCE JAN 1    823                       848    -25
..................................................................


WIND (MPH)
  HIGHEST WIND SPEED    17   HIGHEST WIND DIRECTION     W (260)
  HIGHEST GUST SPEED    25   HIGHEST GUST DIRECTION     W (260)
  AVERAGE WIND SPEED     6.5


SKY COVER
  POSSIBLE SUNSHINE  MM
  AVERAGE SKY COVER 0.4


WEATHER CONDITIONS
 THE FOLLOWING WEATHER WAS RECORDED YESTERDAY.
  LIGHT RAIN


RELATIVE HUMIDITY (PERCENT)
 HIGHEST    71           500 PM
 LOWEST     39           200 PM
 AVERAGE    55

..........................................................


THE BLUEFIELD WV CLIMATE NORMALS FOR TODAY
                         NORMAL    RECORD    YEAR
 MAXIMUM TEMPERATURE (F)   64        80      2007
 MINIMUM TEMPERATURE (F)   46        24      1974


SUNRISE AND SUNSET
OCTOBER 21 2014.......SUNRISE   738 AM EDT   SUNSET   640 PM EDT
OCTOBER 22 2014.......SUNRISE   739 AM EDT   SUNSET   639 PM EDT


-  INDICATES NEGATIVE NUMBERS.
R  INDICATES RECORD WAS SET OR TIED.
MM INDICATES DATA IS MISSING.
T  INDICATES TRACE AMOUNT.

REMARKS:

DUE TO A POWER FAILURE CAUSING A MISSING LOW TEMPERATURE ON
MAY 30...THE SEASONAL TOTAL AND DEPARTURE FROM NORMAL FOR CDD
WILL BE CALCULATED WITHOUT DATA FROM THAT DATE.

$$

MBS




U.S. Dept. of Commerce
NOAA National Weather Service
1325 East West Highway
Silver Spring, MD 20910
E-mail: w-nws.webmaster@noaa.gov
Page last modified: May 16, 2007
NATIONAL WEATHER SERVICE: for Safety, for Work, for Fun - FOR LIFE