628
CDUS41 KRLX 220823
CLIBKW


CLIMATE REPORT
NATIONAL WEATHER SERVICE CHARLESTON WV
319 AM EST SAT NOV 22 2014


...................................

...THE BECKLEY WV CLIMATE SUMMARY FOR NOVEMBER 21 2014...

CLIMATE NORMAL PERIOD 1981 TO 2010
CLIMATE RECORD PERIOD 1963 TO 2014


WEATHER ITEM   OBSERVED TIME   RECORD YEAR NORMAL DEPARTURE LAST
                VALUE   (LST)  VALUE       VALUE  FROM      YEAR
                                                  NORMAL
..................................................................
TEMPERATURE (F)
 YESTERDAY
  MAXIMUM         34    355 PM  75    1906  51    -17       55
  MINIMUM         18    713 AM   8    1951  33    -15       34
  AVERAGE         26                        42    -16       45

PRECIPITATION (IN)
  YESTERDAY        0.00          0.79 1991   0.10  -0.10     0.00
  MONTH TO DATE    1.52                      2.05  -0.53     1.37
  SINCE JAN 1     33.54                     37.29  -3.75    34.57

SNOWFALL (IN)
  YESTERDAY        0.0
  MONTH TO DATE    1.5
  SINCE SEP 1      1.5
  SNOW DEPTH       0

DEGREE DAYS
 HEATING
  YESTERDAY       39                        23     16       20
  MONTH TO DATE  579                       409    170      444
  SINCE SEP 1    994                       894    100      857
  SINCE JUL 1   1023                       915    108      877

 COOLING
  YESTERDAY        0                         0      0        0
  MONTH TO DATE    0                         0      0        0
  SINCE SEP 1     78                        63     15       72
  SINCE JAN 1    602                       556     46      615
..................................................................


WIND (MPH)
  HIGHEST WIND SPEED    15   HIGHEST WIND DIRECTION    NW (320)
  HIGHEST GUST SPEED    21   HIGHEST GUST DIRECTION    NW (300)
  AVERAGE WIND SPEED     7.1


SKY COVER
  POSSIBLE SUNSHINE  MM
  AVERAGE SKY COVER 0.2


WEATHER CONDITIONS
 THE FOLLOWING WEATHER WAS RECORDED YESTERDAY.
  NO SIGNIFICANT WEATHER WAS OBSERVED.


RELATIVE HUMIDITY (PERCENT)
 HIGHEST    73           800 AM
 LOWEST     32           200 PM
 AVERAGE    53

..........................................................


THE BECKLEY WV CLIMATE NORMALS FOR TODAY
                         NORMAL    RECORD    YEAR
 MAXIMUM TEMPERATURE (F)   50        76      1913
 MINIMUM TEMPERATURE (F)   33         5      1964


SUNRISE AND SUNSET
NOVEMBER 22 2014......SUNRISE   712 AM EST   SUNSET   509 PM EST
NOVEMBER 23 2014......SUNRISE   713 AM EST   SUNSET   508 PM EST


-  INDICATES NEGATIVE NUMBERS.
R  INDICATES RECORD WAS SET OR TIED.
MM INDICATES DATA IS MISSING.
T  INDICATES TRACE AMOUNT.




$$





U.S. Dept. of Commerce
NOAA National Weather Service
1325 East West Highway
Silver Spring, MD 20910
E-mail: w-nws.webmaster@noaa.gov
Page last modified: May 16, 2007
NATIONAL WEATHER SERVICE: for Safety, for Work, for Fun - FOR LIFE