894
CDUS41 KRLX 010717
CLIBKW


CLIMATE REPORT
NATIONAL WEATHER SERVICE CHARLESTON WV
315 AM EDT WED OCT 1 2014


...................................

...THE BECKLEY WV CLIMATE SUMMARY FOR SEPTEMBER 30 2014...

CLIMATE NORMAL PERIOD 1981 TO 2010
CLIMATE RECORD PERIOD 1963 TO 2014


WEATHER ITEM   OBSERVED TIME   RECORD YEAR NORMAL DEPARTURE LAST
                VALUE   (LST)  VALUE       VALUE  FROM      YEAR
                                                  NORMAL
..................................................................
TEMPERATURE (F)
 YESTERDAY
  MAXIMUM         76    357 PM  92    1953  68      8       71
  MINIMUM         54    633 AM  25    1935  48      6       55
  AVERAGE         65                        58      7       63

PRECIPITATION (IN)
  YESTERDAY        0.00          1.39 1964   0.10  -0.10     0.08
  MONTH TO DATE    2.22                      3.01  -0.79     1.72
  SINCE JAN 1     26.72                     32.67  -5.95    31.69

SNOWFALL (IN)
  YESTERDAY        0.0
  MONTH TO DATE    0.0
  SINCE SEP 1      0.0
  SNOW DEPTH       0

DEGREE DAYS
 HEATING
  YESTERDAY        0                         8     -8        2
  MONTH TO DATE   59                       113    -54       89
  SINCE SEP 1     59                       113    -54       89
  SINCE JUL 1     88                       134    -46      109

 COOLING
  YESTERDAY        0                         1     -1        0
  MONTH TO DATE   78                        57     21       57
  SINCE SEP 1     78                        57     21       57
  SINCE JAN 1    602                       550     52      600
..................................................................


WIND (MPH)
  HIGHEST WIND SPEED    14   HIGHEST WIND DIRECTION     W (270)
  HIGHEST GUST SPEED    17   HIGHEST GUST DIRECTION     N (340)
  AVERAGE WIND SPEED     4.6


SKY COVER
  POSSIBLE SUNSHINE  MM
  AVERAGE SKY COVER 0.2


WEATHER CONDITIONS
 THE FOLLOWING WEATHER WAS RECORDED YESTERDAY.
  FOG
  FOG W/VISIBILITY <= 1/4 MILE


RELATIVE HUMIDITY (PERCENT)
 HIGHEST    93           100 AM
 LOWEST     36           400 PM
 AVERAGE    65

..........................................................


THE BECKLEY WV CLIMATE NORMALS FOR TODAY
                         NORMAL    RECORD    YEAR
 MAXIMUM TEMPERATURE (F)   68        85      1941
 MINIMUM TEMPERATURE (F)   48        27      1930


SUNRISE AND SUNSET
OCTOBER  1 2014.......SUNRISE   720 AM EDT   SUNSET   708 PM EDT
OCTOBER  2 2014.......SUNRISE   721 AM EDT   SUNSET   706 PM EDT


-  INDICATES NEGATIVE NUMBERS.
R  INDICATES RECORD WAS SET OR TIED.
MM INDICATES DATA IS MISSING.
T  INDICATES TRACE AMOUNT.




$$





U.S. Dept. of Commerce
NOAA National Weather Service
1325 East West Highway
Silver Spring, MD 20910
E-mail: w-nws.webmaster@noaa.gov
Page last modified: May 16, 2007
NATIONAL WEATHER SERVICE: for Safety, for Work, for Fun - FOR LIFE