720
CDUS41 KRLX 242225
CLIBKW


CLIMATE REPORT
NATIONAL WEATHER SERVICE CHARLESTON WV
522 PM EST MON NOV 24 2014


...................................

...THE BECKLEY WV CLIMATE SUMMARY FOR NOVEMBER 24 2014...
VALID TODAY AS OF 0500 PM LOCAL TIME.

CLIMATE NORMAL PERIOD 1981 TO 2010
CLIMATE RECORD PERIOD 1963 TO 2014


WEATHER ITEM   OBSERVED TIME   RECORD YEAR NORMAL DEPARTURE LAST
                VALUE   (LST)  VALUE       VALUE  FROM      YEAR
                                                  NORMAL
..................................................................
TEMPERATURE (F)
 TODAY
  MAXIMUM         68    141 PM  73    1973  49     19       23
  MINIMUM         55    728 AM   5    1970  32     23       13
                                      1956
  AVERAGE         62                        41     21       18

PRECIPITATION (IN)
  TODAY            0.00          2.01 1959   0.10  -0.10     0.02
  MONTH TO DATE    1.78                      2.35  -0.57     1.60
  SINCE SEP 1      9.30                      7.93   1.37     4.83
  SINCE JAN 1     33.80                     37.59  -3.79    34.80

DEGREE DAYS
 HEATING
  TODAY            3                        24    -21       47
  MONTH TO DATE  626                       480    146      537
  SINCE SEP 1   1041                       965     76      950
  SINCE JUL 1   1070                       986     84      970

 COOLING
  TODAY            0                         0      0        0
  MONTH TO DATE    0                         0      0        0
  SINCE SEP 1     78                        63     15       72
  SINCE JAN 1    602                       556     46      615
..................................................................


WIND (MPH)
  HIGHEST WIND SPEED    37   HIGHEST WIND DIRECTION    SW (220)
  HIGHEST GUST SPEED    50   HIGHEST GUST DIRECTION    SW (210)
  AVERAGE WIND SPEED    16.3


SKY COVER
  POSSIBLE SUNSHINE  MM
  AVERAGE SKY COVER 0.5


WEATHER CONDITIONS
 THE FOLLOWING WEATHER WAS RECORDED TODAY.
  NO SIGNIFICANT WEATHER WAS OBSERVED.


RELATIVE HUMIDITY (PERCENT)
 HIGHEST    83          1200 AM
 LOWEST     37           200 PM
 AVERAGE    60

..........................................................


THE BECKLEY WV CLIMATE NORMALS FOR TOMORROW
                         NORMAL    RECORD    YEAR
 MAXIMUM TEMPERATURE (F)   49        73      1908
 MINIMUM TEMPERATURE (F)   32         1      1950


SUNRISE AND SUNSET
NOVEMBER 24 2014......SUNRISE   714 AM EST   SUNSET   508 PM EST
NOVEMBER 25 2014......SUNRISE   715 AM EST   SUNSET   508 PM EST


-  INDICATES NEGATIVE NUMBERS.
R  INDICATES RECORD WAS SET OR TIED.
MM INDICATES DATA IS MISSING.
T  INDICATES TRACE AMOUNT.




$$






U.S. Dept. of Commerce
NOAA National Weather Service
1325 East West Highway
Silver Spring, MD 20910
E-mail: w-nws.webmaster@noaa.gov
Page last modified: May 16, 2007
NATIONAL WEATHER SERVICE: for Safety, for Work, for Fun - FOR LIFE