693
CDUS41 KRLX 250718
CLIBKW


CLIMATE REPORT
NATIONAL WEATHER SERVICE CHARLESTON WV
316 AM EDT SAT OCT 25 2014


...................................

...THE BECKLEY WV CLIMATE SUMMARY FOR OCTOBER 24 2014...

CLIMATE NORMAL PERIOD 1981 TO 2010
CLIMATE RECORD PERIOD 1963 TO 2014


WEATHER ITEM   OBSERVED TIME   RECORD YEAR NORMAL DEPARTURE LAST
                VALUE   (LST)  VALUE       VALUE  FROM      YEAR
                                                  NORMAL
..................................................................
TEMPERATURE (F)
 YESTERDAY
  MAXIMUM         58    407 PM  82    1947  61     -3       39
  MINIMUM         35    423 AM  13    1907  41     -6       31
  AVERAGE         47                        51     -4       35

PRECIPITATION (IN)
  YESTERDAY        0.00          2.01 1926   0.09  -0.09     0.02
  MONTH TO DATE    4.90                      1.95   2.95     1.09
  SINCE JAN 1     31.62                     34.62  -3.00    32.78

SNOWFALL (IN)
  YESTERDAY        0.0
  MONTH TO DATE    0.0
  SINCE SEP 1      0.0
  SNOW DEPTH       0

DEGREE DAYS
 HEATING
  YESTERDAY       18                        14      4       30
  MONTH TO DATE  254                       267    -13      211
  SINCE SEP 1    313                       380    -67      300
  SINCE JUL 1    342                       401    -59      320

 COOLING
  YESTERDAY        0                         0      0        0
  MONTH TO DATE    0                         2     -2       15
  SINCE SEP 1     78                        59     19       72
  SINCE JAN 1    602                       552     50      615
..................................................................


WIND (MPH)
  HIGHEST WIND SPEED    12   HIGHEST WIND DIRECTION    NW (330)
  HIGHEST GUST SPEED    14   HIGHEST GUST DIRECTION    NW (330)
  AVERAGE WIND SPEED     2.6


SKY COVER
  POSSIBLE SUNSHINE  MM
  AVERAGE SKY COVER 0.1


WEATHER CONDITIONS
 THE FOLLOWING WEATHER WAS RECORDED YESTERDAY.
  FOG


RELATIVE HUMIDITY (PERCENT)
 HIGHEST   100           500 AM
 LOWEST     47           400 PM
 AVERAGE    74

..........................................................


THE BECKLEY WV CLIMATE NORMALS FOR TODAY
                         NORMAL    RECORD    YEAR
 MAXIMUM TEMPERATURE (F)   61        79      1939
                                             1919
 MINIMUM TEMPERATURE (F)   41        15      1907


SUNRISE AND SUNSET
OCTOBER 25 2014.......SUNRISE   743 AM EDT   SUNSET   634 PM EDT
OCTOBER 26 2014.......SUNRISE   744 AM EDT   SUNSET   633 PM EDT


-  INDICATES NEGATIVE NUMBERS.
R  INDICATES RECORD WAS SET OR TIED.
MM INDICATES DATA IS MISSING.
T  INDICATES TRACE AMOUNT.




$$





U.S. Dept. of Commerce
NOAA National Weather Service
1325 East West Highway
Silver Spring, MD 20910
E-mail: w-nws.webmaster@noaa.gov
Page last modified: May 16, 2007
NATIONAL WEATHER SERVICE: for Safety, for Work, for Fun - FOR LIFE