679
CDUS41 KRLX 180716
CLIBKW


CLIMATE REPORT
NATIONAL WEATHER SERVICE CHARLESTON WV
316 AM EDT FRI APR 18 2014


...................................

...THE BECKLEY WV CLIMATE SUMMARY FOR APRIL 17 2014...

CLIMATE NORMAL PERIOD 1981 TO 2010
CLIMATE RECORD PERIOD 1963 TO 2014


WEATHER ITEM   OBSERVED TIME   RECORD YEAR NORMAL DEPARTURE LAST
                VALUE   (LST)  VALUE       VALUE  FROM      YEAR
                                                  NORMAL
..................................................................
TEMPERATURE (F)
 YESTERDAY
  MAXIMUM         60    410 PM  84    1976  64     -4       72
  MINIMUM         33    612 AM  21    1962  42     -9       56
  AVERAGE         47                        53     -6       64

PRECIPITATION (IN)
  YESTERDAY        0.00          1.25 1910   0.11  -0.11     0.19
  MONTH TO DATE    1.52                      1.84  -0.32     1.87
  SINCE JAN 1      9.09                     10.98  -1.89    10.21

SNOWFALL (IN)
  YESTERDAY        0.0
  MONTH TO DATE    0.6
  SINCE SEP 1     76.3
  SNOW DEPTH       0

DEGREE DAYS
 HEATING
  YESTERDAY       18                        13      5        1
  MONTH TO DATE  201                       256    -55      205
  SINCE MAR 1   1019                       968     51     1119
  SINCE JUL 1   5227                      4969    258     4933

 COOLING
  YESTERDAY        0                         0      0        0
  MONTH TO DATE    5                         0      5       13
  SINCE MAR 1      5                         1      4       13
  SINCE JAN 1      5                         1      4       13
..................................................................


WIND (MPH)
  HIGHEST WIND SPEED    21   HIGHEST WIND DIRECTION    SE (130)
  HIGHEST GUST SPEED    32   HIGHEST GUST DIRECTION    SE (140)
  AVERAGE WIND SPEED    11.2


SKY COVER
  POSSIBLE SUNSHINE  MM
  AVERAGE SKY COVER 0.0


WEATHER CONDITIONS
 THE FOLLOWING WEATHER WAS RECORDED YESTERDAY.
  NO SIGNIFICANT WEATHER WAS OBSERVED.


RELATIVE HUMIDITY (PERCENT)
 HIGHEST    48           100 AM
 LOWEST     26           100 PM
 AVERAGE    37

..........................................................


THE BECKLEY WV CLIMATE NORMALS FOR TODAY
                         NORMAL    RECORD    YEAR
 MAXIMUM TEMPERATURE (F)   64        86      1976
 MINIMUM TEMPERATURE (F)   42        20      1951


SUNRISE AND SUNSET
APRIL 18 2014.........SUNRISE   645 AM EDT   SUNSET   803 PM EDT
APRIL 19 2014.........SUNRISE   644 AM EDT   SUNSET   804 PM EDT


-  INDICATES NEGATIVE NUMBERS.
R  INDICATES RECORD WAS SET OR TIED.
MM INDICATES DATA IS MISSING.
T  INDICATES TRACE AMOUNT.




$$





U.S. Dept. of Commerce
NOAA National Weather Service
1325 East West Highway
Silver Spring, MD 20910
E-mail: w-nws.webmaster@noaa.gov
Page last modified: May 16, 2007
NATIONAL WEATHER SERVICE: for Safety, for Work, for Fun - FOR LIFE