323
CDUS41 KRLX 260827
CLIBKW


CLIMATE REPORT
NATIONAL WEATHER SERVICE CHARLESTON WV
326 AM EST MON JAN 26 2015


...................................

...THE BECKLEY WV CLIMATE SUMMARY FOR JANUARY 25 2015...

CLIMATE NORMAL PERIOD 1981 TO 2010
CLIMATE RECORD PERIOD 1963 TO 2015


WEATHER ITEM   OBSERVED TIME   RECORD YEAR NORMAL DEPARTURE LAST
                VALUE   (LST)  VALUE       VALUE  FROM      YEAR
                                                  NORMAL
..................................................................
TEMPERATURE (F)
 YESTERDAY
  MAXIMUM         45    351 PM  74    1950  40      5       26
  MINIMUM         29    710 AM -15    1961  23      6       16
  AVERAGE         37                        31      6       21

PRECIPITATION (IN)
  YESTERDAY        T             0.95 1978   0.09  -0.09     0.06
  MONTH TO DATE    1.78                      2.27  -0.49     1.87
  SINCE JAN 1      1.78                      2.27  -0.49     1.87

SNOWFALL (IN)
  YESTERDAY        0.0
  MONTH TO DATE    6.6
  SINCE SEP 1     11.0
  SNOW DEPTH      MM

DEGREE DAYS
 HEATING
  YESTERDAY       28                        34     -6       44
  MONTH TO DATE  846                       850     -4      957
  SINCE DEC 1   1698                      1803   -105     1813
  SINCE JUL 1   2939                      2943     -4     2995

 COOLING
  YESTERDAY        0                         0      0        0
  MONTH TO DATE    0                         0      0        0
  SINCE DEC 1      0                         0      0        0
  SINCE JAN 1      0                         0      0        0
..................................................................


WIND (MPH)
  HIGHEST WIND SPEED    13   HIGHEST WIND DIRECTION    SE (140)
  HIGHEST GUST SPEED    18   HIGHEST GUST DIRECTION     W (270)
  AVERAGE WIND SPEED     6.5


SKY COVER
  POSSIBLE SUNSHINE  MM
  AVERAGE SKY COVER 0.5


WEATHER CONDITIONS
 THE FOLLOWING WEATHER WAS RECORDED YESTERDAY.
  FOG


RELATIVE HUMIDITY (PERCENT)
 HIGHEST    92           500 AM
 LOWEST     58           400 PM
 AVERAGE    75

..........................................................


THE BECKLEY WV CLIMATE NORMALS FOR TODAY
                         NORMAL    RECORD    YEAR
 MAXIMUM TEMPERATURE (F)   40        73      1950
 MINIMUM TEMPERATURE (F)   23       -18      1897


SUNRISE AND SUNSET
JANUARY 26 2015.......SUNRISE   733 AM EST   SUNSET   541 PM EST
JANUARY 27 2015.......SUNRISE   733 AM EST   SUNSET   542 PM EST


-  INDICATES NEGATIVE NUMBERS.
R  INDICATES RECORD WAS SET OR TIED.
MM INDICATES DATA IS MISSING.
T  INDICATES TRACE AMOUNT.




$$





U.S. Dept. of Commerce
NOAA National Weather Service
1325 East West Highway
Silver Spring, MD 20910
E-mail: w-nws.webmaster@noaa.gov
Page last modified: May 16, 2007
NATIONAL WEATHER SERVICE: for Safety, for Work, for Fun - FOR LIFE