647
CDUS41 KRLX 252218
CLIBKW


CLIMATE REPORT
NATIONAL WEATHER SERVICE CHARLESTON WV
516 PM EST TUE NOV 25 2014


...................................

...THE BECKLEY WV CLIMATE SUMMARY FOR NOVEMBER 25 2014...
VALID TODAY AS OF 0500 PM LOCAL TIME.

CLIMATE NORMAL PERIOD 1981 TO 2010
CLIMATE RECORD PERIOD 1963 TO 2014


WEATHER ITEM   OBSERVED TIME   RECORD YEAR NORMAL DEPARTURE LAST
                VALUE   (LST)  VALUE       VALUE  FROM      YEAR
                                                  NORMAL
..................................................................
TEMPERATURE (F)
 TODAY
  MAXIMUM         51    315 PM  73    1908  49      2       44
  MINIMUM         33    703 AM   1    1950  32      1       12
  AVERAGE         42                        40      2       28

PRECIPITATION (IN)
  TODAY            0.00          0.99 1964   0.09  -0.09     0.03
  MONTH TO DATE    1.78                      2.44  -0.66     1.63
  SINCE SEP 1      9.30                      8.02   1.28     4.86
  SINCE JAN 1     33.80                     37.68  -3.88    34.83

DEGREE DAYS
 HEATING
  TODAY           23                        25     -2       37
  MONTH TO DATE  654                       505    149      574
  SINCE SEP 1   1069                       990     79      987
  SINCE JUL 1   1098                      1011     87     1007

 COOLING
  TODAY            0                         0      0        0
  MONTH TO DATE    0                         0      0        0
  SINCE SEP 1     78                        63     15       72
  SINCE JAN 1    602                       556     46      615
..................................................................


WIND (MPH)
  HIGHEST WIND SPEED    14   HIGHEST WIND DIRECTION     W (260)
  HIGHEST GUST SPEED    19   HIGHEST GUST DIRECTION     W (280)
  AVERAGE WIND SPEED     6.3


SKY COVER
  POSSIBLE SUNSHINE  MM
  AVERAGE SKY COVER 0.2


WEATHER CONDITIONS
 THE FOLLOWING WEATHER WAS RECORDED TODAY.
  NO SIGNIFICANT WEATHER WAS OBSERVED.


RELATIVE HUMIDITY (PERCENT)
 HIGHEST    82           700 AM
 LOWEST     33           300 PM
 AVERAGE    58

..........................................................


THE BECKLEY WV CLIMATE NORMALS FOR TOMORROW
                         NORMAL    RECORD    YEAR
 MAXIMUM TEMPERATURE (F)   49        73      1908
 MINIMUM TEMPERATURE (F)   32         3      1950


SUNRISE AND SUNSET
NOVEMBER 25 2014......SUNRISE   715 AM EST   SUNSET   508 PM EST
NOVEMBER 26 2014......SUNRISE   716 AM EST   SUNSET   507 PM EST


-  INDICATES NEGATIVE NUMBERS.
R  INDICATES RECORD WAS SET OR TIED.
MM INDICATES DATA IS MISSING.
T  INDICATES TRACE AMOUNT.




$$





U.S. Dept. of Commerce
NOAA National Weather Service
1325 East West Highway
Silver Spring, MD 20910
E-mail: w-nws.webmaster@noaa.gov
Page last modified: May 16, 2007
NATIONAL WEATHER SERVICE: for Safety, for Work, for Fun - FOR LIFE