566
CDUS46 KBOI 220932
CLIBKE


CLIMATE REPORT
NATIONAL WEATHER SERVICE BOISE ID
331 AM MDT WED OCT 22 2014


...................................

...THE BAKER OR CLIMATE SUMMARY FOR OCTOBER 21 2014...

CLIMATE NORMAL PERIOD 1981 TO 2010
CLIMATE RECORD PERIOD 1948 TO 2014


WEATHER ITEM   OBSERVED TIME   RECORD YEAR NORMAL DEPARTURE LAST
                VALUE   (LST)  VALUE       VALUE  FROM      YEAR
                                                  NORMAL
..................................................................
TEMPERATURE (F)
 YESTERDAY
  MAXIMUM         60    141 PM  80    2003  58      2       66
  MINIMUM         32   1159 PM  13    1996  27      5       29
  AVERAGE         46                        43      3       48

PRECIPITATION (IN)
  YESTERDAY        T             0.12 1990   0.02  -0.02     0.00
  MONTH TO DATE    0.02                      0.39  -0.37     0.03
  SINCE OCT 1      0.02                      0.39  -0.37     0.03
  SINCE JAN 1      6.02                      8.01  -1.99     7.80

DEGREE DAYS
 HEATING
  YESTERDAY       19                        22     -3       17
  MONTH TO DATE  301                       393    -92      477
  SINCE SEP 1    511                       684   -173      716
  SINCE JUL 1    588                       835   -247      748

 COOLING
  YESTERDAY        0                         0      0        0
  MONTH TO DATE    0                         0      0        0
  SINCE SEP 1     15                         9      6       28
  SINCE JAN 1    250                       169     81      258
..................................................................


WIND (MPH)
  RESULTANT WIND SPEED   1   RESULTANT WIND DIRECTION  SE (150)
  HIGHEST WIND SPEED    10   HIGHEST WIND DIRECTION    SE (150)
  HIGHEST GUST SPEED    15   HIGHEST GUST DIRECTION    NE (30)
  AVERAGE WIND SPEED     4.0


SKY COVER
  AVERAGE SKY COVER 0.5


WEATHER CONDITIONS
 THE FOLLOWING WEATHER WAS RECORDED YESTERDAY.
  LIGHT RAIN


RELATIVE HUMIDITY (PERCENT)
 HIGHEST    82           300 AM
 LOWEST     36           300 PM
 AVERAGE    59

..........................................................


THE BAKER OR CLIMATE NORMALS FOR TODAY
                         NORMAL    RECORD    YEAR
 MAXIMUM TEMPERATURE (F)   58        80      2003
 MINIMUM TEMPERATURE (F)   27        13      2006


SUNRISE AND SUNSET
OCTOBER 22 2014.......SUNRISE   716 AM PDT   SUNSET   555 PM PDT
OCTOBER 23 2014.......SUNRISE   717 AM PDT   SUNSET   553 PM PDT


-  INDICATES NEGATIVE NUMBERS.
R  INDICATES RECORD WAS SET OR TIED.
MM INDICATES DATA IS MISSING.
T  INDICATES TRACE AMOUNT.




$$





U.S. Dept. of Commerce
NOAA National Weather Service
1325 East West Highway
Silver Spring, MD 20910
E-mail: w-nws.webmaster@noaa.gov
Page last modified: May 16, 2007
NATIONAL WEATHER SERVICE: for Safety, for Work, for Fun - FOR LIFE