478
CDUS46 KBOI 020930
CLIBKE


CLIMATE REPORT
NATIONAL WEATHER SERVICE BOISE ID
330 AM MDT THU OCT 2 2014


...................................

...THE BAKER OR CLIMATE SUMMARY FOR OCTOBER 1 2014...

CLIMATE NORMAL PERIOD 1981 TO 2010
CLIMATE RECORD PERIOD 1948 TO 2014


WEATHER ITEM   OBSERVED TIME   RECORD YEAR NORMAL DEPARTURE LAST
                VALUE   (LST)  VALUE       VALUE  FROM      YEAR
                                                  NORMAL
..................................................................
TEMPERATURE (F)
 YESTERDAY
  MAXIMUM         62    347 PM  90    2010  68     -6       59
  MINIMUM         29    613 AM  13    1950  31     -2       27
  AVERAGE         46                        50     -4       43

PRECIPITATION (IN)
  YESTERDAY        0.00          0.38 1957   0.02  -0.02      T
  MONTH TO DATE    0.00                      0.02  -0.02      T
  SINCE OCT 1      0.00                      0.02  -0.02      T
  SINCE JAN 1      6.00                      7.64  -1.64     7.77

DEGREE DAYS
 HEATING
  YESTERDAY       19                        15      4       22
  MONTH TO DATE   19                        15      4       22
  SINCE SEP 1    229                       306    -77      261
  SINCE JUL 1    306                       457   -151      293

 COOLING
  YESTERDAY        0                         0      0        0
  MONTH TO DATE    0                         0      0        0
  SINCE SEP 1     15                         9      6       28
  SINCE JAN 1    250                       169     81      258
..................................................................


WIND (MPH)
  RESULTANT WIND SPEED   1   RESULTANT WIND DIRECTION   W (250)
  HIGHEST WIND SPEED     9   HIGHEST WIND DIRECTION     W (290)
  HIGHEST GUST SPEED    12   HIGHEST GUST DIRECTION     W (290)
  AVERAGE WIND SPEED     3.0


SKY COVER
  AVERAGE SKY COVER 0.1


WEATHER CONDITIONS
 THE FOLLOWING WEATHER WAS RECORDED YESTERDAY.
  FOG


RELATIVE HUMIDITY (PERCENT)
 HIGHEST   100           600 AM
 LOWEST     36           300 PM
 AVERAGE    68

..........................................................


THE BAKER OR CLIMATE NORMALS FOR TODAY
                         NORMAL    RECORD    YEAR
 MAXIMUM TEMPERATURE (F)   68        89      2010
                                             1987
 MINIMUM TEMPERATURE (F)   31        18      1954


SUNRISE AND SUNSET
OCTOBER  2 2014.......SUNRISE   650 AM PDT   SUNSET   630 PM PDT
OCTOBER  3 2014.......SUNRISE   652 AM PDT   SUNSET   628 PM PDT


-  INDICATES NEGATIVE NUMBERS.
R  INDICATES RECORD WAS SET OR TIED.
MM INDICATES DATA IS MISSING.
T  INDICATES TRACE AMOUNT.




$$





U.S. Dept. of Commerce
NOAA National Weather Service
1325 East West Highway
Silver Spring, MD 20910
E-mail: w-nws.webmaster@noaa.gov
Page last modified: May 16, 2007
NATIONAL WEATHER SERVICE: for Safety, for Work, for Fun - FOR LIFE