551
CDUS46 KBOI 190931
CLIBKE


CLIMATE REPORT
NATIONAL WEATHER SERVICE BOISE ID
331 AM MDT SAT APR 19 2014


...................................

...THE BAKER OR CLIMATE SUMMARY FOR APRIL 18 2014...

CLIMATE NORMAL PERIOD 1981 TO 2010
CLIMATE RECORD PERIOD 1948 TO 2014


WEATHER ITEM   OBSERVED TIME   RECORD YEAR NORMAL DEPARTURE LAST
                VALUE   (LST)  VALUE       VALUE  FROM      YEAR
                                                  NORMAL
..................................................................
TEMPERATURE (F)
 YESTERDAY
  MAXIMUM         58    317 PM  85    1962  58      0       56
  MINIMUM         28   1159 PM  15    1977  29     -1       17
  AVERAGE         43                        44     -1       37

PRECIPITATION (IN)
  YESTERDAY        0.00          0.47 1984   0.03  -0.03     0.00
  MONTH TO DATE    0.15                      0.46  -0.31     0.31
  SINCE OCT 1      4.05                      5.17  -1.12     4.07
  SINCE JAN 1      2.88                      2.66   0.22     1.89

DEGREE DAYS
 HEATING
  YESTERDAY       22                        21      1       28
  MONTH TO DATE  373                       409    -36      430
  SINCE MAR 1   1128                      1257   -129     1259
  SINCE JUL 1   6654                      6777   -123     6651

 COOLING
  YESTERDAY        0                         0      0        0
  MONTH TO DATE    0                         0      0        0
  SINCE MAR 1      0                         0      0        0
  SINCE JAN 1      0                         0      0        0
..................................................................


WIND (MPH)
  RESULTANT WIND SPEED   2   RESULTANT WIND DIRECTION   N (10)
  HIGHEST WIND SPEED    14   HIGHEST WIND DIRECTION     N (360)
  HIGHEST GUST SPEED    17   HIGHEST GUST DIRECTION     N (360)
  AVERAGE WIND SPEED     5.3


SKY COVER
  AVERAGE SKY COVER 0.1


WEATHER CONDITIONS
 THE FOLLOWING WEATHER WAS RECORDED YESTERDAY.
  HAZE


RELATIVE HUMIDITY (PERCENT)
 HIGHEST    92           100 AM
 LOWEST     22           200 PM
 AVERAGE    57

..........................................................


THE BAKER OR CLIMATE NORMALS FOR TODAY
                         NORMAL    RECORD    YEAR
 MAXIMUM TEMPERATURE (F)   59        78      1980
 MINIMUM TEMPERATURE (F)   29        17      2011


SUNRISE AND SUNSET
APRIL 19 2014.........SUNRISE   600 AM PDT   SUNSET   742 PM PDT
APRIL 20 2014.........SUNRISE   558 AM PDT   SUNSET   743 PM PDT


-  INDICATES NEGATIVE NUMBERS.
R  INDICATES RECORD WAS SET OR TIED.
MM INDICATES DATA IS MISSING.
T  INDICATES TRACE AMOUNT.




$$





U.S. Dept. of Commerce
NOAA National Weather Service
1325 East West Highway
Silver Spring, MD 20910
E-mail: w-nws.webmaster@noaa.gov
Page last modified: May 16, 2007
NATIONAL WEATHER SERVICE: for Safety, for Work, for Fun - FOR LIFE