473
CDUS46 KBOI 220931
CLIBKE


CLIMATE REPORT
NATIONAL WEATHER SERVICE BOISE ID
331 AM MDT MON SEP 22 2014


...................................

...THE BAKER OR CLIMATE SUMMARY FOR SEPTEMBER 21 2014...

CLIMATE NORMAL PERIOD 1981 TO 2010
CLIMATE RECORD PERIOD 1948 TO 2014


WEATHER ITEM   OBSERVED TIME   RECORD YEAR NORMAL DEPARTURE LAST
                VALUE   (LST)  VALUE       VALUE  FROM      YEAR
                                                  NORMAL
..................................................................
TEMPERATURE (F)
 YESTERDAY
  MAXIMUM         88    312 PM  92    1966  73     15       66
  MINIMUM         37    459 AM  22    1983  35      2       39
  AVERAGE         63                        54      9       53

PRECIPITATION (IN)
  YESTERDAY        0.00          0.09 1972   0.02  -0.02      T
  MONTH TO DATE    T                         0.40  -0.40     0.72
  SINCE OCT 1      6.79                      9.98  -3.19     9.05
  SINCE JAN 1      5.62                      7.47  -1.85     6.87

DEGREE DAYS
 HEATING
  YESTERDAY        2                        11     -9       12
  MONTH TO DATE  148                       170    -22       90
  SINCE SEP 1    148                       170    -22       90
  SINCE JUL 1    225                       321    -96      122

 COOLING
  YESTERDAY        0                         0      0        0
  MONTH TO DATE   11                         7      4       28
  SINCE SEP 1     11                         7      4       28
  SINCE JAN 1    246                       167     79      258
..................................................................


WIND (MPH)
  RESULTANT WIND SPEED   4   RESULTANT WIND DIRECTION  SE (130)
  HIGHEST WIND SPEED    23   HIGHEST WIND DIRECTION    SE (130)
  HIGHEST GUST SPEED    30   HIGHEST GUST DIRECTION    SE (120)
  AVERAGE WIND SPEED     4.9


SKY COVER
  AVERAGE SKY COVER 0.0


WEATHER CONDITIONS
 THE FOLLOWING WEATHER WAS RECORDED YESTERDAY.
  NO SIGNIFICANT WEATHER WAS OBSERVED.


RELATIVE HUMIDITY (PERCENT)
 HIGHEST    92           400 AM
 LOWEST     19           200 PM
 AVERAGE    56

..........................................................


THE BAKER OR CLIMATE NORMALS FOR TODAY
                         NORMAL    RECORD    YEAR
 MAXIMUM TEMPERATURE (F)   72        92      1966
 MINIMUM TEMPERATURE (F)   34        20      1961


SUNRISE AND SUNSET
SEPTEMBER 22 2014.....SUNRISE   638 AM PDT   SUNSET   649 PM PDT
SEPTEMBER 23 2014.....SUNRISE   640 AM PDT   SUNSET   647 PM PDT


-  INDICATES NEGATIVE NUMBERS.
R  INDICATES RECORD WAS SET OR TIED.
MM INDICATES DATA IS MISSING.
T  INDICATES TRACE AMOUNT.




$$





U.S. Dept. of Commerce
NOAA National Weather Service
1325 East West Highway
Silver Spring, MD 20910
E-mail: w-nws.webmaster@noaa.gov
Page last modified: May 16, 2007
NATIONAL WEATHER SERVICE: for Safety, for Work, for Fun - FOR LIFE