549
CDUS46 KBOI 240933
CLIBKE


CLIMATE REPORT
NATIONAL WEATHER SERVICE BOISE ID
332 AM MDT THU JUL 24 2014


...................................

...THE BAKER OR CLIMATE SUMMARY FOR JULY 23 2014...

CLIMATE NORMAL PERIOD 1981 TO 2010
CLIMATE RECORD PERIOD 1948 TO 2014


WEATHER ITEM   OBSERVED TIME   RECORD YEAR NORMAL DEPARTURE LAST
                VALUE   (LST)  VALUE       VALUE  FROM      YEAR
                                                  NORMAL
..................................................................
TEMPERATURE (F)
 YESTERDAY
  MAXIMUM         87    328 PM 101    2006  86      1       93
  MINIMUM         49    404 AM  36    2011  47      2       41
  AVERAGE         68                        67      1       67

PRECIPITATION (IN)
  YESTERDAY        0.00          0.63 1994   0.02  -0.02     0.00
  MONTH TO DATE    0.05                      0.51  -0.46     0.05
  SINCE OCT 1      6.09                      8.73  -2.64     7.86
  SINCE JAN 1      4.92                      6.22  -1.30     5.68

DEGREE DAYS
 HEATING
  YESTERDAY        0                         1     -1        0
  MONTH TO DATE    0                        59    -59       15
  SINCE JUN 1    233                       285    -52      211
  SINCE JUL 1      0                        59    -59       15

 COOLING
  YESTERDAY        3                         3      0        2
  MONTH TO DATE  122                        50     72       74
  SINCE JUN 1    122                        66     56      101
  SINCE JAN 1    122                        68     54      105
..................................................................


WIND (MPH)
  RESULTANT WIND SPEED   3   RESULTANT WIND DIRECTION  NW (300)
  HIGHEST WIND SPEED    35   HIGHEST WIND DIRECTION    NW (330)
  HIGHEST GUST SPEED    43   HIGHEST GUST DIRECTION    NW (330)
  AVERAGE WIND SPEED    12.5


SKY COVER
  AVERAGE SKY COVER 0.1


WEATHER CONDITIONS
 THE FOLLOWING WEATHER WAS RECORDED YESTERDAY.
  FOG
  FOG W/VISIBILITY <= 1/4 MILE


RELATIVE HUMIDITY (PERCENT)
 HIGHEST    96           500 AM
 LOWEST     17           300 PM
 AVERAGE    57

..........................................................


THE BAKER OR CLIMATE NORMALS FOR TODAY
                         NORMAL    RECORD    YEAR
 MAXIMUM TEMPERATURE (F)   86        98      1978
 MINIMUM TEMPERATURE (F)   47        37      2012
                                             2008


SUNRISE AND SUNSET
JULY 24 2014..........SUNRISE   528 AM PDT   SUNSET   826 PM PDT
JULY 25 2014..........SUNRISE   529 AM PDT   SUNSET   825 PM PDT


-  INDICATES NEGATIVE NUMBERS.
R  INDICATES RECORD WAS SET OR TIED.
MM INDICATES DATA IS MISSING.
T  INDICATES TRACE AMOUNT.




$$





U.S. Dept. of Commerce
NOAA National Weather Service
1325 East West Highway
Silver Spring, MD 20910
E-mail: w-nws.webmaster@noaa.gov
Page last modified: May 16, 2007
NATIONAL WEATHER SERVICE: for Safety, for Work, for Fun - FOR LIFE