782
CDUS46 KBOI 260931
CLIBKE


CLIMATE REPORT
NATIONAL WEATHER SERVICE BOISE ID
231 AM MST WED NOV 26 2014


...................................

...THE BAKER OR CLIMATE SUMMARY FOR NOVEMBER 25 2014...

CLIMATE NORMAL PERIOD 1981 TO 2010
CLIMATE RECORD PERIOD 1948 TO 2014


WEATHER ITEM   OBSERVED TIME   RECORD YEAR NORMAL DEPARTURE LAST
                VALUE   (LST)  VALUE       VALUE  FROM      YEAR
                                                  NORMAL
..................................................................
TEMPERATURE (F)
 YESTERDAY
  MAXIMUM         51    418 PM  58    1949  39     12       49
  MINIMUM         32    554 AM  -9    1993  20     12       14
  AVERAGE         42                        29     13       32

PRECIPITATION (IN)
  YESTERDAY        0.01          0.29 2001   0.03  -0.02     0.00
  MONTH TO DATE    0.46                      0.74  -0.28     0.36
  SINCE OCT 1      0.69                      1.37  -0.68     0.53
  SINCE JAN 1      6.69                      8.99  -2.30     8.30

DEGREE DAYS
 HEATING
  YESTERDAY       23                        36    -13       33
  MONTH TO DATE  887                       775    112      762
  SINCE SEP 1   1586                      1703   -117     1721
  SINCE JUL 1   1663                      1854   -191     1753

 COOLING
  YESTERDAY        0                         0      0        0
  MONTH TO DATE    0                         0      0        0
  SINCE SEP 1     15                         9      6       28
  SINCE JAN 1    250                       169     81      258
..................................................................


WIND (MPH)
  RESULTANT WIND SPEED   4   RESULTANT WIND DIRECTION  SE (120)
  HIGHEST WIND SPEED    12   HIGHEST WIND DIRECTION     E (100)
  HIGHEST GUST SPEED    13   HIGHEST GUST DIRECTION     E (110)
  AVERAGE WIND SPEED     4.1


SKY COVER
  AVERAGE SKY COVER 0.7


WEATHER CONDITIONS
 THE FOLLOWING WEATHER WAS RECORDED YESTERDAY.
  LIGHT RAIN
  FOG


RELATIVE HUMIDITY (PERCENT)
 HIGHEST   100           700 AM
 LOWEST     76           500 PM
 AVERAGE    88

..........................................................


THE BAKER OR CLIMATE NORMALS FOR TODAY
                         NORMAL    RECORD    YEAR
 MAXIMUM TEMPERATURE (F)   39        58      1950
 MINIMUM TEMPERATURE (F)   20        -8      1993


SUNRISE AND SUNSET
NOVEMBER 26 2014......SUNRISE   703 AM PST   SUNSET   414 PM PST
NOVEMBER 27 2014......SUNRISE   704 AM PST   SUNSET   413 PM PST


-  INDICATES NEGATIVE NUMBERS.
R  INDICATES RECORD WAS SET OR TIED.
MM INDICATES DATA IS MISSING.
T  INDICATES TRACE AMOUNT.




$$





U.S. Dept. of Commerce
NOAA National Weather Service
1325 East West Highway
Silver Spring, MD 20910
E-mail: w-nws.webmaster@noaa.gov
Page last modified: May 16, 2007
NATIONAL WEATHER SERVICE: for Safety, for Work, for Fun - FOR LIFE