936
CDUS46 KBOI 010931
CLIBKE


CLIMATE REPORT
NATIONAL WEATHER SERVICE BOISE ID
330 AM MDT FRI AUG 1 2014


...................................

...THE BAKER OR CLIMATE SUMMARY FOR JULY 31 2014...

CLIMATE NORMAL PERIOD 1981 TO 2010
CLIMATE RECORD PERIOD 1948 TO 2014


WEATHER ITEM   OBSERVED TIME   RECORD YEAR NORMAL DEPARTURE LAST
                VALUE   (LST)  VALUE       VALUE  FROM      YEAR
                                                  NORMAL
..................................................................
TEMPERATURE (F)
 YESTERDAY
  MAXIMUM         91   1125 AM 100    1959  87      4       87
  MINIMUM         50    435 AM  38    1954  47      3       44
  AVERAGE         71                        67      4       66

PRECIPITATION (IN)
  YESTERDAY        T             0.26 1994   0.02  -0.02     0.00
  MONTH TO DATE    0.05                      0.65  -0.60     0.05
  SINCE OCT 1      6.09                      8.87  -2.78     7.86
  SINCE JAN 1      4.92                      6.36  -1.44     5.68

DEGREE DAYS
 HEATING
  YESTERDAY        0                         1     -1        0
  MONTH TO DATE   13                        67    -54       21
  SINCE JUN 1    246                       296    -50      217
  SINCE JUL 1     13                        70    -57       21

 COOLING
  YESTERDAY        6                         3      3        1
  MONTH TO DATE  165                        75     90      102
  SINCE JUN 1    165                        91     74      129
  SINCE JAN 1    165                        93     72      133
..................................................................


WIND (MPH)
  RESULTANT WIND SPEED   2   RESULTANT WIND DIRECTION   W (280)
  HIGHEST WIND SPEED    21   HIGHEST WIND DIRECTION     W (260)
  HIGHEST GUST SPEED    32   HIGHEST GUST DIRECTION    NW (310)
  AVERAGE WIND SPEED     3.7


SKY COVER
  AVERAGE SKY COVER 0.1


WEATHER CONDITIONS
 THE FOLLOWING WEATHER WAS RECORDED YESTERDAY.
  LIGHT RAIN


RELATIVE HUMIDITY (PERCENT)
 HIGHEST    89           400 AM
 LOWEST     22          1100 AM
 AVERAGE    56

..........................................................


THE BAKER OR CLIMATE NORMALS FOR TODAY
                         NORMAL    RECORD    YEAR
 MAXIMUM TEMPERATURE (F)   87       102      1961
 MINIMUM TEMPERATURE (F)   47        32      2002


SUNRISE AND SUNSET
AUGUST  1 2014........SUNRISE   537 AM PDT   SUNSET   817 PM PDT
AUGUST  2 2014........SUNRISE   538 AM PDT   SUNSET   816 PM PDT


-  INDICATES NEGATIVE NUMBERS.
R  INDICATES RECORD WAS SET OR TIED.
MM INDICATES DATA IS MISSING.
T  INDICATES TRACE AMOUNT.




$$





U.S. Dept. of Commerce
NOAA National Weather Service
1325 East West Highway
Silver Spring, MD 20910
E-mail: w-nws.webmaster@noaa.gov
Page last modified: May 16, 2007
NATIONAL WEATHER SERVICE: for Safety, for Work, for Fun - FOR LIFE