551
CDUS43 KBIS 210726
CLIBIS


CLIMATE REPORT
NATIONAL WEATHER SERVICE BISMARCK ND
226 AM CDT THU AUG 21 2014


...................................

...THE BISMARCK ND CLIMATE SUMMARY FOR AUGUST 20 2014...

CLIMATE NORMAL PERIOD 1981 TO 2010
CLIMATE RECORD PERIOD 1875 TO 2014


WEATHER ITEM   OBSERVED TIME   RECORD YEAR NORMAL DEPARTURE LAST
                VALUE   (LST)  VALUE       VALUE  FROM      YEAR
                                                  NORMAL
..................................................................
TEMPERATURE (F)
 YESTERDAY
  MAXIMUM         85    115 PM 102    2013  83      2      102
  MINIMUM         62    559 AM  34    1907  55      7       59
  AVERAGE         74                        69      5       81

PRECIPITATION (IN)
  YESTERDAY        0.26          2.00 1879   0.07   0.19     0.00
  MONTH TO DATE    3.09                      1.53   1.56     0.29
  SINCE JUN 1      6.84                      7.59  -0.75     4.63
  SINCE JAN 1     11.03                     13.06  -2.03    15.23

SNOWFALL (IN)
  YESTERDAY        0.0           0.0  2002   0.0    0.0      0.0
                                      2001
  MONTH TO DATE    0.0                       0.0    0.0      0.0
  SINCE JUN 1      0.0                       0.0    0.0      0.0
  SINCE JUL 1      0.0                       0.0    0.0      0.0
  SNOW DEPTH       0

DEGREE DAYS
 HEATING
  YESTERDAY        0                         1     -1        0
  MONTH TO DATE    0                        17    -17        6
  SINCE JUN 1    122                       127     -5      114
  SINCE JUL 1     28                        34     -6       28

 COOLING
  YESTERDAY        9                         5      4       16
  MONTH TO DATE  134                       130      4       76
  SINCE JUN 1    335                       417    -82      345
  SINCE JAN 1    386                       434    -48      357
..................................................................


WIND (MPH)
  HIGHEST WIND SPEED    16   HIGHEST WIND DIRECTION     E (70)
  HIGHEST GUST SPEED    19   HIGHEST GUST DIRECTION     E (90)
  AVERAGE WIND SPEED     8.0


SKY COVER
  POSSIBLE SUNSHINE  MM
  AVERAGE SKY COVER 0.4


WEATHER CONDITIONS
 THE FOLLOWING WEATHER WAS RECORDED YESTERDAY.
  THUNDERSTORM
  HEAVY RAIN
  RAIN
  LIGHT RAIN
  FOG


RELATIVE HUMIDITY (PERCENT)
 HIGHEST   100          1100 PM
 LOWEST     62           100 PM
 AVERAGE    81

..........................................................


THE BISMARCK ND CLIMATE NORMALS FOR TODAY
                         NORMAL    RECORD    YEAR
 MAXIMUM TEMPERATURE (F)   83       105      1947
 MINIMUM TEMPERATURE (F)   55        38      1920


SUNRISE AND SUNSET
AUGUST 21 2014........SUNRISE   649 AM CDT   SUNSET   843 PM CDT
AUGUST 22 2014........SUNRISE   650 AM CDT   SUNSET   841 PM CDT


-  INDICATES NEGATIVE NUMBERS.
R  INDICATES RECORD WAS SET OR TIED.
MM INDICATES DATA IS MISSING.
T  INDICATES TRACE AMOUNT.




$$





U.S. Dept. of Commerce
NOAA National Weather Service
1325 East West Highway
Silver Spring, MD 20910
E-mail: w-nws.webmaster@noaa.gov
Page last modified: May 16, 2007
NATIONAL WEATHER SERVICE: for Safety, for Work, for Fun - FOR LIFE