028
CDUS43 KBIS 290725
CLIBIS


CLIMATE REPORT
NATIONAL WEATHER SERVICE BISMARCK ND
224 AM CDT TUE JUL 29 2014


...................................

...THE BISMARCK ND CLIMATE SUMMARY FOR JULY 28 2014...

CLIMATE NORMAL PERIOD 1981 TO 2010
CLIMATE RECORD PERIOD 1875 TO 2014


WEATHER ITEM   OBSERVED TIME   RECORD YEAR NORMAL DEPARTURE LAST
                VALUE   (LST)  VALUE       VALUE  FROM      YEAR
                                                  NORMAL
..................................................................
TEMPERATURE (F)
 YESTERDAY
  MAXIMUM         77    451 PM 107    1917  86     -9       77
  MINIMUM         44    601 AM  41    1976  58    -14       44
  AVERAGE         61                        72    -11       61

PRECIPITATION (IN)
  YESTERDAY        0.00          1.33 1989   0.08  -0.08     0.00
  MONTH TO DATE    0.73                      2.63  -1.90     1.37
  SINCE JUN 1      3.75                      5.80  -2.05     4.08
  SINCE JAN 1      7.94                     11.27  -3.33    14.68

SNOWFALL (IN)
  YESTERDAY        0.0           0.0  2002   0.0    0.0      0.0
                                      2001
  MONTH TO DATE    0.0                       0.0    0.0      0.0
  SINCE JUN 1      0.0                       0.0    0.0      0.0
  SINCE JUL 1      0.0                       0.0    0.0      0.0
  SNOW DEPTH       0

DEGREE DAYS
 HEATING
  YESTERDAY        4                         0      4        4
  MONTH TO DATE   28                        13     15       18
  SINCE JUN 1    122                       106     16      104
  SINCE JUL 1     28                        13     15       18

 COOLING
  YESTERDAY        0                         7     -7        0
  MONTH TO DATE  137                       179    -42      181
  SINCE JUN 1    190                       262    -72      265
  SINCE JAN 1    241                       279    -38      277
..................................................................


WIND (MPH)
  HIGHEST WIND SPEED    13   HIGHEST WIND DIRECTION     N (340)
  HIGHEST GUST SPEED    17   HIGHEST GUST DIRECTION    NW (320)
  AVERAGE WIND SPEED     3.5


SKY COVER
  POSSIBLE SUNSHINE  MM
  AVERAGE SKY COVER 0.1


WEATHER CONDITIONS
 THE FOLLOWING WEATHER WAS RECORDED YESTERDAY.
  FOG


RELATIVE HUMIDITY (PERCENT)
 HIGHEST   100           100 AM
 LOWEST     38           200 PM
 AVERAGE    69

..........................................................


THE BISMARCK ND CLIMATE NORMALS FOR TODAY
                         NORMAL    RECORD    YEAR
 MAXIMUM TEMPERATURE (F)   86       104      1999
                                             1975
 MINIMUM TEMPERATURE (F)   58        41      1899


SUNRISE AND SUNSET
JULY 29 2014..........SUNRISE   620 AM CDT   SUNSET   919 PM CDT
JULY 30 2014..........SUNRISE   621 AM CDT   SUNSET   917 PM CDT


-  INDICATES NEGATIVE NUMBERS.
R  INDICATES RECORD WAS SET OR TIED.
MM INDICATES DATA IS MISSING.
T  INDICATES TRACE AMOUNT.




$$






U.S. Dept. of Commerce
NOAA National Weather Service
1325 East West Highway
Silver Spring, MD 20910
E-mail: w-nws.webmaster@noaa.gov
Page last modified: May 16, 2007
NATIONAL WEATHER SERVICE: for Safety, for Work, for Fun - FOR LIFE