852
CDUS43 KBIS 260724
CLIBIS


CLIMATE REPORT
NATIONAL WEATHER SERVICE BISMARCK ND
223 AM CDT SAT JUL 26 2014


...................................

...THE BISMARCK ND CLIMATE SUMMARY FOR JULY 25 2014...

CLIMATE NORMAL PERIOD 1981 TO 2010
CLIMATE RECORD PERIOD 1875 TO 2014


WEATHER ITEM   OBSERVED TIME   RECORD YEAR NORMAL DEPARTURE LAST
                VALUE   (LST)  VALUE       VALUE  FROM      YEAR
                                                  NORMAL
..................................................................
TEMPERATURE (F)
 YESTERDAY
  MAXIMUM         84    505 PM 106    1931  86     -2       78
  MINIMUM         59   1146 PM  42    1911  58      1       57
  AVERAGE         72                        72      0       68

PRECIPITATION (IN)
  YESTERDAY        0.00          1.32 1940   0.08  -0.08     0.12
  MONTH TO DATE    0.73                      2.38  -1.65     1.37
  SINCE JUN 1      3.75                      5.55  -1.80     4.08
  SINCE JAN 1      7.94                     11.02  -3.08    14.68

SNOWFALL (IN)
  YESTERDAY        0.0           0.0  2002   0.0    0.0      0.0
                                      2001
  MONTH TO DATE    0.0                       0.0    0.0      0.0
  SINCE JUN 1      0.0                       0.0    0.0      0.0
  SINCE JUL 1      0.0                       0.0    0.0      0.0
  SNOW DEPTH       0

DEGREE DAYS
 HEATING
  YESTERDAY        0                         0      0        0
  MONTH TO DATE   21                        13      8        1
  SINCE JUN 1    115                       106      9       87
  SINCE JUL 1     21                        13      8        1

 COOLING
  YESTERDAY        7                         7      0        3
  MONTH TO DATE  135                       158    -23      181
  SINCE JUN 1    188                       241    -53      265
  SINCE JAN 1    239                       258    -19      277
..................................................................


WIND (MPH)
  HIGHEST WIND SPEED    23   HIGHEST WIND DIRECTION    NW (320)
  HIGHEST GUST SPEED    33   HIGHEST GUST DIRECTION    NW (310)
  AVERAGE WIND SPEED     8.9


SKY COVER
  POSSIBLE SUNSHINE  MM
  AVERAGE SKY COVER 0.1


WEATHER CONDITIONS
 THE FOLLOWING WEATHER WAS RECORDED YESTERDAY.
  NO SIGNIFICANT WEATHER WAS OBSERVED.


RELATIVE HUMIDITY (PERCENT)
 HIGHEST    93           500 AM
 LOWEST     28           200 PM
 AVERAGE    61

..........................................................


THE BISMARCK ND CLIMATE NORMALS FOR TODAY
                         NORMAL    RECORD    YEAR
 MAXIMUM TEMPERATURE (F)   86       106      1929
 MINIMUM TEMPERATURE (F)   58        39      1971


SUNRISE AND SUNSET
JULY 26 2014..........SUNRISE   616 AM CDT   SUNSET   922 PM CDT
JULY 27 2014..........SUNRISE   617 AM CDT   SUNSET   921 PM CDT


-  INDICATES NEGATIVE NUMBERS.
R  INDICATES RECORD WAS SET OR TIED.
MM INDICATES DATA IS MISSING.
T  INDICATES TRACE AMOUNT.




$$





U.S. Dept. of Commerce
NOAA National Weather Service
1325 East West Highway
Silver Spring, MD 20910
E-mail: w-nws.webmaster@noaa.gov
Page last modified: May 16, 2007
NATIONAL WEATHER SERVICE: for Safety, for Work, for Fun - FOR LIFE