872
CDUS43 KBIS 310735
CLIBIS


CLIMATE REPORT
NATIONAL WEATHER SERVICE BISMARCK ND
235 AM CDT FRI OCT 31 2014


...................................

...THE BISMARCK ND CLIMATE SUMMARY FOR OCTOBER 30 2014...

CLIMATE NORMAL PERIOD 1981 TO 2010
CLIMATE RECORD PERIOD 1875 TO 2014


WEATHER ITEM   OBSERVED TIME   RECORD YEAR NORMAL DEPARTURE LAST
                VALUE   (LST)  VALUE       VALUE  FROM      YEAR
                                                  NORMAL
..................................................................
TEMPERATURE (F)
 YESTERDAY
  MAXIMUM         38    251 AM  84    1950  50    -12       40
  MINIMUM         20   1157 PM -10    1991  27     -7       29
  AVERAGE         29                        38     -9       35

PRECIPITATION (IN)
  YESTERDAY        0.00          1.30 1900   0.04  -0.04     0.00
  MONTH TO DATE    0.15                      1.22  -1.07     4.73
  SINCE SEP 1      0.52                      2.81  -2.29     9.09
  SINCE JAN 1     13.21                     16.62  -3.41    25.40

SNOWFALL (IN)
  YESTERDAY        0.0           2.5  1971   0.1   -0.1      0.0
  MONTH TO DATE    0.0                       2.0   -2.0      1.0
  SINCE SEP 1      0.0                       2.2   -2.2      1.0
  SINCE JUL 1      0.0                       2.2   -2.2      1.0
  SNOW DEPTH       0

DEGREE DAYS
 HEATING
  YESTERDAY       36                        27      9       30
  MONTH TO DATE  488                       598   -110      679
  SINCE SEP 1    676                       829   -153      782
  SINCE JUL 1    738                       884   -146      810

 COOLING
  YESTERDAY        0                         0      0        0
  MONTH TO DATE    0                         0      0        0
  SINCE SEP 1     51                        38     13       75
  SINCE JAN 1    457                       519    -62      555
..................................................................


WIND (MPH)
  HIGHEST WIND SPEED    16   HIGHEST WIND DIRECTION    NE (30)
  HIGHEST GUST SPEED    23   HIGHEST GUST DIRECTION     N (340)
  AVERAGE WIND SPEED     7.9


SKY COVER
  POSSIBLE SUNSHINE  MM
  AVERAGE SKY COVER 0.5


WEATHER CONDITIONS
 THE FOLLOWING WEATHER WAS RECORDED YESTERDAY.
  NO SIGNIFICANT WEATHER WAS OBSERVED.


RELATIVE HUMIDITY (PERCENT)
 HIGHEST   100          1200 AM
 LOWEST     63           800 PM
 AVERAGE    82

..........................................................


THE BISMARCK ND CLIMATE NORMALS FOR TODAY
                         NORMAL    RECORD    YEAR
 MAXIMUM TEMPERATURE (F)   49        77      1999
 MINIMUM TEMPERATURE (F)   26       -10      1991


SUNRISE AND SUNSET
OCTOBER 31 2014.......SUNRISE   824 AM CDT   SUNSET   629 PM CDT
NOVEMBER  1 2014......SUNRISE   825 AM CDT   SUNSET   627 PM CDT


-  INDICATES NEGATIVE NUMBERS.
R  INDICATES RECORD WAS SET OR TIED.
MM INDICATES DATA IS MISSING.
T  INDICATES TRACE AMOUNT.




$$





U.S. Dept. of Commerce
NOAA National Weather Service
1325 East West Highway
Silver Spring, MD 20910
E-mail: w-nws.webmaster@noaa.gov
Page last modified: May 16, 2007
NATIONAL WEATHER SERVICE: for Safety, for Work, for Fun - FOR LIFE