542
CDUS43 KBIS 230717
CLIBIS


CLIMATE REPORT
NATIONAL WEATHER SERVICE BISMARCK ND
217 AM CDT THU OCT 23 2014


...................................

...THE BISMARCK ND CLIMATE SUMMARY FOR OCTOBER 22 2014...

CLIMATE NORMAL PERIOD 1981 TO 2010
CLIMATE RECORD PERIOD 1875 TO 2014


WEATHER ITEM   OBSERVED TIME   RECORD YEAR NORMAL DEPARTURE LAST
                VALUE   (LST)  VALUE       VALUE  FROM      YEAR
                                                  NORMAL
..................................................................
TEMPERATURE (F)
 YESTERDAY
  MAXIMUM         70    330 PM  81    1992  55     15       37
                                      1963
  MINIMUM         39   1117 PM   8    1936  30      9       32
  AVERAGE         55                        42     13       35

PRECIPITATION (IN)
  YESTERDAY        T             0.43 1957   0.04  -0.04     0.04
  MONTH TO DATE    0.07                      0.93  -0.86     4.68
  SINCE SEP 1      0.44                      2.52  -2.08     9.04
  SINCE JAN 1     13.13                     16.33  -3.20    25.35

SNOWFALL (IN)
  YESTERDAY        0.0           1.0  1950   0.1   -0.1      0.2
  MONTH TO DATE    0.0                       1.0   -1.0      1.0
  SINCE SEP 1      0.0                       1.2   -1.2      1.0
  SINCE JUL 1      0.0                       1.2   -1.2      1.0
  SNOW DEPTH       0

DEGREE DAYS
 HEATING
  YESTERDAY       10                        23    -13       30
  MONTH TO DATE  336                       398    -62      437
  SINCE SEP 1    524                       629   -105      540
  SINCE JUL 1    586                       684    -98      568

 COOLING
  YESTERDAY        0                         0      0        0
  MONTH TO DATE    0                         0      0        0
  SINCE SEP 1     51                        38     13       75
  SINCE JAN 1    457                       519    -62      555
..................................................................


WIND (MPH)
  HIGHEST WIND SPEED    23   HIGHEST WIND DIRECTION     S (170)
  HIGHEST GUST SPEED    30   HIGHEST GUST DIRECTION     S (180)
  AVERAGE WIND SPEED    10.2


SKY COVER
  POSSIBLE SUNSHINE  MM
  AVERAGE SKY COVER 0.1


WEATHER CONDITIONS
 THE FOLLOWING WEATHER WAS RECORDED YESTERDAY.
  LIGHT RAIN


RELATIVE HUMIDITY (PERCENT)
 HIGHEST    77           500 AM
 LOWEST     31           400 PM
 AVERAGE    54

..........................................................


THE BISMARCK ND CLIMATE NORMALS FOR TODAY
                         NORMAL    RECORD    YEAR
 MAXIMUM TEMPERATURE (F)   54        76      1998
 MINIMUM TEMPERATURE (F)   30        12      1895


SUNRISE AND SUNSET
OCTOBER 23 2014.......SUNRISE   812 AM CDT   SUNSET   642 PM CDT
OCTOBER 24 2014.......SUNRISE   814 AM CDT   SUNSET   640 PM CDT


-  INDICATES NEGATIVE NUMBERS.
R  INDICATES RECORD WAS SET OR TIED.
MM INDICATES DATA IS MISSING.
T  INDICATES TRACE AMOUNT.




$$





U.S. Dept. of Commerce
NOAA National Weather Service
1325 East West Highway
Silver Spring, MD 20910
E-mail: w-nws.webmaster@noaa.gov
Page last modified: May 16, 2007
NATIONAL WEATHER SERVICE: for Safety, for Work, for Fun - FOR LIFE