275
CDUS43 KBIS 160743
CLIBIS


CLIMATE REPORT
NATIONAL WEATHER SERVICE BISMARCK ND
241 AM CDT TUE SEP 16 2014


...................................

...THE BISMARCK ND CLIMATE SUMMARY FOR SEPTEMBER 15 2014...

CLIMATE NORMAL PERIOD 1981 TO 2010
CLIMATE RECORD PERIOD 1875 TO 2014


WEATHER ITEM   OBSERVED TIME   RECORD YEAR NORMAL DEPARTURE LAST
                VALUE   (LST)  VALUE       VALUE  FROM      YEAR
                                                  NORMAL
..................................................................
TEMPERATURE (F)
 YESTERDAY
  MAXIMUM         69    445 PM 103    1948  72     -3       65
  MINIMUM         31    557 AM  24    1916  45    -14       46
  AVERAGE         50                        59     -9       56

PRECIPITATION (IN)
  YESTERDAY        0.00          4.31 1994   0.05  -0.05     0.00
  MONTH TO DATE    0.23                      0.87  -0.64     3.87
  SINCE SEP 1      0.23                      0.87  -0.64     3.87
  SINCE JAN 1     12.92                     14.68  -1.76    20.18

SNOWFALL (IN)
  YESTERDAY        0.0           0.0  2002   0.0    0.0      0.0
                                      2001
  MONTH TO DATE    0.0                       0.0    0.0      0.0
  SINCE SEP 1      0.0                       0.0    0.0      0.0
  SINCE JUL 1      0.0                       0.0    0.0      0.0
  SNOW DEPTH       0

DEGREE DAYS
 HEATING
  YESTERDAY       15                         7      8        9
  MONTH TO DATE  129                        76     53       18
  SINCE SEP 1    129                        76     53       18
  SINCE JUL 1    191                       131     60       46

 COOLING
  YESTERDAY        0                         1     -1        0
  MONTH TO DATE    7                        30    -23       67
  SINCE SEP 1      7                        30    -23       67
  SINCE JAN 1    413                       511    -98      547
..................................................................


WIND (MPH)
  HIGHEST WIND SPEED    16   HIGHEST WIND DIRECTION     W (260)
  HIGHEST GUST SPEED    20   HIGHEST GUST DIRECTION     W (260)
  AVERAGE WIND SPEED     5.4


SKY COVER
  POSSIBLE SUNSHINE  MM
  AVERAGE SKY COVER 0.1


WEATHER CONDITIONS
 THE FOLLOWING WEATHER WAS RECORDED YESTERDAY.
  FOG


RELATIVE HUMIDITY (PERCENT)
 HIGHEST   100           200 AM
 LOWEST     26           400 PM
 AVERAGE    63

..........................................................


THE BISMARCK ND CLIMATE NORMALS FOR TODAY
                         NORMAL    RECORD    YEAR
 MAXIMUM TEMPERATURE (F)   72        95      1908
 MINIMUM TEMPERATURE (F)   45        26      1973


SUNRISE AND SUNSET
SEPTEMBER 16 2014.....SUNRISE   722 AM CDT   SUNSET   753 PM CDT
SEPTEMBER 17 2014.....SUNRISE   723 AM CDT   SUNSET   751 PM CDT


-  INDICATES NEGATIVE NUMBERS.
R  INDICATES RECORD WAS SET OR TIED.
MM INDICATES DATA IS MISSING.
T  INDICATES TRACE AMOUNT.




$$





U.S. Dept. of Commerce
NOAA National Weather Service
1325 East West Highway
Silver Spring, MD 20910
E-mail: w-nws.webmaster@noaa.gov
Page last modified: May 16, 2007
NATIONAL WEATHER SERVICE: for Safety, for Work, for Fun - FOR LIFE