872
CDUS43 KBIS 230726
CLIBIS


CLIMATE REPORT
NATIONAL WEATHER SERVICE BISMARCK ND
226 AM CDT WED APR 23 2014


...................................

...THE BISMARCK ND CLIMATE SUMMARY FOR APRIL 22 2014...

CLIMATE NORMAL PERIOD 1981 TO 2010
CLIMATE RECORD PERIOD 1875 TO 2014


WEATHER ITEM   OBSERVED TIME   RECORD YEAR NORMAL DEPARTURE LAST
                VALUE   (LST)  VALUE       VALUE  FROM      YEAR
                                                  NORMAL
..................................................................
TEMPERATURE (F)
 YESTERDAY
  MAXIMUM         72    302 PM  89    1990  60     12       34
  MINIMUM         28    401 AM  14    1909  33     -5       22
  AVERAGE         50                        47      3       28

PRECIPITATION (IN)
  YESTERDAY        0.00          0.79 1904   0.05  -0.05     0.00
  MONTH TO DATE    0.25                      0.84  -0.59     1.42
  SINCE MAR 1      1.07                      1.71  -0.64     2.25
  SINCE JAN 1      1.64                      2.65  -1.01     2.84

SNOWFALL (IN)
  YESTERDAY        0.0           1.6  1904   0.1   -0.1      0.0
  MONTH TO DATE    3.9                       3.6    0.3     21.5
  SINCE MAR 1     15.0                      12.7    2.3     28.4
  SINCE JUL 1     40.2                      50.2  -10.0     57.0
  SNOW DEPTH       0

DEGREE DAYS
 HEATING
  YESTERDAY       15                        18     -3       37
  MONTH TO DATE  557                       504     53      741
  SINCE MAR 1   1721                      1592    129     2048
  SINCE JUL 1   8573                      8023    550     8370

 COOLING
  YESTERDAY        0                         0      0        0
  MONTH TO DATE    0                         0      0        0
  SINCE MAR 1      0                         0      0        0
  SINCE JAN 1      0                         0      0        0
..................................................................


WIND (MPH)
  HIGHEST WIND SPEED    29   HIGHEST WIND DIRECTION    SE (140)
  HIGHEST GUST SPEED    35   HIGHEST GUST DIRECTION    SE (150)
  AVERAGE WIND SPEED    14.9


SKY COVER
  POSSIBLE SUNSHINE  MM
  AVERAGE SKY COVER 0.0


WEATHER CONDITIONS
 THE FOLLOWING WEATHER WAS RECORDED YESTERDAY.
  NO SIGNIFICANT WEATHER WAS OBSERVED.


RELATIVE HUMIDITY (PERCENT)
 HIGHEST    92           600 AM
 LOWEST     22          1200 PM
 AVERAGE    57

..........................................................


THE BISMARCK ND CLIMATE NORMALS FOR TODAY
                         NORMAL    RECORD    YEAR
 MAXIMUM TEMPERATURE (F)   61        84      2012
                                             1895
 MINIMUM TEMPERATURE (F)   34        12      2013


SUNRISE AND SUNSET
APRIL 23 2014.........SUNRISE   641 AM CDT   SUNSET   842 PM CDT
APRIL 24 2014.........SUNRISE   640 AM CDT   SUNSET   844 PM CDT


-  INDICATES NEGATIVE NUMBERS.
R  INDICATES RECORD WAS SET OR TIED.
MM INDICATES DATA IS MISSING.
T  INDICATES TRACE AMOUNT.




$$





U.S. Dept. of Commerce
NOAA National Weather Service
1325 East West Highway
Silver Spring, MD 20910
E-mail: w-nws.webmaster@noaa.gov
Page last modified: May 16, 2007
NATIONAL WEATHER SERVICE: for Safety, for Work, for Fun - FOR LIFE