719
CDUS43 KBIS 250729
CLIBIS


CLIMATE REPORT
NATIONAL WEATHER SERVICE BISMARCK ND
229 AM CDT SAT OCT 25 2014


...................................

...THE BISMARCK ND CLIMATE SUMMARY FOR OCTOBER 24 2014...

CLIMATE NORMAL PERIOD 1981 TO 2010
CLIMATE RECORD PERIOD 1875 TO 2014


WEATHER ITEM   OBSERVED TIME   RECORD YEAR NORMAL DEPARTURE LAST
                VALUE   (LST)  VALUE       VALUE  FROM      YEAR
                                                  NORMAL
..................................................................
TEMPERATURE (F)
 YESTERDAY
  MAXIMUM         73    217 PM  80    1927  53     20       43
  MINIMUM         37    753 AM   7    1887  29      8       25
  AVERAGE         55                        41     14       34

PRECIPITATION (IN)
  YESTERDAY        0.00          0.78 1875   0.04  -0.04     0.00
  MONTH TO DATE    0.07                      1.00  -0.93     4.73
  SINCE SEP 1      0.44                      2.59  -2.15     9.09
  SINCE JAN 1     13.13                     16.40  -3.27    25.40

SNOWFALL (IN)
  YESTERDAY        0.0           1.5  1919   0.1   -0.1      0.0
  MONTH TO DATE    0.0                       1.2   -1.2      1.0
  SINCE SEP 1      0.0                       1.4   -1.4      1.0
  SINCE JUL 1      0.0                       1.4   -1.4      1.0
  SNOW DEPTH       0

DEGREE DAYS
 HEATING
  YESTERDAY       10                        24    -14       31
  MONTH TO DATE  357                       445    -88      498
  SINCE SEP 1    545                       676   -131      601
  SINCE JUL 1    607                       731   -124      629

 COOLING
  YESTERDAY        0                         0      0        0
  MONTH TO DATE    0                         0      0        0
  SINCE SEP 1     51                        38     13       75
  SINCE JAN 1    457                       519    -62      555
..................................................................


WIND (MPH)
  HIGHEST WIND SPEED    24   HIGHEST WIND DIRECTION     W (280)
  HIGHEST GUST SPEED    31   HIGHEST GUST DIRECTION     W (270)
  AVERAGE WIND SPEED     7.8


SKY COVER
  POSSIBLE SUNSHINE  MM
  AVERAGE SKY COVER 0.1


WEATHER CONDITIONS
 THE FOLLOWING WEATHER WAS RECORDED YESTERDAY.
  NO SIGNIFICANT WEATHER WAS OBSERVED.


RELATIVE HUMIDITY (PERCENT)
 HIGHEST    82           800 AM
 LOWEST     25           200 PM
 AVERAGE    54

..........................................................


THE BISMARCK ND CLIMATE NORMALS FOR TODAY
                         NORMAL    RECORD    YEAR
 MAXIMUM TEMPERATURE (F)   53        78      1977
 MINIMUM TEMPERATURE (F)   29         0      1919


SUNRISE AND SUNSET
OCTOBER 25 2014.......SUNRISE   815 AM CDT   SUNSET   638 PM CDT
OCTOBER 26 2014.......SUNRISE   816 AM CDT   SUNSET   637 PM CDT


-  INDICATES NEGATIVE NUMBERS.
R  INDICATES RECORD WAS SET OR TIED.
MM INDICATES DATA IS MISSING.
T  INDICATES TRACE AMOUNT.




$$





U.S. Dept. of Commerce
NOAA National Weather Service
1325 East West Highway
Silver Spring, MD 20910
E-mail: w-nws.webmaster@noaa.gov
Page last modified: May 16, 2007
NATIONAL WEATHER SERVICE: for Safety, for Work, for Fun - FOR LIFE