025
CDUS43 KBIS 170724
CLIBIS


CLIMATE REPORT
NATIONAL WEATHER SERVICE BISMARCK ND
223 AM CDT THU APR 17 2014


...................................

...THE BISMARCK ND CLIMATE SUMMARY FOR APRIL 16 2014...

CLIMATE NORMAL PERIOD 1981 TO 2010
CLIMATE RECORD PERIOD 1875 TO 2014


WEATHER ITEM   OBSERVED TIME   RECORD YEAR NORMAL DEPARTURE LAST
                VALUE   (LST)  VALUE       VALUE  FROM      YEAR
                                                  NORMAL
..................................................................
TEMPERATURE (F)
 YESTERDAY
  MAXIMUM         37    639 PM  82    1988  58    -21       33
                                      1933
                                      1906
  MINIMUM         27    452 AM  10    1953  31     -4       25
  AVERAGE         32                        44    -12       29

PRECIPITATION (IN)
  YESTERDAY        0.00          1.16 1976   0.04  -0.04      T
  MONTH TO DATE    0.25                      0.60  -0.35     1.35
  SINCE MAR 1      1.07                      1.47  -0.40     2.18
  SINCE JAN 1      1.64                      2.41  -0.77     2.77

SNOWFALL (IN)
  YESTERDAY        0.0           4.0  1917   0.2   -0.2       T
  MONTH TO DATE    3.9                       3.0    0.9     21.5
  SINCE MAR 1     15.0                      12.1    2.9     28.4
  SINCE JUL 1     40.2                      49.6   -9.4     57.0
  SNOW DEPTH       0

DEGREE DAYS
 HEATING
  YESTERDAY       33                        21     12       36
  MONTH TO DATE  461                       388     73      521
  SINCE MAR 1   1625                      1476    149     1828
  SINCE JUL 1   8477                      7907    570     8150

 COOLING
  YESTERDAY        0                         0      0        0
  MONTH TO DATE    0                         0      0        0
  SINCE MAR 1      0                         0      0        0
  SINCE JAN 1      0                         0      0        0
..................................................................


WIND (MPH)
  HIGHEST WIND SPEED    24   HIGHEST WIND DIRECTION     E (90)
  HIGHEST GUST SPEED    29   HIGHEST GUST DIRECTION     E (90)
  AVERAGE WIND SPEED    14.2


SKY COVER
  POSSIBLE SUNSHINE  MM
  AVERAGE SKY COVER 1.0


WEATHER CONDITIONS
 THE FOLLOWING WEATHER WAS RECORDED YESTERDAY.
  NO SIGNIFICANT WEATHER WAS OBSERVED.


RELATIVE HUMIDITY (PERCENT)
 HIGHEST    81           500 AM
 LOWEST     40           600 PM
 AVERAGE    61

..........................................................


THE BISMARCK ND CLIMATE NORMALS FOR TODAY
                         NORMAL    RECORD    YEAR
 MAXIMUM TEMPERATURE (F)   58        85      1915
 MINIMUM TEMPERATURE (F)   31        10      1953


SUNRISE AND SUNSET
APRIL 17 2014.........SUNRISE   652 AM CDT   SUNSET   834 PM CDT
APRIL 18 2014.........SUNRISE   650 AM CDT   SUNSET   835 PM CDT


-  INDICATES NEGATIVE NUMBERS.
R  INDICATES RECORD WAS SET OR TIED.
MM INDICATES DATA IS MISSING.
T  INDICATES TRACE AMOUNT.




$$





U.S. Dept. of Commerce
NOAA National Weather Service
1325 East West Highway
Silver Spring, MD 20910
E-mail: w-nws.webmaster@noaa.gov
Page last modified: May 16, 2007
NATIONAL WEATHER SERVICE: for Safety, for Work, for Fun - FOR LIFE