039
CDUS43 KBIS 220726
CLIBIS


CLIMATE REPORT
NATIONAL WEATHER SERVICE BISMARCK ND
126 AM CST MON DEC 22 2014


...................................

...THE BISMARCK ND CLIMATE SUMMARY FOR DECEMBER 21 2014...

CLIMATE NORMAL PERIOD 1981 TO 2010
CLIMATE RECORD PERIOD 1875 TO 2014


WEATHER ITEM   OBSERVED TIME   RECORD YEAR NORMAL DEPARTURE LAST
                VALUE   (LST)  VALUE       VALUE  FROM      YEAR
                                                  NORMAL
..................................................................
TEMPERATURE (F)
 YESTERDAY
  MAXIMUM         39    311 PM  52    1900  25     14        0
  MINIMUM         11    433 AM -34    1916   4      7      -17
  AVERAGE         25                        14     11       -8

PRECIPITATION (IN)
  YESTERDAY        0.00          0.40 1918   0.02  -0.02     0.04
                                      1884
  MONTH TO DATE    T                         0.32  -0.32     0.93
  SINCE DEC 1      T                         0.32  -0.32     0.93
  SINCE JAN 1     13.81                     17.68  -3.87    26.42

SNOWFALL (IN)
  YESTERDAY        0.0           4.0  1918   0.3   -0.3      0.5
  MONTH TO DATE    0.1                       5.9   -5.8     10.9
  SINCE DEC 1      0.1                       5.9   -5.8     10.9
  SINCE JUL 1      8.0                      17.1   -9.1     12.5
  SNOW DEPTH       T

DEGREE DAYS
 HEATING
  YESTERDAY       40                        51    -11       73
  MONTH TO DATE  901                       999    -98     1214
  SINCE DEC 1    901                       999    -98     1214
  SINCE JUL 1   2973                      2985    -12     3169

 COOLING
  YESTERDAY        0                         0      0        0
  MONTH TO DATE    0                         0      0        0
  SINCE DEC 1      0                         0      0        0
  SINCE JAN 1    457                       520    -63      555
..................................................................


WIND (MPH)
  HIGHEST WIND SPEED    15   HIGHEST WIND DIRECTION    SE (150)
  HIGHEST GUST SPEED    16   HIGHEST GUST DIRECTION    SE (150)
  AVERAGE WIND SPEED     7.3


SKY COVER
  POSSIBLE SUNSHINE  MM
  AVERAGE SKY COVER 0.3


WEATHER CONDITIONS
 THE FOLLOWING WEATHER WAS RECORDED YESTERDAY.
  FOG


RELATIVE HUMIDITY (PERCENT)
 HIGHEST   100           100 AM
 LOWEST     70           200 PM
 AVERAGE    85

..........................................................


THE BISMARCK ND CLIMATE NORMALS FOR TODAY
                         NORMAL    RECORD    YEAR
 MAXIMUM TEMPERATURE (F)   24        56      1954
 MINIMUM TEMPERATURE (F)    4       -32      1989


SUNRISE AND SUNSET
DECEMBER 22 2014......SUNRISE   825 AM CST   SUNSET   458 PM CST
DECEMBER 23 2014......SUNRISE   826 AM CST   SUNSET   458 PM CST


-  INDICATES NEGATIVE NUMBERS.
R  INDICATES RECORD WAS SET OR TIED.
MM INDICATES DATA IS MISSING.
T  INDICATES TRACE AMOUNT.




$$






U.S. Dept. of Commerce
NOAA National Weather Service
1325 East West Highway
Silver Spring, MD 20910
E-mail: w-nws.webmaster@noaa.gov
Page last modified: May 16, 2007
NATIONAL WEATHER SERVICE: for Safety, for Work, for Fun - FOR LIFE