103
CDUS45 KBYZ 220932
CLIBIL


CLIMATE REPORT
NATIONAL WEATHER SERVICE BILLINGS MT
331 AM MDT MON SEP 22 2014


...................................

...THE BILLINGS MT CLIMATE SUMMARY FOR SEPTEMBER 21 2014...

CLIMATE NORMAL PERIOD 1981 TO 2010
CLIMATE RECORD PERIOD 1934 TO 2014


WEATHER ITEM   OBSERVED TIME   RECORD YEAR NORMAL DEPARTURE LAST
                VALUE   (LST)  VALUE       VALUE  FROM      YEAR
                                                  NORMAL
..................................................................
TEMPERATURE (F)
 YESTERDAY
  MAXIMUM         78    411 PM  91    1938  70      8       86
  MINIMUM         46    603 AM  28    1995  46      0       46
  AVERAGE         62                        58      4       66

PRECIPITATION (IN)
  YESTERDAY        0.00          0.67 1991   0.05  -0.05     0.00
  MONTH TO DATE    0.41                      0.88  -0.47     2.99
  SINCE OCT 1     17.19                     13.24   3.95    13.22
  SINCE JAN 1     12.30                     10.93   1.37    11.17

SNOWFALL (IN)
  YESTERDAY        0.0           0.5  2000   0.1   -0.1      0.0
  MONTH TO DATE    T                         0.5   -0.5       T
  SINCE SEP 1      T                         0.5   -0.5       T
  SINCE JUL 1      T                         0.5   -0.5       T
  SNOW DEPTH       0

DEGREE DAYS
 HEATING
  YESTERDAY        3                         8     -5        0
  MONTH TO DATE  147                       103     44       23
  SINCE SEP 1    147                       103     44       23
  SINCE JUL 1    195                       140     55       23

 COOLING
  YESTERDAY        0                         1     -1        1
  MONTH TO DATE   30                        45    -15      103
  SINCE SEP 1     30                        45    -15      103
  SINCE JAN 1    582                       627    -45      840
..................................................................


WIND (MPH)
  HIGHEST WIND SPEED    16   HIGHEST WIND DIRECTION     E (90)
  HIGHEST GUST SPEED    24   HIGHEST GUST DIRECTION     E (100)
  AVERAGE WIND SPEED     6.2


SKY COVER
  POSSIBLE SUNSHINE  MM
  AVERAGE SKY COVER 0.2


WEATHER CONDITIONS
 THE FOLLOWING WEATHER WAS RECORDED YESTERDAY.
  NO SIGNIFICANT WEATHER WAS OBSERVED.


RELATIVE HUMIDITY (PERCENT)
 HIGHEST    71           600 AM
 LOWEST     27           300 PM
 AVERAGE    49

..........................................................


THE BILLINGS MT CLIMATE NORMALS FOR TODAY
                         NORMAL    RECORD    YEAR
 MAXIMUM TEMPERATURE (F)   70        91      1938
 MINIMUM TEMPERATURE (F)   45        25      2000


SUNRISE AND SUNSET
SEPTEMBER 22 2014.....SUNRISE   701 AM MDT   SUNSET   712 PM MDT
SEPTEMBER 23 2014.....SUNRISE   702 AM MDT   SUNSET   710 PM MDT


-  INDICATES NEGATIVE NUMBERS.
R  INDICATES RECORD WAS SET OR TIED.
MM INDICATES DATA IS MISSING.
T  INDICATES TRACE AMOUNT.





&&

...THE CLIMATE SUMMARY FOR SOUTHWEST BILLINGS FOR 21 SEPTEMBER 2014...

HIGH TEMPERATURE........................80
LOW TEMPERATURE.........................43

PRECIPITATION...........................0.00
MONTHLY PRECIPITATION TOTAL.............0.61
YEARLY PRECIPITATION TOTAL..............13.44

SNOWFALL................................0.0
MONTHLY SNOWFALL TOTAL..................0.0
TOTAL SNOWFALL SINCE JULY 1.............0.0

SNOW DEPTH AT MIDNIGHT..................0

$$






U.S. Dept. of Commerce
NOAA National Weather Service
1325 East West Highway
Silver Spring, MD 20910
E-mail: w-nws.webmaster@noaa.gov
Page last modified: May 16, 2007
NATIONAL WEATHER SERVICE: for Safety, for Work, for Fun - FOR LIFE