916
CDUS45 KBYZ 280316
CLIBIL


CLIMATE REPORT
NATIONAL WEATHER SERVICE BILLINGS MT
915 PM MDT SUN JUL 27 2014


...................................

...THE BILLINGS MT CLIMATE SUMMARY FOR JULY 27 2014...
VALID AS OF 0900 PM LOCAL TIME.

CLIMATE NORMAL PERIOD 1981 TO 2010
CLIMATE RECORD PERIOD 1934 TO 2014


WEATHER ITEM   OBSERVED RECORD YEAR NORMAL DEPARTURE LAST
                VALUE   VALUE       VALUE  FROM      YEAR
                                           NORMAL
...........................................................
TEMPERATURE (F)
 TODAY
  MAXIMUM         87    103    1947  89     -2
                               1935
  MINIMUM         53     51    1981  60     -7
                               1963
  AVERAGE         70

PRECIPITATION (IN)
  TODAY            0.00   0.81 1998   0.04  -0.04     0.01
  MONTH TO DATE    0.34               1.18  -0.84     0.52
  SINCE OCT 1     14.81              11.47   3.34     9.89
  SINCE JAN 1      9.92               9.16   0.76     7.84

...........................................................










-  INDICATES NEGATIVE NUMBERS.
R  INDICATES RECORD WAS SET OR TIED.
MM INDICATES DATA IS MISSING.
T  INDICATES TRACE AMOUNT.




$$





U.S. Dept. of Commerce
NOAA National Weather Service
1325 East West Highway
Silver Spring, MD 20910
E-mail: w-nws.webmaster@noaa.gov
Page last modified: May 16, 2007
NATIONAL WEATHER SERVICE: for Safety, for Work, for Fun - FOR LIFE