652
CDUS45 KBYZ 230934
CLIBIL


CLIMATE REPORT
NATIONAL WEATHER SERVICE BILLINGS MT
332 AM MDT THU OCT 23 2014


...................................

...THE BILLINGS MT CLIMATE SUMMARY FOR OCTOBER 22 2014...

CLIMATE NORMAL PERIOD 1981 TO 2010
CLIMATE RECORD PERIOD 1934 TO 2014


WEATHER ITEM   OBSERVED TIME   RECORD YEAR NORMAL DEPARTURE LAST
                VALUE   (LST)  VALUE       VALUE  FROM      YEAR
                                                  NORMAL
..................................................................
TEMPERATURE (F)
 YESTERDAY
  MAXIMUM         65    353 PM  80    1939  57      8       64
  MINIMUM         43    716 AM  20    2002  35      8       42
  AVERAGE         54                        46      8       53

PRECIPITATION (IN)
  YESTERDAY        0.00          0.31 1975   0.03  -0.03     0.00
  MONTH TO DATE    0.16                      0.92  -0.76     2.29
  SINCE OCT 1      0.16                      0.92  -0.76     2.29
  SINCE JAN 1     12.62                     12.27   0.35    14.10

SNOWFALL (IN)
  YESTERDAY        0.0           4.0  1955   0.2   -0.2      0.0
  MONTH TO DATE    T                         2.8   -2.8      0.3
  SINCE SEP 1      T                         3.9   -3.9      0.3
  SINCE JUL 1      T                         3.9   -3.9      0.3
  SNOW DEPTH       0

DEGREE DAYS
 HEATING
  YESTERDAY       11                        19     -8       12
  MONTH TO DATE  197                       335   -138      420
  SINCE SEP 1    390                       527   -137      534
  SINCE JUL 1    438                       564   -126      534

 COOLING
  YESTERDAY        0                         0      0        0
  MONTH TO DATE    0                         0      0        0
  SINCE SEP 1     66                        51     15      103
  SINCE JAN 1    618                       633    -15      840
..................................................................


WIND (MPH)
  HIGHEST WIND SPEED    28   HIGHEST WIND DIRECTION     W (270)
  HIGHEST GUST SPEED    35   HIGHEST GUST DIRECTION     W (280)
  AVERAGE WIND SPEED    15.0


SKY COVER
  POSSIBLE SUNSHINE  MM
  AVERAGE SKY COVER 0.0


WEATHER CONDITIONS
 THE FOLLOWING WEATHER WAS RECORDED YESTERDAY.
  NO SIGNIFICANT WEATHER WAS OBSERVED.


RELATIVE HUMIDITY (PERCENT)
 HIGHEST    53           700 AM
 LOWEST     18           300 PM
 AVERAGE    36

..........................................................


THE BILLINGS MT CLIMATE NORMALS FOR TODAY
                         NORMAL    RECORD    YEAR
 MAXIMUM TEMPERATURE (F)   57        80      1939
 MINIMUM TEMPERATURE (F)   35        19      2002


SUNRISE AND SUNSET
OCTOBER 23 2014.......SUNRISE   742 AM MDT   SUNSET   614 PM MDT
OCTOBER 24 2014.......SUNRISE   743 AM MDT   SUNSET   613 PM MDT


-  INDICATES NEGATIVE NUMBERS.
R  INDICATES RECORD WAS SET OR TIED.
MM INDICATES DATA IS MISSING.
T  INDICATES TRACE AMOUNT.





&&

...THE CLIMATE SUMMARY FOR SOUTHWEST BILLINGS FOR 22 OCTOBER 2014...

HIGH TEMPERATURE........................66
LOW TEMPERATURE.........................42

PRECIPITATION...........................0.00
MONTHLY PRECIPITATION TOTAL.............0.27
YEARLY PRECIPITATION TOTAL..............13.88

SNOWFALL................................0.0
MONTHLY SNOWFALL TOTAL..................0.0
TOTAL SNOWFALL SINCE JULY 1.............0.0

SNOW DEPTH AT MIDNIGHT..................0

$$







U.S. Dept. of Commerce
NOAA National Weather Service
1325 East West Highway
Silver Spring, MD 20910
E-mail: w-nws.webmaster@noaa.gov
Page last modified: May 16, 2007
NATIONAL WEATHER SERVICE: for Safety, for Work, for Fun - FOR LIFE