133
CDUS45 KVEF 210828
CLIBIH


CLIMATE REPORT
NATIONAL WEATHER SERVICE LAS VEGAS, NV
128 AM PDT TUE OCT 21 2014


...................................

...THE BISHOP CA CLIMATE SUMMARY FOR OCTOBER 20 2014...

CLIMATE NORMAL PERIOD 1981 TO 2010
CLIMATE RECORD PERIOD 1943 TO 2014


WEATHER ITEM   OBSERVED TIME   RECORD YEAR NORMAL DEPARTURE LAST
                VALUE   (LST)  VALUE       VALUE  FROM      YEAR
                                                  NORMAL
..................................................................
TEMPERATURE (F)
 YESTERDAY
  MAXIMUM         83    319 PM  86    2003  75      8       82
  MINIMUM         39    612 AM  25    1971  36      3       29
                                      1946
  AVERAGE         61                        55      6       56

PRECIPITATION (IN)
  YESTERDAY        0.00          0.88 1957   0.01  -0.01     0.00
  MONTH TO DATE    T                         0.18  -0.18     0.13
  SINCE OCT 1      T                         0.18  -0.18     0.13
  SINCE JAN 1      2.77                      3.74  -0.97     1.24

SNOWFALL (IN)
  YESTERDAY        0.0           0.2  1957   0.0    0.0      0.0
  MONTH TO DATE    0.0                       0.0    0.0      0.0
  SINCE SEP 1      0.0                       0.0    0.0      0.0
  SINCE JUL 1      0.0                       0.0    0.0      0.0
  SNOW DEPTH       0

DEGREE DAYS
 HEATING
  YESTERDAY        4                        10     -6        9
  MONTH TO DATE   42                       132    -90      219
  SINCE SEP 1     67                       173   -106      275
  SINCE JUL 1     67                       175   -108      275

 COOLING
  YESTERDAY        0                         0      0        0
  MONTH TO DATE   18                         7     11        0
  SINCE SEP 1    237                       126    111      172
  SINCE JAN 1   1384                      1103    281     1337
..................................................................


WIND (MPH)
  RESULTANT WIND SPEED   3   RESULTANT WIND DIRECTION   S (160)
  HIGHEST WIND SPEED    23   HIGHEST WIND DIRECTION    SE (150)
  HIGHEST GUST SPEED    29   HIGHEST GUST DIRECTION     S (160)
  AVERAGE WIND SPEED     8.0


SKY COVER
  POSSIBLE SUNSHINE  MM
  AVERAGE SKY COVER 0.0


WEATHER CONDITIONS
 THE FOLLOWING WEATHER WAS RECORDED YESTERDAY.
  NO SIGNIFICANT WEATHER WAS OBSERVED.


RELATIVE HUMIDITY (PERCENT)
 HIGHEST    65           600 AM
 LOWEST     10           300 PM
 AVERAGE    38

..........................................................


THE BISHOP CA CLIMATE NORMALS FOR TODAY
                         NORMAL    RECORD    YEAR
 MAXIMUM TEMPERATURE (F)   74        89      2003
 MINIMUM TEMPERATURE (F)   36        24      1996


SUNRISE AND SUNSET
OCTOBER 21 2014.......SUNRISE   707 AM PDT   SUNSET   608 PM PDT
OCTOBER 22 2014.......SUNRISE   708 AM PDT   SUNSET   607 PM PDT


-  INDICATES NEGATIVE NUMBERS.
R  INDICATES RECORD WAS SET OR TIED.
MM INDICATES DATA IS MISSING.
T  INDICATES TRACE AMOUNT.




$$





U.S. Dept. of Commerce
NOAA National Weather Service
1325 East West Highway
Silver Spring, MD 20910
E-mail: w-nws.webmaster@noaa.gov
Page last modified: May 16, 2007
NATIONAL WEATHER SERVICE: for Safety, for Work, for Fun - FOR LIFE