230
CDUS45 KVEF 200827
CLIBIH


CLIMATE REPORT
NATIONAL WEATHER SERVICE LAS VEGAS, NV
127 AM PDT SUN APR 20 2014


...................................

...THE BISHOP CA CLIMATE SUMMARY FOR APRIL 19 2014...

CLIMATE NORMAL PERIOD 1981 TO 2010
CLIMATE RECORD PERIOD 1943 TO 2014


WEATHER ITEM   OBSERVED TIME   RECORD YEAR NORMAL DEPARTURE LAST
                VALUE   (LST)  VALUE       VALUE  FROM      YEAR
                                                  NORMAL
..................................................................
TEMPERATURE (F)
 YESTERDAY
  MAXIMUM         81    405 PM  89    1989  74      7       78
  MINIMUM         41    524 AM  19    2007  37      4       28
  AVERAGE         61                        55      6       53

PRECIPITATION (IN)
  YESTERDAY        0.00          0.46 1964   0.01  -0.01     0.00
  MONTH TO DATE    0.07                      0.19  -0.12      T
  SINCE OCT 1      2.24                      4.24  -2.00     1.23
  SINCE JAN 1      2.02                      2.62  -0.60      T

SNOWFALL (IN)
  YESTERDAY        0.0           T    1964   0.0    0.0      0.0
  MONTH TO DATE    0.1                       0.0    0.1      0.0
  SINCE MAR 1      0.1                       0.9   -0.8      0.0
  SINCE JUL 1      0.6                       6.8   -6.2      2.8
  SNOW DEPTH       0

DEGREE DAYS
 HEATING
  YESTERDAY        4                        10     -6       12
  MONTH TO DATE  136                       228    -92      188
  SINCE MAR 1    571                       744   -173      554
  SINCE JUL 1   3521                      3951   -430     3761

 COOLING
  YESTERDAY        0                         0      0        0
  MONTH TO DATE    4                         0      4        1
  SINCE MAR 1      4                         0      4        1
  SINCE JAN 1      4                         0      4        1
..................................................................


WIND (MPH)
  RESULTANT WIND SPEED   0   RESULTANT WIND DIRECTION  SE (120)
  HIGHEST WIND SPEED    29   HIGHEST WIND DIRECTION     N (20)
  HIGHEST GUST SPEED    37   HIGHEST GUST DIRECTION     N (350)
  AVERAGE WIND SPEED     5.1


SKY COVER
  POSSIBLE SUNSHINE  MM
  AVERAGE SKY COVER 0.1


WEATHER CONDITIONS
 THE FOLLOWING WEATHER WAS RECORDED YESTERDAY.
  HAZE


RELATIVE HUMIDITY (PERCENT)
 HIGHEST    70           500 AM
 LOWEST     16           200 PM
 AVERAGE    43

..........................................................


THE BISHOP CA CLIMATE NORMALS FOR TODAY
                         NORMAL    RECORD    YEAR
 MAXIMUM TEMPERATURE (F)   74        91      1950
 MINIMUM TEMPERATURE (F)   37        22      1967
                                             1966


SUNRISE AND SUNSET
APRIL 20 2014.........SUNRISE   612 AM PDT   SUNSET   733 PM PDT
APRIL 21 2014.........SUNRISE   611 AM PDT   SUNSET   734 PM PDT


-  INDICATES NEGATIVE NUMBERS.
R  INDICATES RECORD WAS SET OR TIED.
MM INDICATES DATA IS MISSING.
T  INDICATES TRACE AMOUNT.




$$





U.S. Dept. of Commerce
NOAA National Weather Service
1325 East West Highway
Silver Spring, MD 20910
E-mail: w-nws.webmaster@noaa.gov
Page last modified: May 16, 2007
NATIONAL WEATHER SERVICE: for Safety, for Work, for Fun - FOR LIFE