396
CDUS45 KVEF 310833
CLIBIH


CLIMATE REPORT
NATIONAL WEATHER SERVICE LAS VEGAS, NV
133 AM PDT THU JUL 31 2014


...................................

...THE BISHOP CA CLIMATE SUMMARY FOR JULY 30 2014...

CLIMATE NORMAL PERIOD 1981 TO 2010
CLIMATE RECORD PERIOD 1943 TO 2014


WEATHER ITEM   OBSERVED TIME   RECORD YEAR NORMAL DEPARTURE LAST
                VALUE   (LST)  VALUE       VALUE  FROM      YEAR
                                                  NORMAL
..................................................................
TEMPERATURE (F)
 YESTERDAY
  MAXIMUM         88    944 AM 105    1977  99    -11       96
  MINIMUM         59   1103 PM  47    1975  56      3       53
  AVERAGE         74                        78     -4       75

PRECIPITATION (IN)
  YESTERDAY        T             0.40 1968   0.01  -0.01     0.00
  MONTH TO DATE    T                         0.17  -0.17     0.48
  SINCE OCT 1      2.48                      4.86  -2.38     2.18
  SINCE JAN 1      2.26                      3.24  -0.98     0.95

SNOWFALL (IN)
  YESTERDAY        0.0          MM      MM   0.0    0.0      0.0
  MONTH TO DATE    0.0                       0.0    0.0      0.0
  SINCE JUN 1      0.0                       0.0    0.0      0.0
  SINCE JUL 1      0.0                       0.0    0.0      0.0
  SNOW DEPTH       0

DEGREE DAYS
 HEATING
  YESTERDAY        0                         0      0        0
  MONTH TO DATE    0                         0      0        0
  SINCE JUN 1      0                        19    -19        0
  SINCE JUL 1      0                         0      0        0

 COOLING
  YESTERDAY        9                        13     -4       10
  MONTH TO DATE  452                       373     79      442
  SINCE JUN 1    748                       587    161      772
  SINCE JAN 1    833                       655    178      858
..................................................................


WIND (MPH)
  RESULTANT WIND SPEED   4   RESULTANT WIND DIRECTION   N (340)
  HIGHEST WIND SPEED    30   HIGHEST WIND DIRECTION     N (340)
  HIGHEST GUST SPEED    37   HIGHEST GUST DIRECTION    NW (330)
  AVERAGE WIND SPEED     8.4


SKY COVER
  POSSIBLE SUNSHINE  MM
  AVERAGE SKY COVER 0.2


WEATHER CONDITIONS
 THE FOLLOWING WEATHER WAS RECORDED YESTERDAY.
  LIGHT RAIN


RELATIVE HUMIDITY (PERCENT)
 HIGHEST    78          1000 PM
 LOWEST     22           900 AM
 AVERAGE    50

..........................................................


THE BISHOP CA CLIMATE NORMALS FOR TODAY
                         NORMAL    RECORD    YEAR
 MAXIMUM TEMPERATURE (F)   99       109      2000
 MINIMUM TEMPERATURE (F)   56        47      1985


SUNRISE AND SUNSET
JULY 31 2014..........SUNRISE   557 AM PDT   SUNSET   802 PM PDT
AUGUST  1 2014........SUNRISE   558 AM PDT   SUNSET   801 PM PDT


-  INDICATES NEGATIVE NUMBERS.
R  INDICATES RECORD WAS SET OR TIED.
MM INDICATES DATA IS MISSING.
T  INDICATES TRACE AMOUNT.




$$





U.S. Dept. of Commerce
NOAA National Weather Service
1325 East West Highway
Silver Spring, MD 20910
E-mail: w-nws.webmaster@noaa.gov
Page last modified: May 16, 2007
NATIONAL WEATHER SERVICE: for Safety, for Work, for Fun - FOR LIFE