356
CDUS44 KBMX 302116
CLIBHM


CLIMATE REPORT
NATIONAL WEATHER SERVICE BIRMINGHAM, AL
413 PM CDT SAT AUG 30 2014


...................................

...THE BIRMINGHAM CLIMATE SUMMARY FOR AUGUST 30 2014...
VALID AS OF 0400 PM LOCAL TIME.

CLIMATE NORMAL PERIOD 1981 TO 2010
CLIMATE RECORD PERIOD 1895 TO 2014


WEATHER ITEM   OBSERVED TIME   RECORD YEAR NORMAL DEPARTURE LAST
                VALUE   (LST)  VALUE       VALUE  FROM      YEAR
                                                  NORMAL
..................................................................
TEMPERATURE (F)
 TODAY
  MAXIMUM         90   1130 AM 100    1995  89      1       94
                                      1951
  MINIMUM         77   1215 PM  54    1992  69      8       72
  AVERAGE         84                        79      5       83

PRECIPITATION (IN)
  TODAY            0.23          1.40 1956   0.12   0.11     0.00
  MONTH TO DATE    3.31                      3.81  -0.50     4.29
  SINCE JUN 1      9.04                     12.99  -3.95    21.75
  SINCE JAN 1     31.90                     36.96  -5.06    52.26

DEGREE DAYS
 COOLING
  TODAY           19                        14      5       18
  MONTH TO DATE  496                       470     26      403
  SINCE JUN 1   1334                      1351    -17     1240
  SINCE JAN 1   1627                      1633     -6     1505
..................................................................


WIND (MPH)
  HIGHEST WIND SPEED    21   HIGHEST WIND DIRECTION    SW (220)
  HIGHEST GUST SPEED    25   HIGHEST GUST DIRECTION    SW (220)
  AVERAGE WIND SPEED     5.0


SKY COVER
  AVERAGE SKY COVER 0.8


WEATHER CONDITIONS
 THE FOLLOWING WEATHER WAS RECORDED TODAY.
  THUNDERSTORM
  HEAVY RAIN
  RAIN
  LIGHT RAIN
  FOG


RELATIVE HUMIDITY (PERCENT)
 HIGHEST    79           400 AM
 LOWEST     58          1200 AM
 AVERAGE    69

..........................................................


THE BIRMINGHAM CLIMATE NORMALS FOR TOMORROW
                         NORMAL    RECORD    YEAR
 MAXIMUM TEMPERATURE (F)   89       100      1951
 MINIMUM TEMPERATURE (F)   69        51      1946


SUNRISE AND SUNSET
AUGUST 30 2014........SUNRISE   620 AM CDT   SUNSET   715 PM CDT
AUGUST 31 2014........SUNRISE   620 AM CDT   SUNSET   714 PM CDT


-  INDICATES NEGATIVE NUMBERS.
R  INDICATES RECORD WAS SET OR TIED.
MM INDICATES DATA IS MISSING.
T  INDICATES TRACE AMOUNT.




$$





U.S. Dept. of Commerce
NOAA National Weather Service
1325 East West Highway
Silver Spring, MD 20910
E-mail: w-nws.webmaster@noaa.gov
Page last modified: May 16, 2007
NATIONAL WEATHER SERVICE: for Safety, for Work, for Fun - FOR LIFE