406
CDUS44 KBMX 210832
CLIBHM


CLIMATE REPORT
NATIONAL WEATHER SERVICE BIRMINGHAM, AL
230 AM CST SUN DEC 21 2014


...................................

...THE BIRMINGHAM CLIMATE SUMMARY FOR DECEMBER 20 2014...

CLIMATE NORMAL PERIOD 1981 TO 2010
CLIMATE RECORD PERIOD 1895 TO 2014


WEATHER ITEM   OBSERVED TIME   RECORD YEAR NORMAL DEPARTURE LAST
                VALUE   (LST)  VALUE       VALUE  FROM      YEAR
                                                  NORMAL
..................................................................
TEMPERATURE (F)
 YESTERDAY
  MAXIMUM         50    354 PM  74    1978  55     -5       68
  MINIMUM         34    956 PM   5    1901  36     -2       53
  AVERAGE         42                        45     -3       61

PRECIPITATION (IN)
  YESTERDAY        T             3.32 1951   0.13  -0.13     0.00
  MONTH TO DATE    2.19                      3.00  -0.81     4.46
  SINCE DEC 1      2.19                      3.00  -0.81     4.46
  SINCE JAN 1     44.81                     52.27  -7.46    65.27

SNOWFALL (IN)
  YESTERDAY        0.0                       0.0    0.0      0.0
  MONTH TO DATE    0.0                       0.0    0.0      0.0
  SINCE DEC 1      0.0                       0.0    0.0      0.0
  SINCE JUL 1      0.0                       0.0    0.0      0.0
  SNOW DEPTH       0

DEGREE DAYS
 HEATING
  YESTERDAY       23                        20      3        4
  MONTH TO DATE  312                       362    -50      333
  SINCE DEC 1    312                       362    -50      333
  SINCE JUL 1    874                       820     54      861
..................................................................


WIND (MPH)
  HIGHEST WIND SPEED    10   HIGHEST WIND DIRECTION     N (360)
  HIGHEST GUST SPEED    12   HIGHEST GUST DIRECTION    NW (320)
  AVERAGE WIND SPEED     3.9


SKY COVER
  AVERAGE SKY COVER 0.8


WEATHER CONDITIONS
 THE FOLLOWING WEATHER WAS RECORDED YESTERDAY.
  LIGHT RAIN
  FOG


RELATIVE HUMIDITY (PERCENT)
 HIGHEST    96          1000 PM
 LOWEST     61           300 PM
 AVERAGE    79

..........................................................


THE BIRMINGHAM CLIMATE NORMALS FOR TODAY
                         NORMAL    RECORD    YEAR
 MAXIMUM TEMPERATURE (F)   55        74      2013
 MINIMUM TEMPERATURE (F)   35        11      1901


SUNRISE AND SUNSET
DECEMBER 21 2014......SUNRISE   647 AM CST   SUNSET   443 PM CST
DECEMBER 22 2014......SUNRISE   648 AM CST   SUNSET   443 PM CST


-  INDICATES NEGATIVE NUMBERS.
R  INDICATES RECORD WAS SET OR TIED.
MM INDICATES DATA IS MISSING.
T  INDICATES TRACE AMOUNT.




$$





U.S. Dept. of Commerce
NOAA National Weather Service
1325 East West Highway
Silver Spring, MD 20910
E-mail: w-nws.webmaster@noaa.gov
Page last modified: May 16, 2007
NATIONAL WEATHER SERVICE: for Safety, for Work, for Fun - FOR LIFE