218
CDUS44 KBMX 232108
CLIBHM


CLIMATE REPORT
NATIONAL WEATHER SERVICE BIRMINGHAM, AL
408 PM CDT THU OCT 23 2014


...................................

...THE BIRMINGHAM CLIMATE SUMMARY FOR OCTOBER 23 2014...
VALID AS OF 0400 PM LOCAL TIME.

CLIMATE NORMAL PERIOD 1981 TO 2010
CLIMATE RECORD PERIOD 1895 TO 2014


WEATHER ITEM   OBSERVED TIME   RECORD YEAR NORMAL DEPARTURE LAST
                VALUE   (LST)  VALUE       VALUE  FROM      YEAR
                                                  NORMAL
..................................................................
TEMPERATURE (F)
 TODAY
  MAXIMUM         72    153 PM  89    1941  73     -1       64
  MINIMUM         41    606 AM  32    1937  51    -10       42
  AVERAGE         57                        62     -5       53

PRECIPITATION (IN)
  TODAY            0.00          1.93 1945   0.11  -0.11     0.00
  MONTH TO DATE    3.30                      2.53   0.77     1.38
  SINCE SEP 1      4.94                      6.43  -1.49     3.85
  SINCE JAN 1     37.80                     43.51  -5.71    56.11

SNOWFALL (IN)
  TODAY            0.0                       0.0    0.0      0.0
  MONTH TO DATE    0.0                       0.0    0.0      0.0
  SINCE SEP 1      0.0                       0.0    0.0      0.0
  SINCE JUL 1      0.0                       0.0    0.0      0.0
  SNOW DEPTH       0

DEGREE DAYS

 COOLING
  TODAY            0                         2     -2        0
  MONTH TO DATE  111                        76     35       97
  SINCE SEP 1    487                       376    111      415
  SINCE JAN 1   2127                      2026    101     1940
..................................................................


WIND (MPH)
  HIGHEST WIND SPEED    12   HIGHEST WIND DIRECTION    NE (60)
  HIGHEST GUST SPEED    18   HIGHEST GUST DIRECTION     E (70)
  AVERAGE WIND SPEED     4.2


SKY COVER
  AVERAGE SKY COVER 0.3


WEATHER CONDITIONS
 THE FOLLOWING WEATHER WAS RECORDED TODAY.
  NO SIGNIFICANT WEATHER WAS OBSERVED.


RELATIVE HUMIDITY (PERCENT)
 HIGHEST    89           300 AM
 LOWEST     31           100 PM
 AVERAGE    60

..........................................................


THE BIRMINGHAM CLIMATE NORMALS FOR TOMORROW
                         NORMAL    RECORD    YEAR
 MAXIMUM TEMPERATURE (F)   73        86      1927
 MINIMUM TEMPERATURE (F)   50        30      1937


SUNRISE AND SUNSET
OCTOBER 23 2014.......SUNRISE   658 AM CDT   SUNSET   604 PM CDT
OCTOBER 24 2014.......SUNRISE   659 AM CDT   SUNSET   603 PM CDT


-  INDICATES NEGATIVE NUMBERS.
R  INDICATES RECORD WAS SET OR TIED.
MM INDICATES DATA IS MISSING.
T  INDICATES TRACE AMOUNT.




$$





U.S. Dept. of Commerce
NOAA National Weather Service
1325 East West Highway
Silver Spring, MD 20910
E-mail: w-nws.webmaster@noaa.gov
Page last modified: May 16, 2007
NATIONAL WEATHER SERVICE: for Safety, for Work, for Fun - FOR LIFE