351
CDUS44 KBMX 180932
CLIBHM


CLIMATE REPORT
NATIONAL WEATHER SERVICE BIRMINGHAM, AL
431 AM CDT FRI APR 18 2014


...................................

...THE BIRMINGHAM CLIMATE SUMMARY FOR APRIL 17 2014...

CLIMATE NORMAL PERIOD 1981 TO 2010
CLIMATE RECORD PERIOD 1895 TO 2014


WEATHER ITEM   OBSERVED TIME   RECORD YEAR NORMAL DEPARTURE LAST
                VALUE   (LST)  VALUE       VALUE  FROM      YEAR
                                                  NORMAL
..................................................................
TEMPERATURE (F)
 YESTERDAY
  MAXIMUM         70    307 PM  90    1955  75     -5       86
                                      1896
  MINIMUM         47    602 AM  33    1986  51     -4       68
                                      1949
                                      1905
  AVERAGE         59                        63     -4       77

PRECIPITATION (IN)
  YESTERDAY        0.00          2.80 1900   0.15  -0.15     0.00
  MONTH TO DATE    6.37                      2.56   3.81     2.52
  SINCE MAR 1     11.09                      7.79   3.30     7.71
  SINCE JAN 1     18.02                     17.16   0.86    22.30

SNOWFALL (IN)
  YESTERDAY        0.0                       0.0    0.0      0.0
  MONTH TO DATE    0.0                       0.2   -0.2      0.0
  SINCE MAR 1      0.0                       0.8   -0.8       T
  SINCE JUL 1      5.0                       1.6    3.4      2.1
  SNOW DEPTH       0

DEGREE DAYS
 HEATING
  YESTERDAY        6                         4      2        0
  MONTH TO DATE   89                       100    -11       81
  SINCE MAR 1    462                       422     40      548
  SINCE JUL 1   2960                      2612    348     2546

 COOLING
  YESTERDAY        0                         2     -2       12
  MONTH TO DATE   21                        27     -6       50
  SINCE MAR 1     21                        45    -24       51
  SINCE JAN 1     24                        49    -25       57
..................................................................


WIND (MPH)
  HIGHEST WIND SPEED    15   HIGHEST WIND DIRECTION     E (110)
  HIGHEST GUST SPEED    22   HIGHEST GUST DIRECTION    SE (120)
  AVERAGE WIND SPEED     7.8


SKY COVER
  AVERAGE SKY COVER 0.6


WEATHER CONDITIONS
 THE FOLLOWING WEATHER WAS RECORDED YESTERDAY.
  NO SIGNIFICANT WEATHER WAS OBSERVED.


RELATIVE HUMIDITY (PERCENT)
 HIGHEST    65           500 AM
 LOWEST     37           300 PM
 AVERAGE    51

..........................................................


THE BIRMINGHAM CLIMATE NORMALS FOR TODAY
                         NORMAL    RECORD    YEAR
 MAXIMUM TEMPERATURE (F)   75        91      2006
 MINIMUM TEMPERATURE (F)   51        31      1983


SUNRISE AND SUNSET
APRIL 18 2014.........SUNRISE   613 AM CDT   SUNSET   720 PM CDT
APRIL 19 2014.........SUNRISE   612 AM CDT   SUNSET   721 PM CDT


-  INDICATES NEGATIVE NUMBERS.
R  INDICATES RECORD WAS SET OR TIED.
MM INDICATES DATA IS MISSING.
T  INDICATES TRACE AMOUNT.




$$





U.S. Dept. of Commerce
NOAA National Weather Service
1325 East West Highway
Silver Spring, MD 20910
E-mail: w-nws.webmaster@noaa.gov
Page last modified: May 16, 2007
NATIONAL WEATHER SERVICE: for Safety, for Work, for Fun - FOR LIFE