299
CDUS44 KBMX 200956
CLIBHM


CLIMATE REPORT
NATIONAL WEATHER SERVICE BIRMINGHAM, AL
456 AM CDT MON OCT 20 2014


...................................

...THE BIRMINGHAM CLIMATE SUMMARY FOR OCTOBER 19 2014...

CLIMATE NORMAL PERIOD 1981 TO 2010
CLIMATE RECORD PERIOD 1895 TO 2014


WEATHER ITEM   OBSERVED TIME   RECORD YEAR NORMAL DEPARTURE LAST
                VALUE   (LST)  VALUE       VALUE  FROM      YEAR
                                                  NORMAL
..................................................................
TEMPERATURE (F)
 YESTERDAY
  MAXIMUM         73    209 PM  88    1938  74     -1       70
                                      1926
  MINIMUM         45    543 AM  29    1948  52     -7       48
  AVERAGE         59                        63     -4       59

PRECIPITATION (IN)
  YESTERDAY        0.00          2.53 1970   0.11  -0.11     0.02
  MONTH TO DATE    3.30                      2.10   1.20     1.38
  SINCE SEP 1      4.94                      6.00  -1.06     3.85
  SINCE JAN 1     37.80                     43.08  -5.28    56.11

SNOWFALL (IN)
  YESTERDAY        0.0                       0.0    0.0      0.0
  MONTH TO DATE    0.0                       0.0    0.0      0.0
  SINCE SEP 1      0.0                       0.0    0.0      0.0
  SINCE JUL 1      0.0                       0.0    0.0      0.0
  SNOW DEPTH       0

DEGREE DAYS
 HEATING
  YESTERDAY        6                         4      2        6
  MONTH TO DATE   27                        50    -23       14
  SINCE SEP 1     27                        59    -32       14
  SINCE JUL 1     27                        59    -32       14

 COOLING
  YESTERDAY        0                         2     -2        0
  MONTH TO DATE  111                        68     43       97
  SINCE SEP 1    487                       368    119      415
  SINCE JAN 1   2127                      2018    109     1940
..................................................................


WIND (MPH)
  HIGHEST WIND SPEED    10   HIGHEST WIND DIRECTION    NW (320)
  HIGHEST GUST SPEED    17   HIGHEST GUST DIRECTION    NE (60)
  AVERAGE WIND SPEED     3.2


SKY COVER
  AVERAGE SKY COVER 0.3


WEATHER CONDITIONS
 THE FOLLOWING WEATHER WAS RECORDED YESTERDAY.
  NO SIGNIFICANT WEATHER WAS OBSERVED.


RELATIVE HUMIDITY (PERCENT)
 HIGHEST    93           500 AM
 LOWEST     38           200 PM
 AVERAGE    66

..........................................................


THE BIRMINGHAM CLIMATE NORMALS FOR TODAY
                         NORMAL    RECORD    YEAR
 MAXIMUM TEMPERATURE (F)   74        88      1941
 MINIMUM TEMPERATURE (F)   51        32      1964
                                             1913


SUNRISE AND SUNSET
OCTOBER 20 2014.......SUNRISE   656 AM CDT   SUNSET   607 PM CDT
OCTOBER 21 2014.......SUNRISE   656 AM CDT   SUNSET   606 PM CDT


-  INDICATES NEGATIVE NUMBERS.
R  INDICATES RECORD WAS SET OR TIED.
MM INDICATES DATA IS MISSING.
T  INDICATES TRACE AMOUNT.




$$





U.S. Dept. of Commerce
NOAA National Weather Service
1325 East West Highway
Silver Spring, MD 20910
E-mail: w-nws.webmaster@noaa.gov
Page last modified: May 16, 2007
NATIONAL WEATHER SERVICE: for Safety, for Work, for Fun - FOR LIFE