046
CDUS44 KBMX 020019
CLIBHM


CLIMATE REPORT
NATIONAL WEATHER SERVICE BIRMINGHAM, AL
719 PM CDT MON SEP 1 2014


...................................

...THE BIRMINGHAM CLIMATE SUMMARY FOR SEPTEMBER 1 2014...
VALID TODAY AS OF 0700 PM LOCAL TIME.

CLIMATE NORMAL PERIOD 1981 TO 2010
CLIMATE RECORD PERIOD 1895 TO 2014


WEATHER ITEM   OBSERVED TIME   RECORD YEAR NORMAL DEPARTURE LAST
                VALUE   (LST)  VALUE       VALUE  FROM      YEAR
                                                  NORMAL
..................................................................
TEMPERATURE (F)
 TODAY
  MAXIMUM         93    413 PM 100    1951  89      4       92
  MINIMUM         75    500 AM  53    1946  69      6       73
  AVERAGE         84                        79      5       83

PRECIPITATION (IN)
  TODAY            0.00          2.71 1917   0.12  -0.12     0.00
  MONTH TO DATE    0.00                      0.12  -0.12     0.00
  SINCE SEP 1      0.00                      0.12  -0.12     0.00
  SINCE JAN 1     32.86                     37.20  -4.34    52.26

DEGREE DAYS
 COOLING
  TODAY           19                        14      5       18
  MONTH TO DATE   19                        14      5       18
  SINCE SEP 1     19                        14      5       18
  SINCE JAN 1   1659                      1664     -5     1543
..................................................................


WIND (MPH)
  HIGHEST WIND SPEED    13   HIGHEST WIND DIRECTION     S (190)
  HIGHEST GUST SPEED    16   HIGHEST GUST DIRECTION     S (200)
  AVERAGE WIND SPEED     3.8


SKY COVER
  AVERAGE SKY COVER 0.7


WEATHER CONDITIONS
 THE FOLLOWING WEATHER WAS RECORDED TODAY.
  NO SIGNIFICANT WEATHER WAS OBSERVED.


RELATIVE HUMIDITY (PERCENT)
 HIGHEST    82           100 AM
 LOWEST     41           400 PM
 AVERAGE    62

..........................................................


THE BIRMINGHAM CLIMATE NORMALS FOR TOMORROW
                         NORMAL    RECORD    YEAR
 MAXIMUM TEMPERATURE (F)   89        98      2011
                                             1925
                                             1907
 MINIMUM TEMPERATURE (F)   69        55      1987


SUNRISE AND SUNSET
SEPTEMBER  1 2014.....SUNRISE   621 AM CDT   SUNSET   712 PM CDT
SEPTEMBER  2 2014.....SUNRISE   622 AM CDT   SUNSET   711 PM CDT


-  INDICATES NEGATIVE NUMBERS.
R  INDICATES RECORD WAS SET OR TIED.
MM INDICATES DATA IS MISSING.
T  INDICATES TRACE AMOUNT.




$$





U.S. Dept. of Commerce
NOAA National Weather Service
1325 East West Highway
Silver Spring, MD 20910
E-mail: w-nws.webmaster@noaa.gov
Page last modified: May 16, 2007
NATIONAL WEATHER SERVICE: for Safety, for Work, for Fun - FOR LIFE