701
CDUS41 KCAR 200528
CLIBGR


CLIMATE REPORT
NATIONAL WEATHER SERVICE CARIBOU, ME
1227 AM EST SAT DEC 20 2014


...................................

...THE BANGOR ME CLIMATE SUMMARY FOR DECEMBER 19 2014...

CLIMATE NORMAL PERIOD 1981 TO 2010
CLIMATE RECORD PERIOD 1925 TO 2014


WEATHER ITEM   OBSERVED TIME   RECORD YEAR NORMAL DEPARTURE LAST
                VALUE   (LST)  VALUE       VALUE  FROM      YEAR
                                                  NORMAL
..................................................................
TEMPERATURE (F)
 YESTERDAY
  MAXIMUM         31    247 PM  56    1928  33     -2       30
  MINIMUM         18   1115 PM -16    1942  14      4        0
  AVERAGE         25                        23      2       15

PRECIPITATION (IN)
  YESTERDAY        0.00          1.48 1951   0.10  -0.10     0.00
  MONTH TO DATE    4.06                      2.31   1.75     1.14
  SINCE DEC 1      4.06                      2.31   1.75     1.14
  SINCE JAN 1     42.75                     40.76   1.99    38.27

SNOWFALL (IN)
  YESTERDAY        0.0           4.1  1969   0.5             0.0
  MONTH TO DATE    6.5                       8.0            13.6
  SINCE DEC 1      6.5                       8.0            13.6
  SINCE JUL 1     32.4                      10.4            14.3
  SNOW DEPTH       2

DEGREE DAYS
 HEATING
  YESTERDAY       40                        42     -2       50
  MONTH TO DATE  687                       721    -34      856
  SINCE DEC 1    687                       721    -34      856
  SINCE JUL 1   2271                      2390   -119     2441

 COOLING
  YESTERDAY        0                         0      0        0
  MONTH TO DATE    0                         0      0        0
  SINCE DEC 1      0                         0      0        0
  SINCE JAN 1    363                       318     45      355
..................................................................


WIND (MPH)
  RESULTANT WIND SPEED   9   RESULTANT WIND DIRECTION  NW (310)
  HIGHEST WIND SPEED    21   HIGHEST WIND DIRECTION    NW (320)
  HIGHEST GUST SPEED    24   HIGHEST GUST DIRECTION    NW (330)


SKY COVER
  POSSIBLE SUNSHINE  MM
  AVERAGE SKY COVER 0.6


WEATHER CONDITIONS
 THE FOLLOWING WEATHER WAS RECORDED YESTERDAY.
  NO SIGNIFICANT WEATHER WAS OBSERVED.


RELATIVE HUMIDITY (PERCENT)
 HIGHEST    91
 LOWEST     69
 AVERAGE    80

..........................................................


THE BANGOR ME CLIMATE NORMALS FOR TODAY
                         NORMAL    RECORD    YEAR
 MAXIMUM TEMPERATURE (F)   32        54      2002
                                             1957
 MINIMUM TEMPERATURE (F)   13       -21      1975


SUNRISE AND SUNSET
DECEMBER 20 2014......SUNRISE   709 AM EST   SUNSET   357 PM EST
DECEMBER 21 2014......SUNRISE   710 AM EST   SUNSET   357 PM EST


-  INDICATES NEGATIVE NUMBERS.
R  INDICATES RECORD WAS SET OR TIED.
MM INDICATES DATA IS MISSING.
T  INDICATES TRACE AMOUNT.




$$






U.S. Dept. of Commerce
NOAA National Weather Service
1325 East West Highway
Silver Spring, MD 20910
E-mail: w-nws.webmaster@noaa.gov
Page last modified: May 16, 2007
NATIONAL WEATHER SERVICE: for Safety, for Work, for Fun - FOR LIFE