176
CDUS41 KCAR 270532
CLIBGR


CLIMATE REPORT
NATIONAL WEATHER SERVICE CARIBOU, ME
1232 AM EST TUE JAN 27 2015


...................................

...THE BANGOR ME CLIMATE SUMMARY FOR JANUARY 26 2015...

CLIMATE NORMAL PERIOD 1981 TO 2010
CLIMATE RECORD PERIOD 1925 TO 2015


WEATHER ITEM   OBSERVED TIME   RECORD YEAR NORMAL DEPARTURE LAST
                VALUE   (LST)  VALUE       VALUE  FROM      YEAR
                                                  NORMAL
..................................................................
TEMPERATURE (F)
 YESTERDAY
  MAXIMUM         13    640 PM  57    1947  27    -14       32
  MINIMUM         -8        MM -26    2009   6    -14        5
  AVERAGE          3                        17    -14       19

PRECIPITATION (IN)
  YESTERDAY        0.00          1.51 1986   0.10  -0.10      T
  MONTH TO DATE    1.19                      2.44  -1.25     3.10
  SINCE DEC 1      6.42                      5.92   0.50     6.03
  SINCE JAN 1      1.19                      2.44  -1.25     3.10

SNOWFALL (IN)
  YESTERDAY        0.0           7.3  1988   0.6             0.6
  MONTH TO DATE   13.9                      16.2             8.7
  SINCE DEC 1     20.9                      30.6            37.3
  SINCE JUL 1     46.8                      33.0            38.0
  SNOW DEPTH       4

DEGREE DAYS
 HEATING
  YESTERDAY       62                        48     14       46
  MONTH TO DATE 1295                      1246     49     1197
  SINCE DEC 1   2406                      2498    -92     2624
  SINCE JUL 1   3990                      4167   -177     4209

 COOLING
  YESTERDAY        0                         0      0        0
  MONTH TO DATE    0                         0      0        0
  SINCE DEC 1      0                         0      0        0
  SINCE JAN 1      0                         0      0        0
..................................................................


WIND (MPH)
  RESULTANT WIND SPEED   4   RESULTANT WIND DIRECTION   N (0)
  HIGHEST WIND SPEED    21   HIGHEST WIND DIRECTION     N (20)
  HIGHEST GUST SPEED    25   HIGHEST GUST DIRECTION     N (20)


SKY COVER
  POSSIBLE SUNSHINE  MM
  AVERAGE SKY COVER 0.6


WEATHER CONDITIONS
 THE FOLLOWING WEATHER WAS RECORDED YESTERDAY.
  HAZE


RELATIVE HUMIDITY (PERCENT)
 HIGHEST    83
 LOWEST     46
 AVERAGE    65

..........................................................


THE BANGOR ME CLIMATE NORMALS FOR TODAY
                         NORMAL    RECORD    YEAR
 MAXIMUM TEMPERATURE (F)   27        57      1974
 MINIMUM TEMPERATURE (F)    6       -21      1994


SUNRISE AND SUNSET
JANUARY 27 2015.......SUNRISE   700 AM EST   SUNSET   436 PM EST
JANUARY 28 2015.......SUNRISE   659 AM EST   SUNSET   438 PM EST


-  INDICATES NEGATIVE NUMBERS.
R  INDICATES RECORD WAS SET OR TIED.
MM INDICATES DATA IS MISSING.
T  INDICATES TRACE AMOUNT.




$$





U.S. Dept. of Commerce
NOAA National Weather Service
1325 East West Highway
Silver Spring, MD 20910
E-mail: w-nws.webmaster@noaa.gov
Page last modified: May 16, 2007
NATIONAL WEATHER SERVICE: for Safety, for Work, for Fun - FOR LIFE