074
CDUS41 KCAR 250528
CLIBGR


CLIMATE REPORT
NATIONAL WEATHER SERVICE CARIBOU, ME
128 AM EDT FRI APR 25 2014


...................................

...THE BANGOR ME CLIMATE SUMMARY FOR APRIL 24 2014...

CLIMATE NORMAL PERIOD 1981 TO 2010
CLIMATE RECORD PERIOD 1925 TO 2014


WEATHER ITEM   OBSERVED TIME   RECORD YEAR NORMAL DEPARTURE LAST
                VALUE   (LST)  VALUE       VALUE  FROM      YEAR
                                                  NORMAL
..................................................................
TEMPERATURE (F)
 YESTERDAY
  MAXIMUM         47    406 PM  79    1942  57    -10       53
  MINIMUM         37   1127 PM  22    1944  35      2       41
  AVERAGE         42                        46     -4       47

PRECIPITATION (IN)
  YESTERDAY        0.01          2.49 1983   0.11  -0.10     0.09
  MONTH TO DATE    1.99                      2.90  -0.91     1.68
  SINCE MAR 1      5.64                      6.28  -0.64     3.73
  SINCE JAN 1     10.81                     11.69  -0.88     6.64

SNOWFALL (IN)
  YESTERDAY        T             5.5  1974   0.1             0.0
  MONTH TO DATE    1.1                       3.6             1.1
  SINCE MAR 1     16.8                      15.3            14.8
  SINCE JUL 1     80.0                      66.0            74.3
  SNOW DEPTH       0

DEGREE DAYS
 HEATING
  YESTERDAY       23                        19      4       18
  MONTH TO DATE  565                       569     -4      619
  SINCE MAR 1   1869                      1646    223     1622
  SINCE JUL 1   7621                      7292    329     6999

 COOLING
  YESTERDAY        0                         0      0        0
  MONTH TO DATE    0                         0      0        0
  SINCE MAR 1      0                         0      0        0
  SINCE JAN 1      0                         0      0        0
..................................................................


WIND (MPH)
  RESULTANT WIND SPEED  17   RESULTANT WIND DIRECTION  NW (330)
  HIGHEST WIND SPEED    33   HIGHEST WIND DIRECTION     N (350)
  HIGHEST GUST SPEED    43   HIGHEST GUST DIRECTION     N (340)


SKY COVER
  POSSIBLE SUNSHINE  MM
  AVERAGE SKY COVER 1.0


WEATHER CONDITIONS
 THE FOLLOWING WEATHER WAS RECORDED YESTERDAY.
  LIGHT RAIN
  SNOW
  FOG


RELATIVE HUMIDITY (PERCENT)
 HIGHEST   100
 LOWEST     58
 AVERAGE    79

..........................................................


THE BANGOR ME CLIMATE NORMALS FOR TODAY
                         NORMAL    RECORD    YEAR
 MAXIMUM TEMPERATURE (F)   57        79      1942
 MINIMUM TEMPERATURE (F)   36        21      1965


SUNRISE AND SUNSET
APRIL 25 2014.........SUNRISE   534 AM EDT   SUNSET   733 PM EDT
APRIL 26 2014.........SUNRISE   533 AM EDT   SUNSET   734 PM EDT


-  INDICATES NEGATIVE NUMBERS.
R  INDICATES RECORD WAS SET OR TIED.
MM INDICATES DATA IS MISSING.
T  INDICATES TRACE AMOUNT.




$$





U.S. Dept. of Commerce
NOAA National Weather Service
1325 East West Highway
Silver Spring, MD 20910
E-mail: w-nws.webmaster@noaa.gov
Page last modified: May 16, 2007
NATIONAL WEATHER SERVICE: for Safety, for Work, for Fun - FOR LIFE