938
CDUS41 KCAR 290528
CLIBGR


CLIMATE REPORT
NATIONAL WEATHER SERVICE CARIBOU, ME
127 AM EDT FRI AUG 29 2014


...................................

...THE BANGOR ME CLIMATE SUMMARY FOR AUGUST 28 2014...

CLIMATE NORMAL PERIOD 1981 TO 2010
CLIMATE RECORD PERIOD 1925 TO 2014


WEATHER ITEM   OBSERVED TIME   RECORD YEAR NORMAL DEPARTURE LAST
                VALUE   (LST)  VALUE       VALUE  FROM      YEAR
                                                  NORMAL
..................................................................
TEMPERATURE (F)
 YESTERDAY
  MAXIMUM         77   1259 PM  98    1948  76      1       84
  MINIMUM         56   1121 PM  32    1940  54      2       65
  AVERAGE         67                        65      2       75

PRECIPITATION (IN)
  YESTERDAY        0.00          1.97 2011   0.09  -0.09     0.99
  MONTH TO DATE    2.81                      2.72   0.09     4.28
  SINCE JUN 1     13.18                      9.94   3.24    13.48
  SINCE JAN 1     27.59                     25.99   1.60    24.77

SNOWFALL (IN)
  YESTERDAY        0.0           0.0  2002   0.0             0.0
                                      2001
  MONTH TO DATE    0.0                       0.0             0.0
  SINCE JUN 1      0.0                       0.0             0.0
  SINCE JUL 1      0.0                       0.0             0.0
  SNOW DEPTH       0

DEGREE DAYS
 HEATING
  YESTERDAY        0                         2     -2        0
  MONTH TO DATE    8                        35    -27       17
  SINCE JUN 1     84                       165    -81      125
  SINCE JUL 1     13                        58    -45       25

 COOLING
  YESTERDAY        2                         2      0       10
  MONTH TO DATE   90                        95     -5       65
  SINCE JUN 1    309                       279     30      307
  SINCE JAN 1    309                       285     24      315
..................................................................


WIND (MPH)
  RESULTANT WIND SPEED  10   RESULTANT WIND DIRECTION  NW (320)
  HIGHEST WIND SPEED    24   HIGHEST WIND DIRECTION    NW (330)
  HIGHEST GUST SPEED    30   HIGHEST GUST DIRECTION    NW (320)


SKY COVER
  POSSIBLE SUNSHINE  MM
  AVERAGE SKY COVER 0.5


WEATHER CONDITIONS
 THE FOLLOWING WEATHER WAS RECORDED YESTERDAY.
  FOG


RELATIVE HUMIDITY (PERCENT)
 HIGHEST    90
 LOWEST     36
 AVERAGE    63

..........................................................


THE BANGOR ME CLIMATE NORMALS FOR TODAY
                         NORMAL    RECORD    YEAR
 MAXIMUM TEMPERATURE (F)   76        97      1948
 MINIMUM TEMPERATURE (F)   54        36      1940


SUNRISE AND SUNSET
AUGUST 29 2014........SUNRISE   554 AM EDT   SUNSET   718 PM EDT
AUGUST 30 2014........SUNRISE   555 AM EDT   SUNSET   716 PM EDT


-  INDICATES NEGATIVE NUMBERS.
R  INDICATES RECORD WAS SET OR TIED.
MM INDICATES DATA IS MISSING.
T  INDICATES TRACE AMOUNT.




$$





U.S. Dept. of Commerce
NOAA National Weather Service
1325 East West Highway
Silver Spring, MD 20910
E-mail: w-nws.webmaster@noaa.gov
Page last modified: May 16, 2007
NATIONAL WEATHER SERVICE: for Safety, for Work, for Fun - FOR LIFE