718
CDUS41 KBGM 280532
CLIBGM


CLIMATE REPORT
NATIONAL WEATHER SERVICE BINGHAMTON NY
131 AM EDT THU AUG 28 2014


...................................

...THE BINGHAMTON NY CLIMATE SUMMARY FOR AUGUST 27 2014...

CLIMATE NORMAL PERIOD 1981 TO 2010
CLIMATE RECORD PERIOD 1951 TO 2014


WEATHER ITEM   OBSERVED TIME   RECORD YEAR NORMAL DEPARTURE LAST
                VALUE   (LST)  VALUE       VALUE  FROM      YEAR
                                                  NORMAL
..................................................................
TEMPERATURE (F)
 YESTERDAY
  MAXIMUM         79    315 PM  89    1983  75      4       80
                                      1980
                                      1953
  MINIMUM         57   1015 AM  44    1969  57      0       63
  AVERAGE         68                        66      2       72

PRECIPITATION (IN)
  YESTERDAY        T             1.79 1987   0.11  -0.11      T
  MONTH TO DATE    5.06                      3.02   2.04     4.95
  SINCE JUN 1     13.27                     11.03   2.24    16.71
  SINCE JAN 1     28.63                     25.78   2.85    29.87

SNOWFALL (IN)
  YESTERDAY        0.0           0.0  2002   0.0    0.0      0.0
                                      2001
                                      2000
  MONTH TO DATE    0.0                       0.0    0.0      0.0
  SINCE JUN 1      T                         0.0    0.0      0.0
  SINCE JUL 1      T                         0.0    0.0      0.0
  SNOW DEPTH       0

DEGREE DAYS
 HEATING
  YESTERDAY        0                         2     -2        0
  MONTH TO DATE   31                        31      0       37
  SINCE JUN 1    101                       146    -45      138
  SINCE JUL 1     56                        55      1       51

 COOLING
  YESTERDAY        3                         3      0        7
  MONTH TO DATE   64                       100    -36       51
  SINCE JUN 1    272                       312    -40      354
  SINCE JAN 1    297                       335    -38      397
..................................................................


WIND (MPH)
  HIGHEST WIND SPEED    13   HIGHEST WIND DIRECTION     N (350)
  HIGHEST GUST SPEED    15   HIGHEST GUST DIRECTION     N (350)
  AVERAGE WIND SPEED     6.2


SKY COVER
  AVERAGE SKY COVER 0.6


WEATHER CONDITIONS
 THE FOLLOWING WEATHER WAS RECORDED YESTERDAY.
  NO SIGNIFICANT WEATHER WAS OBSERVED.


RELATIVE HUMIDITY (PERCENT)
 HIGHEST    84          1000 PM
 LOWEST     68           600 PM
 AVERAGE    76

..........................................................


THE BINGHAMTON NY CLIMATE NORMALS FOR TODAY
                         NORMAL    RECORD    YEAR
 MAXIMUM TEMPERATURE (F)   75        91      1953
 MINIMUM TEMPERATURE (F)   57        42      1982


SUNRISE AND SUNSET
AUGUST 28 2014........SUNRISE   625 AM EDT   SUNSET   744 PM EDT
AUGUST 29 2014........SUNRISE   626 AM EDT   SUNSET   743 PM EDT


-  INDICATES NEGATIVE NUMBERS.
R  INDICATES RECORD WAS SET OR TIED.
MM INDICATES DATA IS MISSING.
T  INDICATES TRACE AMOUNT.




$$






U.S. Dept. of Commerce
NOAA National Weather Service
1325 East West Highway
Silver Spring, MD 20910
E-mail: w-nws.webmaster@noaa.gov
Page last modified: May 16, 2007
NATIONAL WEATHER SERVICE: for Safety, for Work, for Fun - FOR LIFE