023
CDUS44 KAMA 010629
CLIBGD


CLIMATE REPORT
NATIONAL WEATHER SERVICE AMARILLO TX
128 AM CDT SAT NOV 1 2014


...................................

...THE BORGER CLIMATE SUMMARY FOR OCTOBER 31 2014...

CLIMATE NORMAL PERIOD 1981 TO 2013
CLIMATE RECORD PERIOD 1949 TO 2014


WEATHER ITEM   OBSERVED TIME   RECORD YEAR NORMAL DEPARTURE LAST
                VALUE   (LST)  VALUE       VALUE  FROM      YEAR
                                                  NORMAL
..................................................................
TEMPERATURE (F)
 YESTERDAY
  MAXIMUM         61    336 PM  87    2001  68     -7       66
  MINIMUM         40    740 AM  14    1991  42     -2       45
  AVERAGE         51                        55     -4       56

PRECIPITATION (IN)
  YESTERDAY        0.00          2.87 1998   0.05  -0.05     0.00
  MONTH TO DATE    0.85                      1.72  -0.87     0.26
  SINCE SEP 1      2.67                      4.10  -1.43     2.52
  SINCE JAN 1     10.41                     20.11  -9.70    14.08

SNOWFALL (IN)
  YESTERDAY        0.0           4.0  1991                   0.0
  MONTH TO DATE    0.0                                       0.0
  SINCE SEP 1      0.0                                       0.0
  SINCE JUL 1      0.0                                       0.0
  SNOW DEPTH       0

DEGREE DAYS
 HEATING
  YESTERDAY       14                        11      3        9
  MONTH TO DATE   99                       193    -94      188
  SINCE SEP 1    116                       220   -104      191
  SINCE JUL 1    117                       221   -104      191

 COOLING
  YESTERDAY        0                         0      0        0
  MONTH TO DATE   79                        50     29       58
  SINCE SEP 1    318                       285     33      409
  SINCE JAN 1   2052                      1835    217     2220
..................................................................


WIND (MPH)
  RESULTANT WIND SPEED   5   RESULTANT WIND DIRECTION   E (100)
  HIGHEST WIND SPEED    22   HIGHEST WIND DIRECTION     S (160)
  HIGHEST GUST SPEED    28   HIGHEST GUST DIRECTION     S (160)
  AVERAGE WIND SPEED     8.2


SKY COVER
  AVERAGE SKY COVER 0.0


WEATHER CONDITIONS
 THE FOLLOWING WEATHER WAS RECORDED YESTERDAY.
  NO SIGNIFICANT WEATHER WAS OBSERVED.


RELATIVE HUMIDITY (PERCENT)
 HIGHEST    65           700 AM
 LOWEST     27           300 PM
 AVERAGE    46

..........................................................


THE BORGER CLIMATE NORMALS FOR TODAY
                         NORMAL    RECORD    YEAR
 MAXIMUM TEMPERATURE (F)   68        84      1952
 MINIMUM TEMPERATURE (F)   42        18      1991


SUNRISE AND SUNSET
NOVEMBER  1 2014......SUNRISE   808 AM CDT   SUNSET   650 PM CDT
NOVEMBER  2 2014......SUNRISE   709 AM CST   SUNSET   549 PM CST


-  INDICATES NEGATIVE NUMBERS.
R  INDICATES RECORD WAS SET OR TIED.
MM INDICATES DATA IS MISSING.
T  INDICATES TRACE AMOUNT.




$$






U.S. Dept. of Commerce
NOAA National Weather Service
1325 East West Highway
Silver Spring, MD 20910
E-mail: w-nws.webmaster@noaa.gov
Page last modified: May 16, 2007
NATIONAL WEATHER SERVICE: for Safety, for Work, for Fun - FOR LIFE