580
CDUS44 KAMA 222234
CLIBGD


CLIMATE REPORT
NATIONAL WEATHER SERVICE AMARILLO TX
430 PM CST MON DEC 22 2014


...THE BORGER CLIMATE SUMMARY FOR DECEMBER 22 2014...
VALID TODAY AS OF 400 PM LOCAL TIME.

CLIMATE NORMAL PERIOD 1981 TO 2013
CLIMATE RECORD PERIOD 1949 TO 2014


WEATHER ITEM   OBSERVED TIME   RECORD YEAR NORMAL DEPARTURE LAST
                VALUE   (LST)  VALUE       VALUE  FROM      YEAR
                                                  NORMAL
..................................................................
TEMPERATURE (F)
 TODAY
  MAXIMUM         52   1203 PM  76    1955  49      3       34
  MINIMUM         41   1200 AM  -7    1989  26     15       15
  AVERAGE         47                        37     10       25

PRECIPITATION (IN)
  TODAY            T             0.57 1991   0.04  -0.04     0.00
  MONTH TO DATE    0.13                      0.46  -0.33     0.27
  SINCE DEC 1      0.13                      0.46  -0.33     0.27
  SINCE JAN 1     10.77                     21.41 -10.64    15.20

SNOWFALL (IN)
  TODAY            0.0          MM      MM                   0.0
  MONTH TO DATE    0.0                                       3.4
  SINCE DEC 1      0.0                                       3.4
  SINCE JUL 1      1.9                                       7.2
  SNOW DEPTH       0

DEGREE DAYS
 HEATING
  TODAY           18                        28    -10       40
  MONTH TO DATE  426                       570   -144      600
  SINCE DEC 1    426                       570   -144      600
  SINCE JUL 1   1111                      1287   -176     1314

 COOLING
  TODAY            0                         0      0        0
  MONTH TO DATE    0                         0      0        0
  SINCE DEC 1      0                         0      0        0
  SINCE JAN 1   2053                      1839    214     2220
..................................................................


WIND (MPH)
  RESULTANT WIND SPEED   6   RESULTANT WIND DIRECTION  NW (320)
  HIGHEST WIND SPEED    24   HIGHEST WIND DIRECTION     N (360)
  HIGHEST GUST SPEED    29   HIGHEST GUST DIRECTION    NW (320)
  AVERAGE WIND SPEED   9.3


SKY COVER
  AVERAGE SKY COVER 0.6


WEATHER CONDITIONS
 THE FOLLOWING WEATHER WAS RECORDED TODAY.
  NO SIGNIFICANT WEATHER WAS OBSERVED.


RELATIVE HUMIDITY (PERCENT)
 HIGHEST    65           700 AM
 LOWEST     34           400 PM
 AVERAGE    50

..................................................................


THE BORGER CLIMATE NORMALS FOR TOMORROW
                         NORMAL    RECORD    YEAR
 MAXIMUM TEMPERATURE (F)   49        82      1955
 MINIMUM TEMPERATURE (F)   26        -4      1989


SUNRISE AND SUNSET
DECEMBER 22 2014......SUNRISE   752 AM CST   SUNSET   536 PM CST
DECEMBER 23 2014......SUNRISE   752 AM CST   SUNSET   537 PM CST


-  INDICATES NEGATIVE NUMBERS.
R  INDICATES RECORD WAS SET OR TIED.
MM INDICATES DATA IS MISSING.
T  INDICATES TRACE AMOUNT.


$$






U.S. Dept. of Commerce
NOAA National Weather Service
1325 East West Highway
Silver Spring, MD 20910
E-mail: w-nws.webmaster@noaa.gov
Page last modified: May 16, 2007
NATIONAL WEATHER SERVICE: for Safety, for Work, for Fun - FOR LIFE