580
CDUS44 KAMA 240740
CLIBGD


CLIMATE REPORT
NATIONAL WEATHER SERVICE AMARILLO TX
139 AM CST MON NOV 24 2014


...................................

...THE BORGER CLIMATE SUMMARY FOR NOVEMBER 23 2014...

CLIMATE NORMAL PERIOD 1981 TO 2013
CLIMATE RECORD PERIOD 1949 TO 2014


WEATHER ITEM   OBSERVED TIME   RECORD YEAR NORMAL DEPARTURE LAST
                VALUE   (LST)  VALUE       VALUE  FROM      YEAR
                                                  NORMAL
..................................................................
TEMPERATURE (F)
 YESTERDAY
  MAXIMUM         56   1045 AM  79    1965  58     -2       35
  MINIMUM         34   1159 PM   8    1957  33      1       25
  AVERAGE         45                        45      0       30

PRECIPITATION (IN)
  YESTERDAY        T             1.22 2004   0.03  -0.03     0.05
  MONTH TO DATE    0.23                      0.71  -0.48     0.47
  SINCE SEP 1      2.90                      4.81  -1.91     2.99
  SINCE JAN 1     10.64                     20.82 -10.18    14.55

SNOWFALL (IN)
  YESTERDAY        0.0           5.5  2004                   0.4
  MONTH TO DATE    1.9                                       0.4
  SINCE SEP 1      1.9                                       0.4
  SINCE JUL 1      1.9                                       0.4
  SNOW DEPTH       0

DEGREE DAYS
 HEATING
  YESTERDAY       20                        20      0       35
  MONTH TO DATE  459                       347    112      346
  SINCE SEP 1    575                       567      8      537
  SINCE JUL 1    576                       568      8      537

 COOLING
  YESTERDAY        0                         0      0        0
  MONTH TO DATE    0                         0      0        0
  SINCE SEP 1    318                       285     33      409
  SINCE JAN 1   2052                      1835    217     2220
..................................................................


WIND (MPH)
  RESULTANT WIND SPEED   9   RESULTANT WIND DIRECTION  NW (330)
  HIGHEST WIND SPEED    36   HIGHEST WIND DIRECTION     N (350)
  HIGHEST GUST SPEED    46   HIGHEST GUST DIRECTION     N (350)
  AVERAGE WIND SPEED    13.9


SKY COVER
  AVERAGE SKY COVER 0.3


WEATHER CONDITIONS
 THE FOLLOWING WEATHER WAS RECORDED YESTERDAY.
  LIGHT RAIN


RELATIVE HUMIDITY (PERCENT)
 HIGHEST    86          1200 AM
 LOWEST     21           700 PM
 AVERAGE    54

..........................................................


THE BORGER CLIMATE NORMALS FOR TODAY
                         NORMAL    RECORD    YEAR
 MAXIMUM TEMPERATURE (F)   57        80      1981
 MINIMUM TEMPERATURE (F)   33        11      1950


SUNRISE AND SUNSET
NOVEMBER 24 2014......SUNRISE   730 AM CST   SUNSET   534 PM CST
NOVEMBER 25 2014......SUNRISE   731 AM CST   SUNSET   534 PM CST


-  INDICATES NEGATIVE NUMBERS.
R  INDICATES RECORD WAS SET OR TIED.
MM INDICATES DATA IS MISSING.
T  INDICATES TRACE AMOUNT.




$$






U.S. Dept. of Commerce
NOAA National Weather Service
1325 East West Highway
Silver Spring, MD 20910
E-mail: w-nws.webmaster@noaa.gov
Page last modified: May 16, 2007
NATIONAL WEATHER SERVICE: for Safety, for Work, for Fun - FOR LIFE