391
CDUS44 KAMA 210634
CLIBGD


CLIMATE REPORT
NATIONAL WEATHER SERVICE AMARILLO TX
134 AM CDT TUE OCT 21 2014


...................................

...THE BORGER CLIMATE SUMMARY FOR OCTOBER 20 2014...

CLIMATE NORMAL PERIOD 1981 TO 2013
CLIMATE RECORD PERIOD 1949 TO 2014


WEATHER ITEM   OBSERVED TIME   RECORD YEAR NORMAL DEPARTURE LAST
                VALUE   (LST)  VALUE       VALUE  FROM      YEAR
                                                  NORMAL
..................................................................
TEMPERATURE (F)
 YESTERDAY
  MAXIMUM         80    446 PM  92    2007  72      8       77
  MINIMUM         54    753 AM  27    1976  46      8       41
  AVERAGE         67                        59      8       59

PRECIPITATION (IN)
  YESTERDAY        0.00          1.18 1983   0.05  -0.05     0.00
  MONTH TO DATE    0.76                      1.24  -0.48     0.24
  SINCE SEP 1      2.58                      3.62  -1.04     2.50
  SINCE JAN 1     10.32                     19.63  -9.31    14.06

SNOWFALL (IN)
  YESTERDAY        0.0           0.0  2013                   0.0
                                      2012
                                      2011
  MONTH TO DATE    0.0                                       0.0
  SINCE SEP 1      0.0                                       0.0
  SINCE JUL 1      0.0                                       0.0
  SNOW DEPTH       0

DEGREE DAYS
 HEATING
  YESTERDAY        0                         7     -7        6
  MONTH TO DATE   60                        96    -36      114
  SINCE SEP 1     77                       123    -46      117
  SINCE JUL 1     78                       124    -46      117

 COOLING
  YESTERDAY        2                         1      1        0
  MONTH TO DATE   49                        44      5       53
  SINCE SEP 1    288                       279      9      404
  SINCE JAN 1   2022                      1829    193     2215
..................................................................


WIND (MPH)
  RESULTANT WIND SPEED   1   RESULTANT WIND DIRECTION  SE (120)
  HIGHEST WIND SPEED    12   HIGHEST WIND DIRECTION    NE (40)
  HIGHEST GUST SPEED    15   HIGHEST GUST DIRECTION     N (350)
  AVERAGE WIND SPEED     4.2


SKY COVER
  AVERAGE SKY COVER 0.1


WEATHER CONDITIONS
 THE FOLLOWING WEATHER WAS RECORDED YESTERDAY.
  FOG
  FOG W/VISIBILITY <= 1/4 MILE
  HAZE


RELATIVE HUMIDITY (PERCENT)
 HIGHEST   100           800 AM
 LOWEST     35           200 PM
 AVERAGE    68

..........................................................


THE BORGER CLIMATE NORMALS FOR TODAY
                         NORMAL    RECORD    YEAR
 MAXIMUM TEMPERATURE (F)   71        90      2012
                                             1975
 MINIMUM TEMPERATURE (F)   46        31      1996


SUNRISE AND SUNSET
OCTOBER 21 2014.......SUNRISE   757 AM CDT   SUNSET   702 PM CDT
OCTOBER 22 2014.......SUNRISE   758 AM CDT   SUNSET   701 PM CDT


-  INDICATES NEGATIVE NUMBERS.
R  INDICATES RECORD WAS SET OR TIED.
MM INDICATES DATA IS MISSING.
T  INDICATES TRACE AMOUNT.




$$





U.S. Dept. of Commerce
NOAA National Weather Service
1325 East West Highway
Silver Spring, MD 20910
E-mail: w-nws.webmaster@noaa.gov
Page last modified: May 16, 2007
NATIONAL WEATHER SERVICE: for Safety, for Work, for Fun - FOR LIFE