696
CDUS44 KAMA 260730
CLIBGD


CLIMATE REPORT
NATIONAL WEATHER SERVICE AMARILLO TX
129 AM CST WED NOV 26 2014


...................................

...THE BORGER CLIMATE SUMMARY FOR NOVEMBER 25 2014...

CLIMATE NORMAL PERIOD 1981 TO 2013
CLIMATE RECORD PERIOD 1949 TO 2014


WEATHER ITEM   OBSERVED TIME   RECORD YEAR NORMAL DEPARTURE LAST
                VALUE   (LST)  VALUE       VALUE  FROM      YEAR
                                                  NORMAL
..................................................................
TEMPERATURE (F)
 YESTERDAY
  MAXIMUM         55    504 PM  80    1995  57     -2       34
  MINIMUM         26    800 AM   8    1993  32     -6       24
  AVERAGE         41                        44     -3       29

PRECIPITATION (IN)
  YESTERDAY        0.00          0.67 1952   0.02  -0.02     0.00
  MONTH TO DATE    0.23                      0.76  -0.53     0.85
  SINCE SEP 1      2.90                      4.86  -1.96     3.37
  SINCE JAN 1     10.64                     20.87 -10.23    14.93

SNOWFALL (IN)
  YESTERDAY        0.0           7.4  1952                   0.0
  MONTH TO DATE    1.9                                       3.8
  SINCE SEP 1      1.9                                       3.8
  SINCE JUL 1      1.9                                       3.8
  SNOW DEPTH       0

DEGREE DAYS
 HEATING
  YESTERDAY       24                        20      4       36
  MONTH TO DATE  505                       387    118      418
  SINCE SEP 1    621                       607     14      609
  SINCE JUL 1    622                       608     14      609

 COOLING
  YESTERDAY        0                         0      0        0
  MONTH TO DATE    0                         0      0        0
  SINCE SEP 1    318                       285     33      409
  SINCE JAN 1   2052                      1835    217     2220
..................................................................


WIND (MPH)
  RESULTANT WIND SPEED   8   RESULTANT WIND DIRECTION   W (250)
  HIGHEST WIND SPEED    25   HIGHEST WIND DIRECTION    SW (240)
  HIGHEST GUST SPEED    33   HIGHEST GUST DIRECTION    SW (230)
  AVERAGE WIND SPEED     9.9


SKY COVER
  AVERAGE SKY COVER 0.0


WEATHER CONDITIONS
 THE FOLLOWING WEATHER WAS RECORDED YESTERDAY.
  NO SIGNIFICANT WEATHER WAS OBSERVED.


RELATIVE HUMIDITY (PERCENT)
 HIGHEST    68           700 AM
 LOWEST     15           400 PM
 AVERAGE    42

..........................................................


THE BORGER CLIMATE NORMALS FOR TODAY
                         NORMAL    RECORD    YEAR
 MAXIMUM TEMPERATURE (F)   56        80      1995
 MINIMUM TEMPERATURE (F)   32         6      1952


SUNRISE AND SUNSET
NOVEMBER 26 2014......SUNRISE   732 AM CST   SUNSET   533 PM CST
NOVEMBER 27 2014......SUNRISE   733 AM CST   SUNSET   533 PM CST


-  INDICATES NEGATIVE NUMBERS.
R  INDICATES RECORD WAS SET OR TIED.
MM INDICATES DATA IS MISSING.
T  INDICATES TRACE AMOUNT.




$$






U.S. Dept. of Commerce
NOAA National Weather Service
1325 East West Highway
Silver Spring, MD 20910
E-mail: w-nws.webmaster@noaa.gov
Page last modified: May 16, 2007
NATIONAL WEATHER SERVICE: for Safety, for Work, for Fun - FOR LIFE