226
CDUS44 KAMA 310631
CLIBGD


CLIMATE REPORT
NATIONAL WEATHER SERVICE AMARILLO TX
131 AM CDT THU JUL 31 2014


...................................

...THE BORGER CLIMATE SUMMARY FOR JULY 30 2014...

CLIMATE NORMAL PERIOD 1981 TO 2013
CLIMATE RECORD PERIOD 1949 TO 2014


WEATHER ITEM   OBSERVED TIME   RECORD YEAR NORMAL DEPARTURE LAST
                VALUE   (LST)  VALUE       VALUE  FROM      YEAR
                                                  NORMAL
..................................................................
TEMPERATURE (F)
 YESTERDAY
  MAXIMUM         78   1154 AM 106    2012  94    -16       88
  MINIMUM         65   1159 PM  56    1971  70     -5       68
  AVERAGE         72                        82    -10       78

PRECIPITATION (IN)
  YESTERDAY        0.01          3.66 1982   0.14  -0.13     0.06
  MONTH TO DATE    3.17                      2.47   0.70     2.12
  SINCE JUN 1      4.91                      5.64  -0.73     4.29
  SINCE JAN 1      7.03                     12.69  -5.66     8.76

SNOWFALL (IN)
  YESTERDAY        0.0           0.0  2013                   0.0
                                      2012
                                      2011
  MONTH TO DATE    0.0                                       0.0
  SINCE JUN 1      0.0                                       0.0
  SINCE JUL 1      0.0                                       0.0
  SNOW DEPTH       0

DEGREE DAYS
 HEATING
  YESTERDAY        0                         0      0        0
  MONTH TO DATE    1                         0      1        0
  SINCE JUN 1      4                         3      1        0
  SINCE JUL 1      1                         0      1        0

 COOLING
  YESTERDAY        7                        17    -10       13
  MONTH TO DATE  465                       505    -40      488
  SINCE JUN 1    872                       863      9      981
  SINCE JAN 1   1186                      1060    126     1269
..................................................................


WIND (MPH)
  RESULTANT WIND SPEED   4   RESULTANT WIND DIRECTION  NE (30)
  HIGHEST WIND SPEED    26   HIGHEST WIND DIRECTION     N (350)
  HIGHEST GUST SPEED    33   HIGHEST GUST DIRECTION     N (10)
  AVERAGE WIND SPEED    12.8


SKY COVER
  AVERAGE SKY COVER 0.9


WEATHER CONDITIONS
 THE FOLLOWING WEATHER WAS RECORDED YESTERDAY.
  LIGHT RAIN


RELATIVE HUMIDITY (PERCENT)
 HIGHEST    87           500 AM
 LOWEST     60           100 PM
 AVERAGE    74

..........................................................


THE BORGER CLIMATE NORMALS FOR TODAY
                         NORMAL    RECORD    YEAR
 MAXIMUM TEMPERATURE (F)   94       105      2012
 MINIMUM TEMPERATURE (F)   70        55      1971


SUNRISE AND SUNSET
JULY 31 2014..........SUNRISE   653 AM CDT   SUNSET   851 PM CDT
AUGUST  1 2014........SUNRISE   654 AM CDT   SUNSET   850 PM CDT


-  INDICATES NEGATIVE NUMBERS.
R  INDICATES RECORD WAS SET OR TIED.
MM INDICATES DATA IS MISSING.
T  INDICATES TRACE AMOUNT.




$$






U.S. Dept. of Commerce
NOAA National Weather Service
1325 East West Highway
Silver Spring, MD 20910
E-mail: w-nws.webmaster@noaa.gov
Page last modified: May 16, 2007
NATIONAL WEATHER SERVICE: for Safety, for Work, for Fun - FOR LIFE