309
CDUS44 KAMA 020630
CLIBGD


CLIMATE REPORT
NATIONAL WEATHER SERVICE AMARILLO TX
129 AM CDT TUE SEP 2 2014


...................................

...THE BORGER CLIMATE SUMMARY FOR SEPTEMBER 1 2014...

CLIMATE NORMAL PERIOD 1981 TO 2013
CLIMATE RECORD PERIOD 1949 TO 2014


WEATHER ITEM   OBSERVED TIME   RECORD YEAR NORMAL DEPARTURE LAST
                VALUE   (LST)  VALUE       VALUE  FROM      YEAR
                                                  NORMAL
..................................................................
TEMPERATURE (F)
 YESTERDAY
  MAXIMUM         93    430 PM 100    2000  89      4       87
                                      1982
  MINIMUM         66    650 AM  52    1993  65      1       72
  AVERAGE         80                        77      3       80

PRECIPITATION (IN)
  YESTERDAY        0.00          0.91 1976   0.08  -0.08      T
  MONTH TO DATE    0.00                      0.08  -0.08      T
  SINCE SEP 1      0.00                      0.08  -0.08      T
  SINCE JAN 1      7.74                     16.09  -8.35    11.56

SNOWFALL (IN)
  YESTERDAY        0.0           0.0  2013                   0.0
                                      2012
                                      2011
  MONTH TO DATE    0.0                                       0.0
  SINCE SEP 1      0.0                                       0.0
  SINCE JUL 1      0.0                                       0.0
  SNOW DEPTH       0

DEGREE DAYS
 HEATING
  YESTERDAY        0                         0      0        0
  MONTH TO DATE    0                         0      0        0
  SINCE SEP 1      0                         0      0        0
  SINCE JUL 1      1                         1      0        0

 COOLING
  YESTERDAY       15                        12      3       15
  MONTH TO DATE   15                        12      3       15
  SINCE SEP 1     15                        12      3       15
  SINCE JAN 1   1749                      1562    187     1826
..................................................................


WIND (MPH)
  RESULTANT WIND SPEED   2   RESULTANT WIND DIRECTION  NE (50)
  HIGHEST WIND SPEED    22   HIGHEST WIND DIRECTION     S (190)
  HIGHEST GUST SPEED    30   HIGHEST GUST DIRECTION     S (180)
  AVERAGE WIND SPEED     8.7


SKY COVER
  AVERAGE SKY COVER 0.0


WEATHER CONDITIONS
 THE FOLLOWING WEATHER WAS RECORDED YESTERDAY.
  NO SIGNIFICANT WEATHER WAS OBSERVED.


RELATIVE HUMIDITY (PERCENT)
 HIGHEST    73           600 AM
 LOWEST     32           400 PM
 AVERAGE    53

..........................................................


THE BORGER CLIMATE NORMALS FOR TODAY
                         NORMAL    RECORD    YEAR
 MAXIMUM TEMPERATURE (F)   89       102      2000
 MINIMUM TEMPERATURE (F)   65        48      1974


SUNRISE AND SUNSET
SEPTEMBER  2 2014.....SUNRISE   718 AM CDT   SUNSET   811 PM CDT
SEPTEMBER  3 2014.....SUNRISE   719 AM CDT   SUNSET   810 PM CDT


-  INDICATES NEGATIVE NUMBERS.
R  INDICATES RECORD WAS SET OR TIED.
MM INDICATES DATA IS MISSING.
T  INDICATES TRACE AMOUNT.




$$





U.S. Dept. of Commerce
NOAA National Weather Service
1325 East West Highway
Silver Spring, MD 20910
E-mail: w-nws.webmaster@noaa.gov
Page last modified: May 16, 2007
NATIONAL WEATHER SERVICE: for Safety, for Work, for Fun - FOR LIFE