633
CDUS44 KAMA 261514
CLIBGD


CLIMATE REPORT
NATIONAL WEATHER SERVICE AMARILLO TX
1012 AM CDT SAT JUL 26 2014


...................................

...THE BORGER CLIMATE SUMMARY FOR JULY 26 2014...
VALID AS OF 1000 AM LOCAL TIME.

CLIMATE NORMAL PERIOD 1981 TO 2013
CLIMATE RECORD PERIOD 1949 TO 2014


WEATHER ITEM   OBSERVED TIME   RECORD YEAR NORMAL DEPARTURE LAST
                VALUE   (LST)  VALUE       VALUE  FROM      YEAR
                                                  NORMAL
..................................................................
TEMPERATURE (F)
 TODAY
  MINIMUM         75    540 AM  57    2004  70      5       68
                                      1959

PRECIPITATION (IN)
  TODAY            0.00          1.56 1977   0.09  -0.09     0.00
  MONTH TO DATE    2.52                      2.01   0.51     1.91
  SINCE JUN 1      4.26                      5.18  -0.92     4.08
  SINCE JAN 1      6.38                     12.23  -5.85     8.55

SNOWFALL (IN)
  TODAY            0.0           0.0                         0.0
  MONTH TO DATE    0.0                                       0.0
  SINCE JUN 1      0.0                                       0.0
  SINCE JUL 1      0.0                                       0.0
  SNOW DEPTH       0

..................................................................


WIND (MPH)
  RESULTANT WIND SPEED   8   RESULTANT WIND DIRECTION  SW (210)
  HIGHEST WIND SPEED    22   HIGHEST WIND DIRECTION    SW (240)
  HIGHEST GUST SPEED    29   HIGHEST GUST DIRECTION    SW (240)
  AVERAGE WIND SPEED     8.5


SKY COVER
  AVERAGE SKY COVER 0.0


WEATHER CONDITIONS
 THE FOLLOWING WEATHER WAS RECORDED TODAY.
  NO SIGNIFICANT WEATHER WAS OBSERVED.


RELATIVE HUMIDITY (PERCENT)
 HIGHEST    45           700 AM
 LOWEST     29          1200 AM
 AVERAGE    37

..........................................................


THE BORGER CLIMATE NORMALS FOR TOMORROW
                         NORMAL    RECORD    YEAR
 MAXIMUM TEMPERATURE (F)   95       105      2011
 MINIMUM TEMPERATURE (F)   70        55      1994


SUNRISE AND SUNSET
JULY 26 2014..........SUNRISE   649 AM CDT   SUNSET   855 PM CDT
JULY 27 2014..........SUNRISE   650 AM CDT   SUNSET   854 PM CDT


-  INDICATES NEGATIVE NUMBERS.
R  INDICATES RECORD WAS SET OR TIED.
MM INDICATES DATA IS MISSING.
T  INDICATES TRACE AMOUNT.




$$






U.S. Dept. of Commerce
NOAA National Weather Service
1325 East West Highway
Silver Spring, MD 20910
E-mail: w-nws.webmaster@noaa.gov
Page last modified: May 16, 2007
NATIONAL WEATHER SERVICE: for Safety, for Work, for Fun - FOR LIFE