786
CDUS44 KAMA 240628
CLIBGD


CLIMATE REPORT
NATIONAL WEATHER SERVICE AMARILLO TX
126 AM CDT THU APR 24 2014


...................................

...THE BORGER CLIMATE SUMMARY FOR APRIL 23 2014...

CLIMATE NORMAL PERIOD 1981 TO 2013
CLIMATE RECORD PERIOD 1949 TO 2014


WEATHER ITEM   OBSERVED TIME   RECORD YEAR NORMAL DEPARTURE LAST
                VALUE   (LST)  VALUE       VALUE  FROM      YEAR
                                                  NORMAL
..................................................................
TEMPERATURE (F)
 YESTERDAY
  MAXIMUM         91    424 PM  96    2006  75     16       34
  MINIMUM         62    612 AM  27    2013  47     15       27
  AVERAGE         77                        61     16       31

PRECIPITATION (IN)
  YESTERDAY        0.00          0.41 1990   0.04  -0.04      T
  MONTH TO DATE    0.11                      1.28  -1.17     0.05
  SINCE MAR 1      0.18                      2.69  -2.51     0.34
  SINCE JAN 1      0.56                      3.90  -3.34     3.39

SNOWFALL (IN)
  YESTERDAY        0.0           T    2013                    T
  MONTH TO DATE    1.1                                        T
  SINCE MAR 1      2.1                                       0.3
  SINCE JUL 1     14.7                                      27.5
  SNOW DEPTH       0

DEGREE DAYS
 HEATING
  YESTERDAY        0                         6     -6       34
  MONTH TO DATE  166                       192    -26      302
  SINCE MAR 1    668                       676     -8      760
  SINCE JUL 1   3746                      3669     77     3482

 COOLING
  YESTERDAY       12                         2     10        0
  MONTH TO DATE   41                        23     18        7
  SINCE MAR 1     43                        30     13        7
  SINCE JAN 1     43                        30     13        7
..................................................................


WIND (MPH)
  RESULTANT WIND SPEED  19   RESULTANT WIND DIRECTION   S (190)
  HIGHEST WIND SPEED    33   HIGHEST WIND DIRECTION     S (180)
  HIGHEST GUST SPEED    45   HIGHEST GUST DIRECTION     S (180)
  AVERAGE WIND SPEED    19.2


SKY COVER
  AVERAGE SKY COVER 0.1


WEATHER CONDITIONS
 THE FOLLOWING WEATHER WAS RECORDED YESTERDAY.
  NO SIGNIFICANT WEATHER WAS OBSERVED.


RELATIVE HUMIDITY (PERCENT)
 HIGHEST    55          1000 PM
 LOWEST      7           600 PM
 AVERAGE    31

..........................................................


THE BORGER CLIMATE NORMALS FOR TODAY
                         NORMAL    RECORD    YEAR
 MAXIMUM TEMPERATURE (F)   75        97      2012
 MINIMUM TEMPERATURE (F)   48        24      2013


SUNRISE AND SUNSET
APRIL 24 2014.........SUNRISE   702 AM CDT   SUNSET   826 PM CDT
APRIL 25 2014.........SUNRISE   700 AM CDT   SUNSET   827 PM CDT


-  INDICATES NEGATIVE NUMBERS.
R  INDICATES RECORD WAS SET OR TIED.
MM INDICATES DATA IS MISSING.
T  INDICATES TRACE AMOUNT.




$$






U.S. Dept. of Commerce
NOAA National Weather Service
1325 East West Highway
Silver Spring, MD 20910
E-mail: w-nws.webmaster@noaa.gov
Page last modified: May 16, 2007
NATIONAL WEATHER SERVICE: for Safety, for Work, for Fun - FOR LIFE