342
CDUS44 KAMA 202141
CLIBGD


CLIMATE REPORT
NATIONAL WEATHER SERVICE AMARILLO TX
441 PM CDT SAT SEP 20 2014


...................................

...THE BORGER CLIMATE SUMMARY FOR SEPTEMBER 20 2014...
VALID TODAY AS OF 0400 PM LOCAL TIME.

CLIMATE NORMAL PERIOD 1981 TO 2013
CLIMATE RECORD PERIOD 1949 TO 2014


WEATHER ITEM   OBSERVED TIME   RECORD YEAR NORMAL DEPARTURE LAST
                VALUE   (LST)  VALUE       VALUE  FROM      YEAR
                                                  NORMAL
..................................................................
TEMPERATURE (F)
 TODAY
  MAXIMUM         86    317 PM  98    1956  82      4       73
  MINIMUM         64    611 AM  40    1991  59      5       60
  AVERAGE         75                        70      5       67

PRECIPITATION (IN)
  TODAY            0.00          3.05 1978   0.07  -0.07     0.00
  MONTH TO DATE    1.79                      1.64   0.15     2.01
  SINCE SEP 1      1.79                      1.64   0.15     2.01
  SINCE JAN 1      9.53                     17.65  -8.12    13.57

SNOWFALL (IN)
  TODAY            0.0           0.0                         0.0
  MONTH TO DATE    0.0                                       0.0
  SINCE SEP 1      0.0                                       0.0
  SINCE JUL 1      0.0                                       0.0
  SNOW DEPTH       0

DEGREE DAYS
 HEATING
  TODAY            0                         1     -1        0
  MONTH TO DATE   17                         6     11        0
  SINCE SEP 1     17                         6     11        0
  SINCE JUL 1     18                         7     11        0

 COOLING
  TODAY           10                         7      3        2
  MONTH TO DATE  170                       184    -14      284
  SINCE SEP 1    170                       184    -14      284
  SINCE JAN 1   1904                      1734    170     2095
..................................................................


WIND (MPH)
  RESULTANT WIND SPEED   4   RESULTANT WIND DIRECTION   S (190)
  HIGHEST WIND SPEED    13   HIGHEST WIND DIRECTION     S (160)
  HIGHEST GUST SPEED    17   HIGHEST GUST DIRECTION     S (170)
  AVERAGE WIND SPEED     5.6


SKY COVER
  AVERAGE SKY COVER 0.3


WEATHER CONDITIONS
 THE FOLLOWING WEATHER WAS RECORDED TODAY.
  NO SIGNIFICANT WEATHER WAS OBSERVED.


RELATIVE HUMIDITY (PERCENT)
 HIGHEST    93           700 AM
 LOWEST     48           200 PM
 AVERAGE    71

..........................................................


THE BORGER CLIMATE NORMALS FOR TOMORROW
                         NORMAL    RECORD    YEAR
 MAXIMUM TEMPERATURE (F)   82       100      1980
 MINIMUM TEMPERATURE (F)   58        33      1983


SUNRISE AND SUNSET
SEPTEMBER 20 2014.....SUNRISE   732 AM CDT   SUNSET   745 PM CDT
SEPTEMBER 21 2014.....SUNRISE   733 AM CDT   SUNSET   744 PM CDT


-  INDICATES NEGATIVE NUMBERS.
R  INDICATES RECORD WAS SET OR TIED.
MM INDICATES DATA IS MISSING.
T  INDICATES TRACE AMOUNT.




$$






U.S. Dept. of Commerce
NOAA National Weather Service
1325 East West Highway
Silver Spring, MD 20910
E-mail: w-nws.webmaster@noaa.gov
Page last modified: May 16, 2007
NATIONAL WEATHER SERVICE: for Safety, for Work, for Fun - FOR LIFE