892
CDUS44 KAMA 252244 CCA
CLIBGD


CLIMATE REPORT...CORRECTED FOR HIGH TEMPERATURE
NATIONAL WEATHER SERVICE AMARILLO TX
443 PM CST SUN JAN 25 2015


...................................

...THE BORGER CLIMATE SUMMARY FOR JANUARY 25 2015...
VALID TODAY AS OF 0400 PM LOCAL TIME.

CLIMATE NORMAL PERIOD 1981 TO 2013
CLIMATE RECORD PERIOD 1949 TO 2015


WEATHER ITEM   OBSERVED TIME   RECORD YEAR NORMAL DEPARTURE LAST
                VALUE   (LST)  VALUE       VALUE  FROM      YEAR
                                                  NORMAL
..................................................................
TEMPERATURE (F)
 TODAY
  MAXIMUM         59    434 PM  78    1952  53      5       64
  MINIMUM         35   1236 AM   6    1957  27      8       30
  AVERAGE         47                        40      7       47

PRECIPITATION (IN)
  TODAY            0.00          0.29 1962   0.03  -0.03     0.00
  MONTH TO DATE    0.87                      0.44   0.43     0.07
  SINCE DEC 1      1.01                      1.21  -0.20     0.34
  SINCE JAN 1      0.87                      0.44   0.43     0.07

SNOWFALL (IN)
  TODAY            0.0           2.7  1978                   0.0
  MONTH TO DATE    7.6                                       1.3
  SINCE DEC 1      8.0                                       4.7
  SINCE JUL 1      9.9                                       8.5
  SNOW DEPTH       1

DEGREE DAYS
 HEATING
  TODAY           18                        25     -7       18
  MONTH TO DATE  718                       666     52      619
  SINCE DEC 1   1449                      1486    -37     1462
  SINCE JUL 1   2134                      2203    -69     2176

 COOLING
  TODAY            0                         0      0        0
  MONTH TO DATE    0                         0      0        0
  SINCE DEC 1      0                         0      0        0
  SINCE JAN 1      0                         0      0        0
..................................................................


WIND (MPH)
  RESULTANT WIND SPEED  10   RESULTANT WIND DIRECTION  NW (310)
  HIGHEST WIND SPEED    20   HIGHEST WIND DIRECTION    NW (330)
  HIGHEST GUST SPEED    26   HIGHEST GUST DIRECTION    NW (320)
  AVERAGE WIND SPEED    11.4


SKY COVER
  AVERAGE SKY COVER 0.0


WEATHER CONDITIONS
 THE FOLLOWING WEATHER WAS RECORDED TODAY.
  NO SIGNIFICANT WEATHER WAS OBSERVED.


RELATIVE HUMIDITY (PERCENT)
 HIGHEST    75           100 AM
 LOWEST     36           300 PM
 AVERAGE    56

..........................................................


THE BORGER CLIMATE NORMALS FOR TOMORROW
                         NORMAL    RECORD    YEAR
 MAXIMUM TEMPERATURE (F)   53        80      1951
 MINIMUM TEMPERATURE (F)   27         4      1966


SUNRISE AND SUNSET
JANUARY 25 2015.......SUNRISE   751 AM CST   SUNSET   606 PM CST
JANUARY 26 2015.......SUNRISE   750 AM CST   SUNSET   607 PM CST


-  INDICATES NEGATIVE NUMBERS.
R  INDICATES RECORD WAS SET OR TIED.
MM INDICATES DATA IS MISSING.
T  INDICATES TRACE AMOUNT.




$$





U.S. Dept. of Commerce
NOAA National Weather Service
1325 East West Highway
Silver Spring, MD 20910
E-mail: w-nws.webmaster@noaa.gov
Page last modified: May 16, 2007
NATIONAL WEATHER SERVICE: for Safety, for Work, for Fun - FOR LIFE