440
CDUS46 KHNX 010823
CLIBFL


CLIMATE REPORT
NATIONAL WEATHER SERVICE SAN JOAQUIN VALLEY, CA
122 AM PDT WED OCT 1 2014


...................................

...THE BAKERSFIELD CLIMATE SUMMARY FOR SEPTEMBER 30 2014...

CLIMATE NORMAL PERIOD 1981 TO 2010
CLIMATE RECORD PERIOD 1889 TO 2014


WEATHER ITEM   OBSERVED TIME   RECORD YEAR NORMAL DEPARTURE
                VALUE   (LST)  VALUE       VALUE  FROM
                                                  NORMAL
...............................................................
TEMPERATURE (F)
 YESTERDAY
  MAXIMUM         84    418 PM 102    1978  86     -2
  MINIMUM         62    615 AM  40    1908  60      2
  AVERAGE         73                        73      0

PRECIPITATION (IN)
  YESTERDAY        0.00          0.37 1932   0.00   0.00
  MONTH TO DATE    0.01                      0.08  -0.07
  SINCE JUL 1      0.01                      0.12  -0.11
  SINCE JAN 1      1.35                      4.51  -3.16

SNOWFALL (IN)
  YESTERDAY        0.0
  MONTH TO DATE    0.0
  SINCE SEP 1      0.0
  SINCE JUL 1      0.0
  SNOW DEPTH       0

DEGREE DAYS
 HEATING
  YESTERDAY        0                                0
  MONTH TO DATE    0                                0
  SINCE SEP 1      0                               -2
  SINCE JUL 1      0                               -2

 COOLING
  YESTERDAY        8                                0
  MONTH TO DATE  485                              123
  SINCE SEP 1    485                              123
  SINCE JAN 1   2766                              636
...............................................................


WIND (MPH)
  HIGHEST WIND SPEED    14   HIGHEST WIND DIRECTION    NW (300)
  HIGHEST GUST SPEED    16   HIGHEST GUST DIRECTION    NW (300)
  AVERAGE WIND SPEED     4.7




RELATIVE HUMIDITY (PERCENT)
 HIGHEST    56
 LOWEST     29
 AVERAGE    43

..........................................................


THE BAKERSFIELD CLIMATE NORMALS FOR TODAY
                         NORMAL    RECORD    YEAR
 MAXIMUM TEMPERATURE (F)   86       103      1980
 MINIMUM TEMPERATURE (F)   60        37      1908


SUNRISE AND SUNSET
OCTOBER  1 2014.......SUNRISE   651 AM PDT   SUNSET   640 PM PDT
OCTOBER  2 2014.......SUNRISE   652 AM PDT   SUNSET   638 PM PDT


-  INDICATES NEGATIVE NUMBERS.
R  INDICATES RECORD WAS SET OR TIED.
MM INDICATES DATA IS MISSING.
T  INDICATES TRACE AMOUNT.




$$





U.S. Dept. of Commerce
NOAA National Weather Service
1325 East West Highway
Silver Spring, MD 20910
E-mail: w-nws.webmaster@noaa.gov
Page last modified: May 16, 2007
NATIONAL WEATHER SERVICE: for Safety, for Work, for Fun - FOR LIFE