048
CDUS46 KHNX 300821
CLIBFL


CLIMATE REPORT
NATIONAL WEATHER SERVICE SAN JOAQUIN VALLEY, CA
120 AM PDT THU OCT 30 2014


...................................

...THE BAKERSFIELD CLIMATE SUMMARY FOR OCTOBER 29 2014...

CLIMATE NORMAL PERIOD 1981 TO 2010
CLIMATE RECORD PERIOD 1889 TO 2014


WEATHER ITEM   OBSERVED TIME   RECORD YEAR NORMAL DEPARTURE
                VALUE   (LST)  VALUE       VALUE  FROM
                                                  NORMAL
...............................................................
TEMPERATURE (F)
 YESTERDAY
  MAXIMUM         79    333 PM  92    1913  74      5
  MINIMUM         53    550 AM  31    1900  51      2
  AVERAGE         66                        62      4

PRECIPITATION (IN)
  YESTERDAY        0.00          0.44 1968   0.01  -0.01
  MONTH TO DATE    0.00                      0.26  -0.26
  SINCE JUL 1      0.01                      0.38  -0.37
  SINCE JAN 1      1.35                      4.77  -3.42

SNOWFALL (IN)
  YESTERDAY        0.0
  MONTH TO DATE    0.0
  SINCE SEP 1      0.0
  SINCE JUL 1      0.0
  SNOW DEPTH       0

DEGREE DAYS
 HEATING
  YESTERDAY        0                               -4
  MONTH TO DATE   10                              -36
  SINCE SEP 1     10                              -38
  SINCE JUL 1     10                              -38

 COOLING
  YESTERDAY        1                                0
  MONTH TO DATE  210                               88
  SINCE SEP 1    695                              211
  SINCE JAN 1   2976                              724
...............................................................


WIND (MPH)
  HIGHEST WIND SPEED    12   HIGHEST WIND DIRECTION     W (290)
  HIGHEST GUST SPEED    15   HIGHEST GUST DIRECTION    NW (310)
  AVERAGE WIND SPEED     4.8




RELATIVE HUMIDITY (PERCENT)
 HIGHEST    59
 LOWEST     30
 AVERAGE    45

..........................................................


THE BAKERSFIELD CLIMATE NORMALS FOR TODAY
                         NORMAL    RECORD    YEAR
 MAXIMUM TEMPERATURE (F)   73        92      1939
 MINIMUM TEMPERATURE (F)   50        29      1971


SUNRISE AND SUNSET
OCTOBER 30 2014.......SUNRISE   716 AM PDT   SUNSET   603 PM PDT
OCTOBER 31 2014.......SUNRISE   717 AM PDT   SUNSET   602 PM PDT


-  INDICATES NEGATIVE NUMBERS.
R  INDICATES RECORD WAS SET OR TIED.
MM INDICATES DATA IS MISSING.
T  INDICATES TRACE AMOUNT.




$$





U.S. Dept. of Commerce
NOAA National Weather Service
1325 East West Highway
Silver Spring, MD 20910
E-mail: w-nws.webmaster@noaa.gov
Page last modified: May 16, 2007
NATIONAL WEATHER SERVICE: for Safety, for Work, for Fun - FOR LIFE