795
CDUS46 KHNX 010824
CLIBFL


CLIMATE REPORT
NATIONAL WEATHER SERVICE SAN JOAQUIN VALLEY, CA
121 AM PDT MON SEP 1 2014


...................................

...THE BAKERSFIELD CLIMATE SUMMARY FOR AUGUST 31 2014...

CLIMATE NORMAL PERIOD 1981 TO 2010
CLIMATE RECORD PERIOD 1889 TO 2014


WEATHER ITEM   OBSERVED TIME   RECORD YEAR NORMAL DEPARTURE
                VALUE   (LST)  VALUE       VALUE  FROM
                                                  NORMAL
...............................................................
TEMPERATURE (F)
 YESTERDAY
  MAXIMUM         97    350 PM 111    1967  93      4
  MINIMUM         70    526 AM  45    1912  67      3
  AVERAGE         84                        80      4

PRECIPITATION (IN)
  YESTERDAY        0.00          0.16 1964   0.00   0.00
                                      1913
  MONTH TO DATE    T                         0.04  -0.04
  SINCE JUL 1      T                         0.04  -0.04
  SINCE JAN 1      1.34                      4.43  -3.09

SNOWFALL (IN)
  YESTERDAY        0.0
  MONTH TO DATE    0.0
  SINCE JUN 1      0.0
  SINCE JUL 1      0.0
  SNOW DEPTH       0

DEGREE DAYS
 HEATING
  YESTERDAY        0                                0
  MONTH TO DATE    0                                0
  SINCE JUN 1      0                               -2
  SINCE JUL 1      0                                0

 COOLING
  YESTERDAY       19                                4
  MONTH TO DATE  626                               87
  SINCE JUN 1   1829                              328
  SINCE JAN 1   2281                              513
...............................................................


WIND (MPH)
  HIGHEST WIND SPEED    15   HIGHEST WIND DIRECTION    NW (320)
  HIGHEST GUST SPEED    20   HIGHEST GUST DIRECTION    NW (300)
  AVERAGE WIND SPEED     5.5




RELATIVE HUMIDITY (PERCENT)
 HIGHEST    41
 LOWEST     11
 AVERAGE    26

..........................................................


THE BAKERSFIELD CLIMATE NORMALS FOR TODAY
                         NORMAL    RECORD    YEAR
 MAXIMUM TEMPERATURE (F)   93       107      1902
 MINIMUM TEMPERATURE (F)   67        53      1901


SUNRISE AND SUNSET
SEPTEMBER  1 2014.....SUNRISE   629 AM PDT   SUNSET   723 PM PDT
SEPTEMBER  2 2014.....SUNRISE   629 AM PDT   SUNSET   722 PM PDT


-  INDICATES NEGATIVE NUMBERS.
R  INDICATES RECORD WAS SET OR TIED.
MM INDICATES DATA IS MISSING.
T  INDICATES TRACE AMOUNT.




$$






U.S. Dept. of Commerce
NOAA National Weather Service
1325 East West Highway
Silver Spring, MD 20910
E-mail: w-nws.webmaster@noaa.gov
Page last modified: May 16, 2007
NATIONAL WEATHER SERVICE: for Safety, for Work, for Fun - FOR LIFE