990
CDUS46 KHNX 210027
CLIBFL


CLIMATE REPORT
NATIONAL WEATHER SERVICE SAN JOAQUIN VALLEY, CA
526 PM PDT SUN APR 20 2014


...................................

...THE BAKERSFIELD CLIMATE SUMMARY FOR APRIL 20 2014...
VALID AS OF 0500 PM LOCAL TIME.

CLIMATE NORMAL PERIOD 1981 TO 2010
CLIMATE RECORD PERIOD 1889 TO 2014


WEATHER ITEM   OBSERVED TIME   RECORD YEAR NORMAL DEPARTURE LAST
                VALUE   (LST)  VALUE       VALUE  FROM      YEAR
                                                  NORMAL
..................................................................
TEMPERATURE (F)
 TODAY
  MAXIMUM         82    336 PM  98    1906  76      6       84
  MINIMUM         54    521 AM  36    1904  51      3       54
  AVERAGE         68                        64      4       69

PRECIPITATION (IN)
  TODAY            0.00          0.61 1957   0.01  -0.01     0.00
  MONTH TO DATE    0.14                      0.39  -0.25     0.05
  SINCE JUL 1      2.01                      6.08  -4.07     3.10
  SINCE JAN 1      0.94                      4.00  -3.06     2.31

SNOWFALL (IN)
  TODAY            0.0
  MONTH TO DATE    0.0
  SINCE MAR 1      0.0
  SINCE JUL 1      0.0
  SNOW DEPTH       0

DEGREE DAYS
 HEATING
  TODAY            0                         4     -4        0
  MONTH TO DATE   44                       103    -59       54
  SINCE MAR 1    144                       342   -198      203
  SINCE JUL 1   1472                      2116   -644     1823

 COOLING
  TODAY            3                         2      1        4
  MONTH TO DATE  108                        29     79       21
  SINCE MAR 1    128                        38     90       38
  SINCE JAN 1    137                        38     99       38
..................................................................


WIND (MPH)
  HIGHEST WIND SPEED    14   HIGHEST WIND DIRECTION    NW (310)
  HIGHEST GUST SPEED    19   HIGHEST GUST DIRECTION    NW (310)
  AVERAGE WIND SPEED     4.2




RELATIVE HUMIDITY (PERCENT)
 HIGHEST    55
 LOWEST     21
 AVERAGE    38

..........................................................


THE BAKERSFIELD CLIMATE NORMALS FOR TOMORROW
                         NORMAL    RECORD    YEAR
 MAXIMUM TEMPERATURE (F)   77        99      2009
                                             1931
 MINIMUM TEMPERATURE (F)   51        33      1904


SUNRISE AND SUNSET
APRIL 20 2014.........SUNRISE   617 AM PDT   SUNSET   733 PM PDT
APRIL 21 2014.........SUNRISE   616 AM PDT   SUNSET   734 PM PDT


-  INDICATES NEGATIVE NUMBERS.
R  INDICATES RECORD WAS SET OR TIED.
MM INDICATES DATA IS MISSING.
T  INDICATES TRACE AMOUNT.




$$





U.S. Dept. of Commerce
NOAA National Weather Service
1325 East West Highway
Silver Spring, MD 20910
E-mail: w-nws.webmaster@noaa.gov
Page last modified: May 16, 2007
NATIONAL WEATHER SERVICE: for Safety, for Work, for Fun - FOR LIFE