560
CDUS45 KCYS 190728
CLIBFF


CLIMATE REPORT
NATIONAL WEATHER SERVICE CHEYENNE WY
128 AM MDT SAT APR 19 2014


...................................

...THE SCOTTSBLUFF NEBRASKA AIRPORT CLIMATE SUMMARY FOR APRIL 18 2014...

CLIMATE NORMAL PERIOD 1981 TO 2010
CLIMATE RECORD PERIOD 1871 TO 2014


WEATHER ITEM   OBSERVED TIME   RECORD YEAR NORMAL DEPARTURE LAST
                VALUE   (LST)  VALUE       VALUE  FROM      YEAR
                                                  NORMAL
..................................................................
TEMPERATURE (F)
 YESTERDAY
  MAXIMUM         84    200 PM  87    1987  62     22       32
  MINIMUM         36    519 AM  16    2013  32      4       16
  AVERAGE         60                        47     13       24

PRECIPITATION (IN)
  YESTERDAY        0.00          1.55 2000   0.06  -0.06      T
  MONTH TO DATE    0.09                      1.04  -0.95     1.83
  SINCE JAN 1      2.54                      3.05  -0.51     2.58

SNOWFALL (IN)
  YESTERDAY        0.0           5.2  1970   0.2   -0.2       T
  MONTH TO DATE    1.1                       4.0   -2.9     17.4
  SINCE JUL 1     61.5                      40.2   21.3     40.3
  SNOW DEPTH       0

DEGREE DAYS
 HEATING
  YESTERDAY        5                        18    -13       41
  MONTH TO DATE  350                       366    -16      495
  SINCE MAR 1   1180                      1195    -15     1312
  SINCE JUL 1   6213                      6107    106     5833

 COOLING
  YESTERDAY        0                         0      0        0
  MONTH TO DATE    0                         0      0        0
  SINCE MAR 1      0                         0      0        0
  SINCE JAN 1      0                         0      0        0
..................................................................


WIND (MPH)
  HIGHEST WIND SPEED    25   HIGHEST WIND DIRECTION     S (200)
  HIGHEST GUST SPEED    36   HIGHEST GUST DIRECTION    SW (210)
  AVERAGE WIND SPEED    11.8


SKY COVER
  AVERAGE SKY COVER 0.0


WEATHER CONDITIONS
 THE FOLLOWING WEATHER WAS RECORDED YESTERDAY.
  NO SIGNIFICANT WEATHER WAS OBSERVED.


RELATIVE HUMIDITY (PERCENT)
 HIGHEST    89           500 AM
 LOWEST     18           200 PM
 AVERAGE    54

..........................................................


THE SCOTTSBLUFF NEBRASKA AIRPORT CLIMATE NORMALS FOR TODAY
                         NORMAL    RECORD    YEAR
 MAXIMUM TEMPERATURE (F)   63        85      1946
                                             1936
 MINIMUM TEMPERATURE (F)   33         1      1966


SUNRISE AND SUNSET
APRIL 19 2014.........SUNRISE   608 AM MDT   SUNSET   740 PM MDT
APRIL 20 2014.........SUNRISE   606 AM MDT   SUNSET   741 PM MDT


-  INDICATES NEGATIVE NUMBERS.
R  INDICATES RECORD WAS SET OR TIED.
MM INDICATES DATA IS MISSING.
T  INDICATES TRACE AMOUNT.




$$





U.S. Dept. of Commerce
NOAA National Weather Service
1325 East West Highway
Silver Spring, MD 20910
E-mail: w-nws.webmaster@noaa.gov
Page last modified: May 16, 2007
NATIONAL WEATHER SERVICE: for Safety, for Work, for Fun - FOR LIFE