302
CDUS45 KCYS 180733
CLIBFF


CLIMATE REPORT
NATIONAL WEATHER SERVICE CHEYENNE WY
1232 AM MST THU DEC 18 2014


...................................

...THE SCOTTSBLUFF NEBRASKA AIRPORT CLIMATE SUMMARY FOR DECEMBER 17 2014...

CLIMATE NORMAL PERIOD 1981 TO 2010
CLIMATE RECORD PERIOD 1871 TO 2014


WEATHER ITEM   OBSERVED TIME   RECORD YEAR NORMAL DEPARTURE LAST
                VALUE   (LST)  VALUE       VALUE  FROM      YEAR
                                                  NORMAL
..................................................................
TEMPERATURE (F)
 YESTERDAY
  MAXIMUM         23   1225 PM  72    1980  39    -16       58
  MINIMUM         12    756 AM -25    1964  12      0       26
  AVERAGE         18                        25     -7       42

PRECIPITATION (IN)
  YESTERDAY        0.00          0.40 1908   0.02  -0.02     0.00
  MONTH TO DATE    0.80                      0.28   0.52     0.55
  SINCE JAN 1     18.60                     15.56   3.04    13.29

SNOWFALL (IN)
  YESTERDAY        0.0           5.2  1945   0.3   -0.3      0.0
  MONTH TO DATE    0.0                       3.9   -3.9      9.6
  SINCE JUL 1      5.6                      12.8   -7.2     22.5
  SNOW DEPTH      MM

DEGREE DAYS
 HEATING
  YESTERDAY       47                        40      7       23
  MONTH TO DATE  547                       653   -106      725
  SINCE DEC 1    547                       653   -106      725
  SINCE JUL 1   1992                      2218   -226     2230

 COOLING
  YESTERDAY        0                         0      0        0
  MONTH TO DATE    0                         0      0        0
  SINCE DEC 1      0                         0      0        0
  SINCE JAN 1    719                       724     -5     1047
..................................................................


WIND (MPH)
  HIGHEST WIND SPEED    17   HIGHEST WIND DIRECTION    SE (120)
  HIGHEST GUST SPEED    20   HIGHEST GUST DIRECTION    SE (120)
  AVERAGE WIND SPEED     6.9


SKY COVER
  AVERAGE SKY COVER 0.6


WEATHER CONDITIONS
 THE FOLLOWING WEATHER WAS RECORDED YESTERDAY.
  FOG
  FOG W/VISIBILITY <= 1/4 MILE


RELATIVE HUMIDITY (PERCENT)
 HIGHEST   100           800 PM
 LOWEST     84           400 AM
 AVERAGE    92

..........................................................


THE SCOTTSBLUFF NEBRASKA AIRPORT CLIMATE NORMALS FOR TODAY
                         NORMAL    RECORD    YEAR
 MAXIMUM TEMPERATURE (F)   39        69      1979
 MINIMUM TEMPERATURE (F)   12       -25      1983


SUNRISE AND SUNSET
DECEMBER 18 2014......SUNRISE   717 AM MST   SUNSET   425 PM MST
DECEMBER 19 2014......SUNRISE   718 AM MST   SUNSET   426 PM MST


-  INDICATES NEGATIVE NUMBERS.
R  INDICATES RECORD WAS SET OR TIED.
MM INDICATES DATA IS MISSING.
T  INDICATES TRACE AMOUNT.




$$





U.S. Dept. of Commerce
NOAA National Weather Service
1325 East West Highway
Silver Spring, MD 20910
E-mail: w-nws.webmaster@noaa.gov
Page last modified: May 16, 2007
NATIONAL WEATHER SERVICE: for Safety, for Work, for Fun - FOR LIFE