807
CDUS45 KCYS 230727
CLIBFF


CLIMATE REPORT
NATIONAL WEATHER SERVICE CHEYENNE WY
126 AM MDT THU OCT 23 2014


...................................

...THE SCOTTSBLUFF NEBRASKA AIRPORT CLIMATE SUMMARY FOR OCTOBER 22 2014...

CLIMATE NORMAL PERIOD 1981 TO 2010
CLIMATE RECORD PERIOD 1871 TO 2014


WEATHER ITEM   OBSERVED TIME   RECORD YEAR NORMAL DEPARTURE LAST
                VALUE   (LST)  VALUE       VALUE  FROM      YEAR
                                                  NORMAL
..................................................................
TEMPERATURE (F)
 YESTERDAY
  MAXIMUM         67    349 PM  84    2003  62      5       67
                                      1915
  MINIMUM         36   1112 PM  13    1895  31      5       40
  AVERAGE         52                        46      6       54

PRECIPITATION (IN)
  YESTERDAY        0.09          1.14 2000   0.04   0.05     0.00
  MONTH TO DATE    0.16                      0.87  -0.71     1.56
  SINCE JAN 1     16.46                     14.35   2.11    11.78

SNOWFALL (IN)
  YESTERDAY        0.0           6.0  1906   0.1   -0.1      0.0
  MONTH TO DATE    0.0                       1.6   -1.6      6.3
  SINCE JUL 1      T                         2.1   -2.1      6.3
  SNOW DEPTH       0

DEGREE DAYS
 HEATING
  YESTERDAY       13                        19     -6       11
  MONTH TO DATE  226                       328   -102      385
  SINCE SEP 1    337                       487   -150      471
  SINCE JUL 1    350                       507   -157      473

 COOLING
  YESTERDAY        0                         0      0        0
  MONTH TO DATE    0                         0      0        0
  SINCE SEP 1     76                        58     18      155
  SINCE JAN 1    719                       723     -4     1047
..................................................................


WIND (MPH)
  HIGHEST WIND SPEED    21   HIGHEST WIND DIRECTION    NW (300)
  HIGHEST GUST SPEED    25   HIGHEST GUST DIRECTION    NW (300)
  AVERAGE WIND SPEED     8.1


SKY COVER
  AVERAGE SKY COVER 0.3


WEATHER CONDITIONS
 THE FOLLOWING WEATHER WAS RECORDED YESTERDAY.
  LIGHT RAIN
  FOG


RELATIVE HUMIDITY (PERCENT)
 HIGHEST    93           100 AM
 LOWEST     18           400 PM
 AVERAGE    56

..........................................................


THE SCOTTSBLUFF NEBRASKA AIRPORT CLIMATE NORMALS FOR TODAY
                         NORMAL    RECORD    YEAR
 MAXIMUM TEMPERATURE (F)   61        87      2003
 MINIMUM TEMPERATURE (F)   31        12      1917


SUNRISE AND SUNSET
OCTOBER 23 2014.......SUNRISE   716 AM MDT   SUNSET   601 PM MDT
OCTOBER 24 2014.......SUNRISE   717 AM MDT   SUNSET   559 PM MDT


-  INDICATES NEGATIVE NUMBERS.
R  INDICATES RECORD WAS SET OR TIED.
MM INDICATES DATA IS MISSING.
T  INDICATES TRACE AMOUNT.




$$





U.S. Dept. of Commerce
NOAA National Weather Service
1325 East West Highway
Silver Spring, MD 20910
E-mail: w-nws.webmaster@noaa.gov
Page last modified: May 16, 2007
NATIONAL WEATHER SERVICE: for Safety, for Work, for Fun - FOR LIFE