972
CDUS45 KCYS 242123
CLIBFF


CLIMATE REPORT
NATIONAL WEATHER SERVICE CHEYENNE WY
323 PM MDT THU APR 24 2014


...................................

...THE SCOTTSBLUFF NEBRASKA AIRPORT CLIMATE SUMMARY FOR APRIL 24 2014...
VALID AS OF 0300 PM LOCAL TIME.

CLIMATE NORMAL PERIOD 1981 TO 2010
CLIMATE RECORD PERIOD 1871 TO 2014


WEATHER ITEM   OBSERVED TIME   RECORD YEAR NORMAL DEPARTURE LAST
                VALUE   (LST)  VALUE       VALUE  FROM      YEAR
                                                  NORMAL
..................................................................
TEMPERATURE (F)
 TODAY
  MAXIMUM         66    159 PM  93    2012  64      2       54
  MINIMUM         29    521 AM  13    1898  35     -6       21
  AVERAGE         48                        49     -1       38

PRECIPITATION (IN)
  TODAY            0.00          1.63 1942   0.07  -0.07     0.00
  MONTH TO DATE    0.09                      1.43  -1.34     1.87
  SINCE MAR 1      0.94                      2.43  -1.49     2.08
  SINCE JAN 1      2.54                      3.44  -0.90     2.62

SNOWFALL (IN)
  TODAY            0.0          12.5  1907   0.1   -0.1      0.0
  MONTH TO DATE    1.1                       4.8   -3.7     17.4
  SINCE JUL 1     61.5                      41.0   20.5     40.3
  SNOW DEPTH       0

DEGREE DAYS
 HEATING
  TODAY           17                        16      1       27
  MONTH TO DATE  401                       465    -64      647
  SINCE MAR 1   1231                      1294    -63     1464
  SINCE JUL 1   6264                      6206     58     5985

 COOLING
  TODAY            0                         0      0        0
  MONTH TO DATE    0                         0      0        0
  SINCE MAR 1      0                         0      0        0
  SINCE JAN 1      0                         0      0        0
..................................................................


WIND (MPH)
  HIGHEST WIND SPEED    23   HIGHEST WIND DIRECTION    NW (300)
  HIGHEST GUST SPEED    29   HIGHEST GUST DIRECTION     W (280)
  AVERAGE WIND SPEED    12.8


SKY COVER
  AVERAGE SKY COVER 0.0


WEATHER CONDITIONS
 THE FOLLOWING WEATHER WAS RECORDED TODAY.
  NO SIGNIFICANT WEATHER WAS OBSERVED.


RELATIVE HUMIDITY (PERCENT)
 HIGHEST    85           300 AM
 LOWEST     15           100 PM
 AVERAGE    50

..........................................................


THE SCOTTSBLUFF NEBRASKA AIRPORT CLIMATE NORMALS FOR TOMORROW
                         NORMAL    RECORD    YEAR
 MAXIMUM TEMPERATURE (F)   65        86      1975
 MINIMUM TEMPERATURE (F)   35        21      2002


SUNRISE AND SUNSET
APRIL 24 2014.........SUNRISE   600 AM MDT   SUNSET   745 PM MDT
APRIL 25 2014.........SUNRISE   559 AM MDT   SUNSET   746 PM MDT


-  INDICATES NEGATIVE NUMBERS.
R  INDICATES RECORD WAS SET OR TIED.
MM INDICATES DATA IS MISSING.
T  INDICATES TRACE AMOUNT.




$$





U.S. Dept. of Commerce
NOAA National Weather Service
1325 East West Highway
Silver Spring, MD 20910
E-mail: w-nws.webmaster@noaa.gov
Page last modified: May 16, 2007
NATIONAL WEATHER SERVICE: for Safety, for Work, for Fun - FOR LIFE