875
CDUS41 KCTP 242116
CLIBFD


CLIMATE REPORT
NATIONAL WEATHER SERVICE STATE COLLEGE PA
516 PM EDT THU APR 24 2014


...................................

...THE BRADFORD CLIMATE SUMMARY FOR APRIL 24 2014...
VALID TODAY AS OF 0500 PM LOCAL TIME.

CLIMATE NORMAL PERIOD 1981 TO 2010
CLIMATE RECORD PERIOD 1957 TO 2014


WEATHER ITEM   OBSERVED TIME   RECORD YEAR NORMAL DEPARTURE LAST
                VALUE   (LST)  VALUE       VALUE  FROM      YEAR
                                                  NORMAL
..................................................................
TEMPERATURE (F)
 TODAY
  MAXIMUM         54    359 PM  82    1958  59     -5       59
  MINIMUM         26    559 AM  21    2002  35     -9       34
  AVERAGE         40                        47     -7       47

PRECIPITATION (IN)
  TODAY            0.00          1.24 1961   0.11  -0.11     0.34
  MONTH TO DATE    3.09                      2.83   0.26     2.52
  SINCE MAR 1      5.09                      6.20  -1.11     4.03
  SINCE JAN 1      8.62                     11.84  -3.22     6.82

DEGREE DAYS
 HEATING
  TODAY           25                        13     12       19
  MONTH TO DATE  498                       415     83      503
  SINCE MAR 1   1675                      1452    223     1605
  SINCE JUL 1   7341                      7022    319     6513

 COOLING
  TODAY            0                         0      0        0
  MONTH TO DATE    2                         0      2        0
  SINCE MAR 1      2                         0      2        0
  SINCE JAN 1      2                         0      2        0
..................................................................


WIND (MPH)
  HIGHEST WIND SPEED    16   HIGHEST WIND DIRECTION    NW (310)
  HIGHEST GUST SPEED    20   HIGHEST GUST DIRECTION    NW (320)
  AVERAGE WIND SPEED     7.1


SKY COVER
  POSSIBLE SUNSHINE  MM
  AVERAGE SKY COVER 0.0


WEATHER CONDITIONS
 THE FOLLOWING WEATHER WAS RECORDED TODAY.
  NO SIGNIFICANT WEATHER WAS OBSERVED.


RELATIVE HUMIDITY (PERCENT)
 HIGHEST    68           300 AM
 LOWEST     18           400 PM
 AVERAGE    43

..........................................................


THE BRADFORD CLIMATE NORMALS FOR TOMORROW
                         NORMAL    RECORD    YEAR
 MAXIMUM TEMPERATURE (F)   59        82      2009
 MINIMUM TEMPERATURE (F)   35        17      1967


SUNRISE AND SUNSET
APRIL 24 2014.........SUNRISE   621 AM EDT   SUNSET   805 PM EDT
APRIL 25 2014.........SUNRISE   619 AM EDT   SUNSET   806 PM EDT


-  INDICATES NEGATIVE NUMBERS.
R  INDICATES RECORD WAS SET OR TIED.
MM INDICATES DATA IS MISSING.
T  INDICATES TRACE AMOUNT.




$$





U.S. Dept. of Commerce
NOAA National Weather Service
1325 East West Highway
Silver Spring, MD 20910
E-mail: w-nws.webmaster@noaa.gov
Page last modified: May 16, 2007
NATIONAL WEATHER SERVICE: for Safety, for Work, for Fun - FOR LIFE