594
CDUS41 KCTP 300629
CLIBFD


CLIMATE REPORT
NATIONAL WEATHER SERVICE STATE COLLEGE PA
229 AM EDT THU OCT 30 2014


...................................

...THE BRADFORD CLIMATE SUMMARY FOR OCTOBER 29 2014...

CLIMATE NORMAL PERIOD 1981 TO 2010
CLIMATE RECORD PERIOD 1957 TO 2014


WEATHER ITEM   OBSERVED TIME   RECORD YEAR NORMAL DEPARTURE LAST
                VALUE   (LST)  VALUE       VALUE  FROM      YEAR
                                                  NORMAL
..................................................................
TEMPERATURE (F)
 YESTERDAY
  MAXIMUM         52    241 PM  72    1999  52      0       51
  MINIMUM         39   1158 PM  10    1965  33      6       31
  AVERAGE         46                        43      3       41

PRECIPITATION (IN)
  YESTERDAY        0.03          1.63 1973   0.10  -0.07     0.00
  MONTH TO DATE    3.94                      3.21   0.73     3.45
  SINCE SEP 1      6.19                      7.13  -0.94     5.98
  SINCE JAN 1     37.53                     37.08   0.45    27.39

DEGREE DAYS
 HEATING
  YESTERDAY       19                        18      1       24
  MONTH TO DATE  430                       400     30      427
  SINCE SEP 1    647                       664    -17      667
  SINCE JUL 1    831                       817     14      803

 COOLING
  YESTERDAY        0                         0      0        0
  MONTH TO DATE    1                         0      1        9
  SINCE SEP 1     26                        15     11       39
  SINCE JAN 1    196                       192      4      334
..................................................................


WIND (MPH)
  HIGHEST WIND SPEED    15   HIGHEST WIND DIRECTION     W (280)
  HIGHEST GUST SPEED    21   HIGHEST GUST DIRECTION     W (260)
  AVERAGE WIND SPEED     7.0


SKY COVER
  POSSIBLE SUNSHINE  MM
  AVERAGE SKY COVER 0.6


WEATHER CONDITIONS
 THE FOLLOWING WEATHER WAS RECORDED YESTERDAY.
  LIGHT RAIN
  FOG
  HAZE


RELATIVE HUMIDITY (PERCENT)
 HIGHEST    96           700 AM
 LOWEST     46           300 PM
 AVERAGE    71

..........................................................


THE BRADFORD CLIMATE NORMALS FOR TODAY
                         NORMAL    RECORD    YEAR
 MAXIMUM TEMPERATURE (F)   52        72      1999
 MINIMUM TEMPERATURE (F)   33        17      1983


SUNRISE AND SUNSET
OCTOBER 30 2014.......SUNRISE   744 AM EDT   SUNSET   611 PM EDT
OCTOBER 31 2014.......SUNRISE   746 AM EDT   SUNSET   610 PM EDT


-  INDICATES NEGATIVE NUMBERS.
R  INDICATES RECORD WAS SET OR TIED.
MM INDICATES DATA IS MISSING.
T  INDICATES TRACE AMOUNT.




$$





U.S. Dept. of Commerce
NOAA National Weather Service
1325 East West Highway
Silver Spring, MD 20910
E-mail: w-nws.webmaster@noaa.gov
Page last modified: May 16, 2007
NATIONAL WEATHER SERVICE: for Safety, for Work, for Fun - FOR LIFE