100
CDUS41 KCTP 242117
CLIBFD


CLIMATE REPORT
NATIONAL WEATHER SERVICE STATE COLLEGE PA
516 PM EDT FRI OCT 24 2014


...................................

...THE BRADFORD CLIMATE SUMMARY FOR OCTOBER 24 2014...
VALID TODAY AS OF 0500 PM LOCAL TIME.

CLIMATE NORMAL PERIOD 1981 TO 2010
CLIMATE RECORD PERIOD 1957 TO 2014


WEATHER ITEM   OBSERVED TIME   RECORD YEAR NORMAL DEPARTURE LAST
                VALUE   (LST)  VALUE       VALUE  FROM      YEAR
                                                  NORMAL
..................................................................
TEMPERATURE (F)
 TODAY
  MAXIMUM         58    138 PM  75    1963  54      4       35
  MINIMUM         36    305 AM  19    1969  34      2       32
  AVERAGE         47                        44      3       34

PRECIPITATION (IN)
  TODAY            0.00          1.44 1959   0.10  -0.10     0.09
  MONTH TO DATE    3.29                      2.68   0.61     3.30
  SINCE SEP 1      5.54                      6.60  -1.06     5.83
  SINCE JAN 1     36.88                     36.55   0.33    27.24

DEGREE DAYS
 HEATING
  TODAY           18                        16      2       31
  MONTH TO DATE  354                       314     40      293
  SINCE SEP 1    571                       578     -7      533
  SINCE JUL 1    755                       731     24      669

 COOLING
  TODAY            0                         0      0        0
  MONTH TO DATE    1                         0      1        9
  SINCE SEP 1     26                        15     11       39
  SINCE JAN 1    196                       192      4      334
..................................................................


WIND (MPH)
  HIGHEST WIND SPEED    17   HIGHEST WIND DIRECTION    NW (300)
  HIGHEST GUST SPEED    22   HIGHEST GUST DIRECTION    NW (310)
  AVERAGE WIND SPEED     9.4


SKY COVER
  POSSIBLE SUNSHINE  MM
  AVERAGE SKY COVER 0.2


WEATHER CONDITIONS
 THE FOLLOWING WEATHER WAS RECORDED TODAY.
  NO SIGNIFICANT WEATHER WAS OBSERVED.


RELATIVE HUMIDITY (PERCENT)
 HIGHEST    92           100 AM
 LOWEST     38           200 PM
 AVERAGE    65

..........................................................


THE BRADFORD CLIMATE NORMALS FOR TOMORROW
                         NORMAL    RECORD    YEAR
 MAXIMUM TEMPERATURE (F)   54        78      2012
 MINIMUM TEMPERATURE (F)   34        22      1982


SUNRISE AND SUNSET
OCTOBER 24 2014.......SUNRISE   737 AM EDT   SUNSET   620 PM EDT
OCTOBER 25 2014.......SUNRISE   738 AM EDT   SUNSET   618 PM EDT


-  INDICATES NEGATIVE NUMBERS.
R  INDICATES RECORD WAS SET OR TIED.
MM INDICATES DATA IS MISSING.
T  INDICATES TRACE AMOUNT.




$$





U.S. Dept. of Commerce
NOAA National Weather Service
1325 East West Highway
Silver Spring, MD 20910
E-mail: w-nws.webmaster@noaa.gov
Page last modified: May 16, 2007
NATIONAL WEATHER SERVICE: for Safety, for Work, for Fun - FOR LIFE