917
CDUS41 KCTP 310618
CLIBFD


CLIMATE REPORT
NATIONAL WEATHER SERVICE STATE COLLEGE PA
117 AM EST SAT JAN 31 2015


...................................

...THE BRADFORD CLIMATE SUMMARY FOR JANUARY 30 2015...

CLIMATE NORMAL PERIOD 1981 TO 2010
CLIMATE RECORD PERIOD 1957 TO 2015


WEATHER ITEM   OBSERVED TIME   RECORD YEAR NORMAL DEPARTURE LAST
                VALUE   (LST)  VALUE       VALUE  FROM      YEAR
                                                  NORMAL
..................................................................
TEMPERATURE (F)
 YESTERDAY
  MAXIMUM         26    359 AM  59    2013  30     -4       26
  MINIMUM          2   1159 PM -14    1965  14    -12       -2
  AVERAGE         14                        22     -8       12

PRECIPITATION (IN)
  YESTERDAY        0.01          1.39 1969   0.10  -0.09     0.00
  MONTH TO DATE    1.84                      3.19  -1.35     1.94
  SINCE DEC 1      4.04                      6.59  -2.55     4.76
  SINCE JAN 1      1.84                      3.19  -1.35     1.94

DEGREE DAYS
 HEATING
  YESTERDAY       51                        38     13       53
  MONTH TO DATE 1437                      1140    297     1404
  SINCE DEC 1   2509                      2361    148     2552
  SINCE JUL 1   4327                      4196    131     4340

 COOLING
  YESTERDAY        0                         0      0        0
  MONTH TO DATE    0                         0      0        0
  SINCE DEC 1      0                         0      0        0
  SINCE JAN 1      0                         0      0        0
..................................................................


WIND (MPH)
  HIGHEST WIND SPEED    25   HIGHEST WIND DIRECTION    NW (310)
  HIGHEST GUST SPEED    36   HIGHEST GUST DIRECTION    NW (310)
  AVERAGE WIND SPEED    15.2


SKY COVER
  POSSIBLE SUNSHINE  MM
  AVERAGE SKY COVER 1.0


WEATHER CONDITIONS
 THE FOLLOWING WEATHER WAS RECORDED YESTERDAY.
  SNOW
  LIGHT SNOW
  FOG
  HAZE
  BLOWING SNOW


RELATIVE HUMIDITY (PERCENT)
 HIGHEST    88           100 AM
 LOWEST     67          1200 PM
 AVERAGE    78

..........................................................


THE BRADFORD CLIMATE NORMALS FOR TODAY
                         NORMAL    RECORD    YEAR
 MAXIMUM TEMPERATURE (F)   30        54      1988
 MINIMUM TEMPERATURE (F)   14       -13      2010


SUNRISE AND SUNSET
JANUARY 31 2015.......SUNRISE   728 AM EST   SUNSET   528 PM EST
FEBRUARY  1 2015......SUNRISE   727 AM EST   SUNSET   530 PM EST


-  INDICATES NEGATIVE NUMBERS.
R  INDICATES RECORD WAS SET OR TIED.
MM INDICATES DATA IS MISSING.
T  INDICATES TRACE AMOUNT.




$$





U.S. Dept. of Commerce
NOAA National Weather Service
1325 East West Highway
Silver Spring, MD 20910
E-mail: w-nws.webmaster@noaa.gov
Page last modified: May 16, 2007
NATIONAL WEATHER SERVICE: for Safety, for Work, for Fun - FOR LIFE