820
CDUS41 KCTP 220715
CLIBFD


CLIMATE REPORT
NATIONAL WEATHER SERVICE STATE COLLEGE PA
215 AM EST SAT NOV 22 2014


...................................

...THE BRADFORD CLIMATE SUMMARY FOR NOVEMBER 21 2014...

CLIMATE NORMAL PERIOD 1981 TO 2010
CLIMATE RECORD PERIOD 1957 TO 2014


WEATHER ITEM   OBSERVED TIME   RECORD YEAR NORMAL DEPARTURE LAST
                VALUE   (LST)  VALUE       VALUE  FROM      YEAR
                                                  NORMAL
..................................................................
TEMPERATURE (F)
 YESTERDAY
  MAXIMUM         24    118 PM  58    1991  43    -19       37
  MINIMUM          7R  1037 PM   8    1987  28    -21       29
  AVERAGE         16                        35    -19       33

PRECIPITATION (IN)
  YESTERDAY        0.02          0.55 1991   0.14  -0.12     0.02
  MONTH TO DATE    1.57                      2.57  -1.00     2.95
  SINCE SEP 1      8.03                      9.92  -1.89     9.61
  SINCE JAN 1     39.37                     39.87  -0.50    31.02

DEGREE DAYS
 HEATING
  YESTERDAY       49                        25     24       32
  MONTH TO DATE  664                       456    208      580
  SINCE SEP 1   1362                      1296     66     1273
  SINCE JUL 1   1546                      1449     97     1409

 COOLING
  YESTERDAY        0                         0      0        0
  MONTH TO DATE    0                         0      0        0
  SINCE SEP 1     26                        16     10       39
  SINCE JAN 1    196                       193      3      334
..................................................................


WIND (MPH)
  HIGHEST WIND SPEED    20   HIGHEST WIND DIRECTION     W (280)
  HIGHEST GUST SPEED    25   HIGHEST GUST DIRECTION     W (290)
  AVERAGE WIND SPEED     6.3


SKY COVER
  POSSIBLE SUNSHINE  MM
  AVERAGE SKY COVER 0.6


WEATHER CONDITIONS
 THE FOLLOWING WEATHER WAS RECORDED YESTERDAY.
  HEAVY SNOW
  SNOW
  LIGHT SNOW
  FOG
  FOG W/VISIBILITY <= 1/4 MILE
  HAZE


RELATIVE HUMIDITY (PERCENT)
 HIGHEST    84           600 AM
 LOWEST     54           200 PM
 AVERAGE    69

..........................................................


THE BRADFORD CLIMATE NORMALS FOR TODAY
                         NORMAL    RECORD    YEAR
 MAXIMUM TEMPERATURE (F)   42        65      1999
 MINIMUM TEMPERATURE (F)   27         6      1987


SUNRISE AND SUNSET
NOVEMBER 22 2014......SUNRISE   712 AM EST   SUNSET   449 PM EST
NOVEMBER 23 2014......SUNRISE   713 AM EST   SUNSET   448 PM EST


-  INDICATES NEGATIVE NUMBERS.
R  INDICATES RECORD WAS SET OR TIED.
MM INDICATES DATA IS MISSING.
T  INDICATES TRACE AMOUNT.




$$





U.S. Dept. of Commerce
NOAA National Weather Service
1325 East West Highway
Silver Spring, MD 20910
E-mail: w-nws.webmaster@noaa.gov
Page last modified: May 16, 2007
NATIONAL WEATHER SERVICE: for Safety, for Work, for Fun - FOR LIFE