792
CDUS41 KCTP 230616
CLIBFD


CLIMATE REPORT
NATIONAL WEATHER SERVICE STATE COLLEGE PA
216 AM EDT TUE SEP 23 2014


...................................

...THE BRADFORD CLIMATE SUMMARY FOR SEPTEMBER 22 2014...

CLIMATE NORMAL PERIOD 1981 TO 2010
CLIMATE RECORD PERIOD 1957 TO 2014


WEATHER ITEM   OBSERVED TIME   RECORD YEAR NORMAL DEPARTURE LAST
                VALUE   (LST)  VALUE       VALUE  FROM      YEAR
                                                  NORMAL
..................................................................
TEMPERATURE (F)
 YESTERDAY
  MAXIMUM         52   1210 AM  82    1980  66    -14       57
  MINIMUM         42   1159 PM  26    1963  43     -1       48
  AVERAGE         47                        54     -7       53

PRECIPITATION (IN)
  YESTERDAY        0.03          2.24 1992   0.14  -0.11      T
  MONTH TO DATE    2.25                      2.88  -0.63     2.53
  SINCE SEP 1      2.25                      2.88  -0.63     2.53
  SINCE JAN 1     33.59                     32.83   0.76    23.94

DEGREE DAYS
 HEATING
  YESTERDAY       18                         7     11       12
  MONTH TO DATE  151                        82     69      157
  SINCE SEP 1    151                        82     69      157
  SINCE JUL 1    335                       235    100      293

 COOLING
  YESTERDAY        0                         0      0        0
  MONTH TO DATE   25                        13     12       30
  SINCE SEP 1     25                        13     12       30
  SINCE JAN 1    195                       190      5      325
..................................................................


WIND (MPH)
  HIGHEST WIND SPEED    20   HIGHEST WIND DIRECTION    NW (300)
  HIGHEST GUST SPEED    28   HIGHEST GUST DIRECTION    NW (300)
  AVERAGE WIND SPEED    10.4


SKY COVER
  POSSIBLE SUNSHINE  MM
  AVERAGE SKY COVER 0.9


WEATHER CONDITIONS
 THE FOLLOWING WEATHER WAS RECORDED YESTERDAY.
  LIGHT RAIN
  FOG


RELATIVE HUMIDITY (PERCENT)
 HIGHEST    96          1200 AM
 LOWEST     66           200 PM
 AVERAGE    81

..........................................................


THE BRADFORD CLIMATE NORMALS FOR TODAY
                         NORMAL    RECORD    YEAR
 MAXIMUM TEMPERATURE (F)   66        82      1959
 MINIMUM TEMPERATURE (F)   43        26      1976


SUNRISE AND SUNSET
SEPTEMBER 23 2014.....SUNRISE   703 AM EDT   SUNSET   710 PM EDT
SEPTEMBER 24 2014.....SUNRISE   704 AM EDT   SUNSET   708 PM EDT


-  INDICATES NEGATIVE NUMBERS.
R  INDICATES RECORD WAS SET OR TIED.
MM INDICATES DATA IS MISSING.
T  INDICATES TRACE AMOUNT.




$$





U.S. Dept. of Commerce
NOAA National Weather Service
1325 East West Highway
Silver Spring, MD 20910
E-mail: w-nws.webmaster@noaa.gov
Page last modified: May 16, 2007
NATIONAL WEATHER SERVICE: for Safety, for Work, for Fun - FOR LIFE