821
CDAK48 PABE 180949
CLIBET

CLIMATE REPORT
NATIONAL WEATHER SERVICE BETHEL, AK
149 AM AKDT FRI APR 18 2014

...................................
...THE BETHEL AP CLIMATE SUMMARY FOR APRIL 17 2014...

CLIMATE NORMAL PERIOD  1981 TO  2010
CLIMATE RECORD PERIOD  1948 TO  2014

WEATHER ITEM   OBSERVED TIME    RECORD YEAR NORMAL DEPARTURE LAST
               VALUE    (LST)   VALUE       VALUE  FROM      YEAR
                                                   NORMAL
...................................................................
TEMPERATURE
YESTERDAY
 MAXIMUM            48R 0429 PM    48  2014     35      13     29
 MINIMUM            26  0725 AM    -9  1963     20       6      6
 AVERAGE            37                          28       9     18

PRECIPITATION
(INCHES)
 YESTERDAY           T           0.32  2007   0.02   -0.02   0.00
 MONTH TO DATE    0.17                        0.39   -0.22   0.03
 SINCE MAR 1      0.65                        1.10   -0.45   0.81
 SINCE JAN 1      2.23                        2.60   -0.37   3.10

SNOWFALL
(INCHES)
 YESTERDAY         0.0            4.1  1972    0.1    -0.1    0.0
 MONTH TO DATE     1.0                         3.8    -2.8    0.4
 SINCE MAR 1       5.7                        12.0    -6.3    6.2
 SINCE JUL 1      27.8                        57.8   -30.0   41.4
 SNOW DEPTH (IN)     0                                          2

DEGREE DAYS
 HEATING
  YESTERDAY         28                          37      -9     47
  MONTH TO DATE    621                         708     -87    903
  SINCE MAR 1     2234                        2252     -18   2530
  SINCE JUL 1     9699                       10998   -1299  11770

 COOLING
  YESTERDAY          0                           0       0      0
  MONTH TO DATE      0                           0       0      0
  SINCE MAR 1        0                           0       0      0
  SINCE JAN 1        0                           0       0      0
...................................................................

WIND (MPH)
 HIGHEST WIND SPEED    17     HIGHEST WIND DIRECTION     60
 HIGHEST GUST SPEED    21     HIGHEST GUST DIRECTION     60
 AVERAGE WIND SPEED   4.2

SKY COVER
  POSSIBLE SUNSHINE    MM          AVERAGE SKY COVER     MM

WEATHER CONDITIONS
 THE FOLLOWING WEATHER WAS RECORDED YESTERDAY.
  FOG
RAIN


RELATIVE HUMIDITY
 HIGHEST RH     MM PERCENT       MM
 LOWEST  RH     MM PERCENT       MM
 AVERAGE RH     MM PERCENT       MM
...................................................................

THE BETHEL CLIMATE NORMALS FOR TODAY
                           NORMAL    RECORD   YEAR
 MAXIMUM TEMPERATURE (F)     36        49     2010
 MINIMUM TEMPERATURE (F)     21        -8     1960

SUNRISE AND SUNSET
 APR 18 2014..........SUNRISE  7:19 AM      SUNSET 10:17 PM
 APR 19 2014..........SUNRISE  7:16 AM      SUNSET 10:20 PM

-  INDICATES NEGATIVE NUMBERS.
R  INDICATES RECORD HAS BEEN SET OR TIED.
MM INDICATES DATA IS MISSING.
T  INDICATES TRACE OF PRECIPITATION.

&&
-------------------------------------------------------------------

AMOUNT OF DAYLIGHT TODAY  (HOUR:MIN)........14 HOURS 58 MINUTES
GAIN/LOSS SINCE YESTERDAY (HOUR:MIN:SEC)....+0:05:35

$$
DPA APR 14





U.S. Dept. of Commerce
NOAA National Weather Service
1325 East West Highway
Silver Spring, MD 20910
E-mail: w-nws.webmaster@noaa.gov
Page last modified: May 16, 2007
NATIONAL WEATHER SERVICE: for Safety, for Work, for Fun - FOR LIFE