203
CDAK48 PABE 241116
CLIBET

CLIMATE REPORT
NATIONAL WEATHER SERVICE BETHEL, AK
316 AM AKDT FRI OCT 24 2014

...................................
...THE BETHEL AP CLIMATE SUMMARY FOR OCTOBER 23 2014...

CLIMATE NORMAL PERIOD  1981 TO  2010
CLIMATE RECORD PERIOD  1923 TO  2014

WEATHER ITEM   OBSERVED TIME    RECORD YEAR NORMAL DEPARTURE LAST
               VALUE    (LST)   VALUE       VALUE  FROM      YEAR
                                                   NORMAL
...................................................................
TEMPERATURE
YESTERDAY
 MAXIMUM            35  0711 PM    48  1981     32       3     41
 MINIMUM            23  1247 AM    -1  2008     21       2     27
 AVERAGE            29                          27       2     34

PRECIPITATION
(INCHES)
 YESTERDAY        0.20           0.65  2004   0.04    0.16   0.00
 MONTH TO DATE    0.47                        1.29   -0.82   3.58
 SINCE SEP 1      1.73                        4.04   -2.31   6.10
 SINCE JAN 1     11.04                       15.46   -4.42  16.58

SNOWFALL
(INCHES)
 YESTERDAY         1.1            2.8  1970    0.2     0.9    0.0
 MONTH TO DATE     5.4                         2.6     2.8    0.0
 SINCE SEP 1       5.4                         3.2     2.2    0.0
 SINCE JUL 1       5.4                         3.2     2.2      T
 SNOW DEPTH (IN)     3                                          0

DEGREE DAYS
 HEATING
  YESTERDAY         36                          39      -3     31
  MONTH TO DATE    823                         752      71    593
  SINCE SEP 1     1326                        1336     -10   1204
  SINCE JUL 1     1847                        1978    -131   1788

 COOLING
  YESTERDAY          0                           0       0      0
  MONTH TO DATE      0                           0       0      0
  SINCE SEP 1        0                           0       0      0
  SINCE JAN 1        0                           0       0     18
...................................................................

WIND (MPH)
 HIGHEST WIND SPEED    22     HIGHEST WIND DIRECTION    170
 HIGHEST GUST SPEED    27     HIGHEST GUST DIRECTION    290
 AVERAGE WIND SPEED  12.4

SKY COVER
  POSSIBLE SUNSHINE    MM          AVERAGE SKY COVER     MM

WEATHER CONDITIONS
 THE FOLLOWING WEATHER WAS RECORDED YESTERDAY.
  FOG
RAIN
SNOW


RELATIVE HUMIDITY
 HIGHEST RH     MM PERCENT       MM
 LOWEST  RH     MM PERCENT       MM
 AVERAGE RH     MM PERCENT       MM
...................................................................

THE BETHEL CLIMATE NORMALS FOR TODAY
                           NORMAL    RECORD   YEAR
 MAXIMUM TEMPERATURE (F)     31        47     1969
 MINIMUM TEMPERATURE (F)     21        -2     1996

SUNRISE AND SUNSET
 OCT 24 2014..........SUNRISE  9:53 AM      SUNSET  7:10 PM
 OCT 25 2014..........SUNRISE  9:56 AM      SUNSET  7:07 PM

-  INDICATES NEGATIVE NUMBERS.
R  INDICATES RECORD HAS BEEN SET OR TIED.
MM INDICATES DATA IS MISSING.
T  INDICATES TRACE OF PRECIPITATION.

&&
-------------------------------------------------------------------

AMOUNT OF DAYLIGHT TODAY  (HOUR:MIN)........9 HOURS 17 MINUTES
GAIN/LOSS SINCE YESTERDAY (HOUR:MIN:SEC)....-0:05:29

$$
FONTENOT





U.S. Dept. of Commerce
NOAA National Weather Service
1325 East West Highway
Silver Spring, MD 20910
E-mail: w-nws.webmaster@noaa.gov
Page last modified: May 16, 2007
NATIONAL WEATHER SERVICE: for Safety, for Work, for Fun - FOR LIFE