792
CDAK48 PABE 201019
CLIBET

CLIMATE REPORT
NATIONAL WEATHER SERVICE BETHEL, AK
219 AM AKDT SAT SEP 20 2014

...................................
...THE BETHEL AP CLIMATE SUMMARY FOR SEPTEMBER 19 2014...

CLIMATE NORMAL PERIOD  1981 TO  2010
CLIMATE RECORD PERIOD  1923 TO  2014

WEATHER ITEM   OBSERVED TIME    RECORD YEAR NORMAL DEPARTURE LAST
               VALUE    (LST)   VALUE       VALUE  FROM      YEAR
                                                   NORMAL
...................................................................
TEMPERATURE
YESTERDAY
 MAXIMUM            54  0508 PM    71  2010     51       3     47
 MINIMUM            44  0932 AM    25  1972     38       6     32
 AVERAGE            49                          44       5     40

PRECIPITATION
(INCHES)
 YESTERDAY        0.03           0.86  1924   0.09   -0.06   0.00
 MONTH TO DATE    1.19                        1.81   -0.62   2.20
 SINCE SEP 1      1.19                        1.81   -0.62   2.20
 SINCE JAN 1     10.50                       13.23   -2.73  12.68

SNOWFALL
(INCHES)
 YESTERDAY         0.0            4.8  1948    0.1    -0.1    0.0
 MONTH TO DATE     0.0                         0.2    -0.2    0.0
 SINCE SEP 1       0.0                         0.2    -0.2    0.0
 SINCE JUL 1       0.0                         0.2    -0.2    0.0
 SNOW DEPTH (IN)     0                                          0

DEGREE DAYS
 HEATING
  YESTERDAY         16                          21      -5     25
  MONTH TO DATE    256                         323     -67    307
  SINCE SEP 1      256                         323     -67    307
  SINCE JUL 1      777                         965    -188    891

 COOLING
  YESTERDAY          0                           0       0      0
  MONTH TO DATE      0                           0       0      0
  SINCE SEP 1        0                           0       0      0
  SINCE JAN 1        0                           0       0     18
...................................................................

WIND (MPH)
 HIGHEST WIND SPEED    22     HIGHEST WIND DIRECTION    320
 HIGHEST GUST SPEED    30     HIGHEST GUST DIRECTION    310
 AVERAGE WIND SPEED  15.2

SKY COVER
  POSSIBLE SUNSHINE    MM          AVERAGE SKY COVER     MM

WEATHER CONDITIONS
 THE FOLLOWING WEATHER WAS RECORDED YESTERDAY.
  RAIN


RELATIVE HUMIDITY
 HIGHEST RH     MM PERCENT       MM
 LOWEST  RH     MM PERCENT       MM
 AVERAGE RH     MM PERCENT       MM
...................................................................

THE BETHEL CLIMATE NORMALS FOR TODAY
                           NORMAL    RECORD   YEAR
 MAXIMUM TEMPERATURE (F)     51        64     1926
 MINIMUM TEMPERATURE (F)     37        24     1987

SUNRISE AND SUNSET
 SEP 20 2014..........SUNRISE  8:28 AM      SUNSET  8:53 PM
 SEP 21 2014..........SUNRISE  8:30 AM      SUNSET  8:50 PM

-  INDICATES NEGATIVE NUMBERS.
R  INDICATES RECORD HAS BEEN SET OR TIED.
MM INDICATES DATA IS MISSING.
T  INDICATES TRACE OF PRECIPITATION.

&&
-------------------------------------------------------------------

AMOUNT OF DAYLIGHT TODAY  (HOUR:MIN)........12 HOURS 25 MINUTES
GAIN/LOSS SINCE YESTERDAY (HOUR:MIN:SEC)....-0:05:33

$$
DPA SEP 14





U.S. Dept. of Commerce
NOAA National Weather Service
1325 East West Highway
Silver Spring, MD 20910
E-mail: w-nws.webmaster@noaa.gov
Page last modified: May 16, 2007
NATIONAL WEATHER SERVICE: for Safety, for Work, for Fun - FOR LIFE