013
CDAK48 PABE 230903
CLIBET

CLIMATE REPORT
NATIONAL WEATHER SERVICE BETHEL, AK
103 AM AKDT WED APR 23 2014

...................................
...THE BETHEL AP CLIMATE SUMMARY FOR APRIL 22 2014...

CLIMATE NORMAL PERIOD  1981 TO  2010
CLIMATE RECORD PERIOD  1948 TO  2014

WEATHER ITEM   OBSERVED TIME    RECORD YEAR NORMAL DEPARTURE LAST
               VALUE    (LST)   VALUE       VALUE  FROM      YEAR
                                                   NORMAL
...................................................................
TEMPERATURE
YESTERDAY
 MAXIMUM            55  0409 PM    55  2014     38      17     34
 MINIMUM            32  0542 AM    -4  1966     23       9     13
 AVERAGE            44                          31      13     24

PRECIPITATION
(INCHES)
 YESTERDAY        0.00           0.57  1983   0.03   -0.03   0.00
 MONTH TO DATE    0.31                        0.52   -0.21   0.03
 SINCE MAR 1      0.79                        1.23   -0.44   0.81
 SINCE JAN 1      2.37                        2.73   -0.36   3.10

SNOWFALL
(INCHES)
 YESTERDAY         0.0            2.5  1983    0.2    -0.2    0.0
 MONTH TO DATE     1.0                         4.7    -3.7    0.4
 SINCE MAR 1       5.7                        12.9    -7.2    6.2
 SINCE JUL 1      27.8                        58.7   -30.9   41.4
 SNOW DEPTH (IN)     0                                          1

DEGREE DAYS
 HEATING
  YESTERDAY         21                          34     -13     41
  MONTH TO DATE    743                         886    -143   1118
  SINCE MAR 1     2356                        2430     -74   2745
  SINCE JUL 1     9821                       11176   -1355  11985

 COOLING
  YESTERDAY          0                           0       0      0
  MONTH TO DATE      0                           0       0      0
  SINCE MAR 1        0                           0       0      0
  SINCE JAN 1        0                           0       0      0
...................................................................

WIND (MPH)
 HIGHEST WIND SPEED    22     HIGHEST WIND DIRECTION    110
 HIGHEST GUST SPEED    26     HIGHEST GUST DIRECTION    120
 AVERAGE WIND SPEED  11.0

SKY COVER
  POSSIBLE SUNSHINE    MM          AVERAGE SKY COVER     MM

WEATHER CONDITIONS
 THE FOLLOWING WEATHER WAS RECORDED YESTERDAY.
  NO SIGNIFICANT WEATHER WAS OBSERVED.

RELATIVE HUMIDITY
 HIGHEST RH     MM PERCENT       MM
 LOWEST  RH     MM PERCENT       MM
 AVERAGE RH     MM PERCENT       MM
...................................................................

THE BETHEL CLIMATE NORMALS FOR TODAY
                           NORMAL    RECORD   YEAR
 MAXIMUM TEMPERATURE (F)     39        60     1996
 MINIMUM TEMPERATURE (F)     23        -7     1955

SUNRISE AND SUNSET
 APR 23 2014..........SUNRISE  7:04 AM      SUNSET 10:30 PM
 APR 24 2014..........SUNRISE  7:01 AM      SUNSET 10:33 PM

-  INDICATES NEGATIVE NUMBERS.
R  INDICATES RECORD HAS BEEN SET OR TIED.
MM INDICATES DATA IS MISSING.
T  INDICATES TRACE OF PRECIPITATION.

&&
-------------------------------------------------------------------

AMOUNT OF DAYLIGHT TODAY  (HOUR:MIN)........15 HOURS 26 MINUTES
GAIN/LOSS SINCE YESTERDAY (HOUR:MIN:SEC)....+0:05:33

$$
BW APR 14





U.S. Dept. of Commerce
NOAA National Weather Service
1325 East West Highway
Silver Spring, MD 20910
E-mail: w-nws.webmaster@noaa.gov
Page last modified: May 16, 2007
NATIONAL WEATHER SERVICE: for Safety, for Work, for Fun - FOR LIFE