521
CDAK48 PABE 251130
CLIBET

CLIMATE REPORT
NATIONAL WEATHER SERVICE BETHEL, AK
230 AM AKST TUE NOV 25 2014

...................................
...THE BETHEL AP CLIMATE SUMMARY FOR NOVEMBER 24 2014...

CLIMATE NORMAL PERIOD  1981 TO  2010
CLIMATE RECORD PERIOD  1923 TO  2014

WEATHER ITEM   OBSERVED TIME    RECORD YEAR NORMAL DEPARTURE LAST
               VALUE    (LST)   VALUE       VALUE  FROM      YEAR
                                                   NORMAL
...................................................................
TEMPERATURE
YESTERDAY
 MAXIMUM            20  1159 PM    40  2001     21      -1     22
 MINIMUM            13  0446 AM   -23  1994      9       4     -6
 AVERAGE            17                          15       2      8

PRECIPITATION
(INCHES)
 YESTERDAY        0.00           1.12  1990   0.05   -0.05   0.10
 MONTH TO DATE    1.07                        1.31   -0.24   2.46
 SINCE SEP 1      4.42                        5.71   -1.29   9.20
 SINCE JAN 1     13.73                       17.13   -3.40  19.68

SNOWFALL
(INCHES)
 YESTERDAY         0.0            9.3  1990    0.4    -0.4    1.0
 MONTH TO DATE     0.4                        10.1    -9.7    6.6
 SINCE SEP 1       7.2                        15.1    -7.9    6.6
 SINCE JUL 1       7.2                        15.1    -7.9    6.6
 SNOW DEPTH (IN)     T                                          2

DEGREE DAYS
 HEATING
  YESTERDAY         48                          50      -2     57
  MONTH TO DATE    907                        1123    -216   1022
  SINCE SEP 1     2540                        2783    -243   2451
  SINCE JUL 1     3061                        3425    -364   3038

 COOLING
  YESTERDAY          0                           0       0      0
  MONTH TO DATE      0                           0       0      0
  SINCE SEP 1        0                           0       0      0
  SINCE JAN 1        0                           0       0     18
...................................................................

WIND (MPH)
 HIGHEST WIND SPEED    16     HIGHEST WIND DIRECTION     10
 HIGHEST GUST SPEED    19     HIGHEST GUST DIRECTION     10
 AVERAGE WIND SPEED   7.2

SKY COVER
  POSSIBLE SUNSHINE    MM          AVERAGE SKY COVER     MM

WEATHER CONDITIONS
 THE FOLLOWING WEATHER WAS RECORDED YESTERDAY.
  GLAZE


RELATIVE HUMIDITY
 HIGHEST RH     MM PERCENT       MM
 LOWEST  RH     MM PERCENT       MM
 AVERAGE RH     MM PERCENT       MM
...................................................................

THE BETHEL CLIMATE NORMALS FOR TODAY
                           NORMAL    RECORD   YEAR
 MAXIMUM TEMPERATURE (F)     21        42     1931
 MINIMUM TEMPERATURE (F)      8       -24     1939

SUNRISE AND SUNSET
 NOV 25 2014..........SUNRISE 10:17 AM      SUNSET  4:53 PM
 NOV 26 2014..........SUNRISE 10:19 AM      SUNSET  4:51 PM

-  INDICATES NEGATIVE NUMBERS.
R  INDICATES RECORD HAS BEEN SET OR TIED.
MM INDICATES DATA IS MISSING.
T  INDICATES TRACE OF PRECIPITATION.

&&
-------------------------------------------------------------------

AMOUNT OF DAYLIGHT TODAY  (HOUR:MIN)........6 HOURS 36 MINUTES
GAIN/LOSS SINCE YESTERDAY (HOUR:MIN:SEC)....-0:04:09

$$
FONTENOT





U.S. Dept. of Commerce
NOAA National Weather Service
1325 East West Highway
Silver Spring, MD 20910
E-mail: w-nws.webmaster@noaa.gov
Page last modified: May 16, 2007
NATIONAL WEATHER SERVICE: for Safety, for Work, for Fun - FOR LIFE