780
CDAK48 PABE 301115
CLIBET

CLIMATE REPORT
NATIONAL WEATHER SERVICE BETHEL, AK
215 AM AKST FRI JAN 30 2015

...................................
...THE BETHEL AP CLIMATE SUMMARY FOR JANUARY 29 2015...

CLIMATE NORMAL PERIOD  1981 TO  2010
CLIMATE RECORD PERIOD  1923 TO  2015

WEATHER ITEM   OBSERVED TIME    RECORD YEAR NORMAL DEPARTURE LAST
               VALUE    (LST)   VALUE       VALUE  FROM      YEAR
                                                   NORMAL
...................................................................
TEMPERATURE
YESTERDAY
 MAXIMUM             0  0549 PM    41  2014     14     -14     41
 MINIMUM            -5  1118 AM   -42  1989      2      -7     30
 AVERAGE            -3                           8     -11     36

PRECIPITATION
(INCHES)
 YESTERDAY        0.00           0.21  2002   0.02   -0.02   0.00
 MONTH TO DATE    0.51                        0.73   -0.22   1.11
 SINCE DEC 1      2.10                        1.85    0.25   3.17
 SINCE JAN 1      0.51                        0.73   -0.22   1.11

SNOWFALL
(INCHES)
 YESTERDAY         0.0            3.3  2002    0.3    -0.3    0.0
 MONTH TO DATE     1.2                         9.1    -7.9    7.5
 SINCE DEC 1       7.7                        20.5   -12.8   14.8
 SINCE JUL 1      19.9                        38.4   -18.5   21.7
 SNOW DEPTH (IN)     1                                          T

DEGREE DAYS
 HEATING
  YESTERDAY         68                          57      11     29
  MONTH TO DATE   1632                        1698     -66   1146
  SINCE DEC 1     3036                        3392    -356   2690
  SINCE JUL 1     6311                        7122    -811   6044

 COOLING
  YESTERDAY          0                           0       0      0
  MONTH TO DATE      0                           0       0      0
  SINCE DEC 1        0                           0       0      0
  SINCE JAN 1        0                           0       0      0
...................................................................

WIND (MPH)
 HIGHEST WIND SPEED    23     HIGHEST WIND DIRECTION     10
 HIGHEST GUST SPEED    31     HIGHEST GUST DIRECTION     20
 AVERAGE WIND SPEED  17.0

SKY COVER
  POSSIBLE SUNSHINE    MM          AVERAGE SKY COVER     MM

WEATHER CONDITIONS
 THE FOLLOWING WEATHER WAS RECORDED YESTERDAY.
  NO SIGNIFICANT WEATHER WAS OBSERVED.

RELATIVE HUMIDITY
 HIGHEST RH     MM PERCENT       MM
 LOWEST  RH     MM PERCENT       MM
 AVERAGE RH     MM PERCENT       MM
...................................................................

THE BETHEL CLIMATE NORMALS FOR TODAY
                           NORMAL    RECORD   YEAR
 MAXIMUM TEMPERATURE (F)     14        47     2007
 MINIMUM TEMPERATURE (F)      2       -35     1989

SUNRISE AND SUNSET
 JAN 30 2015..........SUNRISE 10:11 AM      SUNSET  5:53 PM
 JAN 31 2015..........SUNRISE 10:08 AM      SUNSET  5:55 PM

-  INDICATES NEGATIVE NUMBERS.
R  INDICATES RECORD HAS BEEN SET OR TIED.
MM INDICATES DATA IS MISSING.
T  INDICATES TRACE OF PRECIPITATION.

&&
-------------------------------------------------------------------

AMOUNT OF DAYLIGHT TODAY  (HOUR:MIN)........7 HOURS 42 MINUTES
GAIN/LOSS SINCE YESTERDAY (HOUR:MIN:SEC)....+0:05:05

$$
ANDERSON





U.S. Dept. of Commerce
NOAA National Weather Service
1325 East West Highway
Silver Spring, MD 20910
E-mail: w-nws.webmaster@noaa.gov
Page last modified: May 16, 2007
NATIONAL WEATHER SERVICE: for Safety, for Work, for Fun - FOR LIFE