969
CDUS41 KOKX 200624
CLIBDR


CLIMATE REPORT
NATIONAL WEATHER SERVICE NEW YORK NY
123 AM EST SAT DEC 20 2014


...................................

...THE BRIDGEPORT CT CLIMATE SUMMARY FOR DECEMBER 19 2014...

CLIMATE NORMAL PERIOD 1981 TO 2010
CLIMATE RECORD PERIOD 1948 TO 2014


WEATHER ITEM   OBSERVED TIME   RECORD YEAR NORMAL DEPARTURE LAST
                VALUE   (LST)  VALUE       VALUE  FROM      YEAR
                                                  NORMAL
..................................................................
TEMPERATURE (F)
 YESTERDAY
  MAXIMUM         42   1258 PM  57    1967  41      1       42
  MINIMUM         30   1159 PM  10    1991  27      3       28
                                      1989
  AVERAGE         36                        34      2       35

PRECIPITATION (IN)
  YESTERDAY        0.00          0.64 1948   0.11  -0.11     0.00
  MONTH TO DATE    4.42                      2.11   2.31     2.34
  SINCE DEC 1      4.42                      2.11   2.31     2.34
  SINCE JAN 1     44.98                     41.52   3.46    34.67

SNOWFALL (IN)
  YESTERDAY        0.0          16.0  1948   0.2   -0.2      0.0
  MONTH TO DATE    0.7                       2.5   -1.8     10.8
  SINCE OCT 1      0.9                       3.2   -2.3     10.9
  SINCE JUL 1      0.9                       3.2   -2.3     10.9
  SNOW DEPTH       0

DEGREE DAYS
 HEATING
  YESTERDAY       29                        31     -2       30
  MONTH TO DATE  495                       530    -35      588
  SINCE DEC 1    495                       530    -35      588
  SINCE JUL 1   1401                      1504   -103     1541

 COOLING
  YESTERDAY        0                         0      0        0
  MONTH TO DATE    0                         0      0        0
  SINCE DEC 1      0                         0      0        0
  SINCE JAN 1    884                       825     59     1003
..................................................................


WIND (MPH)
  HIGHEST WIND SPEED    18   HIGHEST WIND DIRECTION    NW (300)
  HIGHEST GUST SPEED    23   HIGHEST GUST DIRECTION    NW (300)
  AVERAGE WIND SPEED     7.8


SKY COVER
  AVERAGE SKY COVER 0.7


WEATHER CONDITIONS
 THE FOLLOWING WEATHER WAS RECORDED YESTERDAY.
  NO SIGNIFICANT WEATHER WAS OBSERVED.


RELATIVE HUMIDITY (PERCENT)
 HIGHEST    75          1200 AM
 LOWEST     45           100 PM
 AVERAGE    60

..........................................................


THE BRIDGEPORT CT CLIMATE NORMALS FOR TODAY
                         NORMAL    RECORD    YEAR
 MAXIMUM TEMPERATURE (F)   41        58      1957
 MINIMUM TEMPERATURE (F)   27         4      1955


SUNRISE AND SUNSET
DECEMBER 20 2014......SUNRISE   714 AM EST   SUNSET   426 PM EST
DECEMBER 21 2014......SUNRISE   714 AM EST   SUNSET   427 PM EST


-  INDICATES NEGATIVE NUMBERS.
R  INDICATES RECORD WAS SET OR TIED.
MM INDICATES DATA IS MISSING.
T  INDICATES TRACE AMOUNT.




$$





U.S. Dept. of Commerce
NOAA National Weather Service
1325 East West Highway
Silver Spring, MD 20910
E-mail: w-nws.webmaster@noaa.gov
Page last modified: May 16, 2007
NATIONAL WEATHER SERVICE: for Safety, for Work, for Fun - FOR LIFE