926
CDUS41 KBOX 281509
CLIBDL


CLIMATE REPORT
NATIONAL WEATHER SERVICE TAUNTON MA
1006 AM EST FRI NOV 28 2014


...................................

...THE HARTFORD CT CLIMATE SUMMARY FOR NOVEMBER 27 2014...

CLIMATE NORMAL PERIOD 1981 TO 2010
CLIMATE RECORD PERIOD 1904 TO 2014


WEATHER ITEM   OBSERVED TIME   RECORD YEAR NORMAL DEPARTURE LAST
                VALUE   (LST)  VALUE       VALUE  FROM      YEAR
                                                  NORMAL
..................................................................
TEMPERATURE (F)
 YESTERDAY
  MAXIMUM         37    124 PM  64    1976  47    -10       51
  MINIMUM         31    817 AM  10    1932  30      1       33
  AVERAGE         34                        39     -5       42

PRECIPITATION (IN)
  YESTERDAY        0.05          3.20 2013   0.12  -0.07     3.20
  MONTH TO DATE    3.77                      3.49   0.28     4.02
  SINCE SEP 1      9.31                     11.74  -2.43     9.79
  SINCE JAN 1     41.28                     42.01  -0.73    47.79

SNOWFALL (IN)
  YESTERDAY        0.5           9.0  2002   0.1    0.4       T
  MONTH TO DATE    5.1                       1.6    3.5       T
  SINCE SEP 1      5.1                       1.6    3.5       T
  SINCE JUL 1      5.1                       1.6    3.5       T
  SNOW DEPTH       0

DEGREE DAYS
 HEATING
  YESTERDAY       31                        27      4       23
  MONTH TO DATE  616                       596     20      635
  SINCE SEP 1    999                      1113   -114     1116
  SINCE JUL 1   1001                      1125   -124     1118

 COOLING
  YESTERDAY        0                         0      0        0
  MONTH TO DATE    0                         0      0        0
  SINCE SEP 1    112                        81     31       70
  SINCE JAN 1    771                       756     15      894
..................................................................


WIND (MPH)
  RESULTANT WIND SPEED   5   RESULTANT WIND DIRECTION   N (340)
  HIGHEST WIND SPEED    10   HIGHEST WIND DIRECTION     N (360)
  HIGHEST GUST SPEED    15   HIGHEST GUST DIRECTION     W (290)
  AVERAGE WIND SPEED     5.1


SKY COVER
  POSSIBLE SUNSHINE  MM
  AVERAGE SKY COVER 0.9


WEATHER CONDITIONS
 THE FOLLOWING WEATHER WAS RECORDED YESTERDAY.
  LIGHT SNOW
  FOG


RELATIVE HUMIDITY (PERCENT)
 HIGHEST    89           100 AM
 LOWEST     70          1200 PM
 AVERAGE    80

..........................................................


THE HARTFORD CT CLIMATE NORMALS FOR TODAY
                         NORMAL    RECORD    YEAR
 MAXIMUM TEMPERATURE (F)   47        71      1990
 MINIMUM TEMPERATURE (F)   30        12      2002


SUNRISE AND SUNSET
NOVEMBER 28 2014......SUNRISE   656 AM EST   SUNSET   421 PM EST
NOVEMBER 29 2014......SUNRISE   657 AM EST   SUNSET   421 PM EST


-  INDICATES NEGATIVE NUMBERS.
R  INDICATES RECORD WAS SET OR TIED.
MM INDICATES DATA IS MISSING.
T  INDICATES TRACE AMOUNT.




$$





U.S. Dept. of Commerce
NOAA National Weather Service
1325 East West Highway
Silver Spring, MD 20910
E-mail: w-nws.webmaster@noaa.gov
Page last modified: May 16, 2007
NATIONAL WEATHER SERVICE: for Safety, for Work, for Fun - FOR LIFE