533
CDUS41 KBOX 230549
CLIBDL


CLIMATE REPORT
NATIONAL WEATHER SERVICE TAUNTON MA
138 AM EDT WED APR 23 2014


...................................

...THE HARTFORD CT CLIMATE SUMMARY FOR APRIL 22 2014...

CLIMATE NORMAL PERIOD 1981 TO 2010
CLIMATE RECORD PERIOD 1904 TO 2014


WEATHER ITEM   OBSERVED TIME   RECORD YEAR NORMAL DEPARTURE LAST
                VALUE   (LST)  VALUE       VALUE  FROM      YEAR
                                                  NORMAL
..................................................................
TEMPERATURE (F)
 YESTERDAY
  MAXIMUM         73    222 PM  90    1977  63     10       59
                                      1973
  MINIMUM         43    447 AM  28    2011  41      2       32
                                      1984
                                      1947
  AVERAGE         58                        52      6       46

PRECIPITATION (IN)
  YESTERDAY        0.01          2.98 1969   0.12  -0.11     0.00
  MONTH TO DATE    2.45                      2.72  -0.27     1.67
  SINCE MAR 1      7.17                      6.34   0.83     4.27
  SINCE JAN 1     14.54                     12.46   2.08     9.78

SNOWFALL (IN)
  YESTERDAY        0.0           0.2  1940   0.0    0.0      0.0
  MONTH TO DATE    0.2                       1.3   -1.1      0.0
  SINCE MAR 1      1.0                       7.7   -6.7      9.8
  SINCE JUL 1     51.1                      40.4   10.7     56.9
  SNOW DEPTH       0

DEGREE DAYS
 HEATING
  YESTERDAY        7                        13     -6       19
  MONTH TO DATE  350                       379    -29      386
  SINCE MAR 1   1389                      1222    167     1246
  SINCE JUL 1   6068                      5660    408     5398

 COOLING
  YESTERDAY        0                         0      0        0
  MONTH TO DATE    1                         0      1        0
  SINCE MAR 1      1                         0      1        0
  SINCE JAN 1      1                         0      1        0
..................................................................


WIND (MPH)
  RESULTANT WIND SPEED  10   RESULTANT WIND DIRECTION   S (180)
  HIGHEST WIND SPEED    22   HIGHEST WIND DIRECTION     S (190)
  HIGHEST GUST SPEED    28   HIGHEST GUST DIRECTION     S (180)
  AVERAGE WIND SPEED     9.7


SKY COVER
  POSSIBLE SUNSHINE  MM
  AVERAGE SKY COVER 0.7


WEATHER CONDITIONS
 THE FOLLOWING WEATHER WAS RECORDED YESTERDAY.
  LIGHT RAIN


RELATIVE HUMIDITY (PERCENT)
 HIGHEST    89          1000 PM
 LOWEST     35           300 PM
 AVERAGE    62

..........................................................


THE HARTFORD CT CLIMATE NORMALS FOR TODAY
                         NORMAL    RECORD    YEAR
 MAXIMUM TEMPERATURE (F)   64        88      2007
 MINIMUM TEMPERATURE (F)   41        26      1989


SUNRISE AND SUNSET
APRIL 23 2014.........SUNRISE   558 AM EDT   SUNSET   741 PM EDT
APRIL 24 2014.........SUNRISE   557 AM EDT   SUNSET   742 PM EDT


-  INDICATES NEGATIVE NUMBERS.
R  INDICATES RECORD WAS SET OR TIED.
MM INDICATES DATA IS MISSING.
T  INDICATES TRACE AMOUNT.




$$





U.S. Dept. of Commerce
NOAA National Weather Service
1325 East West Highway
Silver Spring, MD 20910
E-mail: w-nws.webmaster@noaa.gov
Page last modified: May 16, 2007
NATIONAL WEATHER SERVICE: for Safety, for Work, for Fun - FOR LIFE