012
CDUS43 KGRR 280523
CLIAZO


CLIMATE REPORT
NATIONAL WEATHER SERVICE GRAND RAPIDS, MI
123 AM EDT MON JUL 28 2014


...................................

...THE KALAMAZOO MI CLIMATE SUMMARY FOR JULY 27 2014...

CLIMATE NORMAL PERIOD 1981 TO 2010
CLIMATE RECORD PERIOD 9999 TO 9999


WEATHER ITEM   OBSERVED TIME   NORMAL DEPARTURE LAST
                VALUE   (LST)  VALUE  FROM      YEAR
                                      NORMAL
......................................................
TEMPERATURE (F)
 YESTERDAY
  MAXIMUM         86    247 PM  83      3       73
  MINIMUM         63   1159 PM  62      1       53
  AVERAGE         75            72      3       63

PRECIPITATION (IN)
  YESTERDAY        0.12          0.11   0.01      T
  MONTH TO DATE    2.95          3.21  -0.26     3.08
  SINCE JUN 1      6.82          6.79   0.03     9.37
  SINCE JAN 1     15.24         19.23  -3.99    24.43

DEGREE DAYS
 HEATING
  YESTERDAY        0             0      0        2
  MONTH TO DATE   15             0     15        7
  SINCE JUN 1     34            48    -14       46
  SINCE JUL 1     15             0     15        7

 COOLING
  YESTERDAY       10             8      2        0
  MONTH TO DATE  109           213   -104      231
  SINCE JUN 1    289           358    -69      377
  SINCE JAN 1    343           399    -56      457
......................................................


WIND (MPH)
  RESULTANT WIND SPEED   6   RESULTANT WIND DIRECTION   W (270)
  HIGHEST WIND SPEED    36   HIGHEST WIND DIRECTION    NW (330)
  HIGHEST GUST SPEED    43   HIGHEST GUST DIRECTION     N (340)
  AVERAGE WIND SPEED     8.3


SKY COVER
  AVERAGE SKY COVER 0.7


WEATHER CONDITIONS
 THE FOLLOWING WEATHER WAS RECORDED YESTERDAY.
  THUNDERSTORM
  HEAVY RAIN
  LIGHT RAIN
  FOG
  FOG W/VISIBILITY <= 1/4 MILE
  HAZE


RELATIVE HUMIDITY (PERCENT)
 HIGHEST   100           600 AM
 LOWEST     44           300 PM
 AVERAGE    72

..........................................................


THE KALAMAZOO MI CLIMATE NORMALS FOR TODAY
                         NORMAL
 MAXIMUM TEMPERATURE (F)   83
 MINIMUM TEMPERATURE (F)   62


SUNRISE AND SUNSET
JULY 28 2014..........SUNRISE   631 AM EDT   SUNSET   906 PM EDT
JULY 29 2014..........SUNRISE   632 AM EDT   SUNSET   905 PM EDT


-  INDICATES NEGATIVE NUMBERS.
R  INDICATES RECORD WAS SET OR TIED.
MM INDICATES DATA IS MISSING.
T  INDICATES TRACE AMOUNT.




$$





U.S. Dept. of Commerce
NOAA National Weather Service
1325 East West Highway
Silver Spring, MD 20910
E-mail: w-nws.webmaster@noaa.gov
Page last modified: May 16, 2007
NATIONAL WEATHER SERVICE: for Safety, for Work, for Fun - FOR LIFE