640
CDUS43 KGRR 222230
CLIAZO


CLIMATE REPORT
NATIONAL WEATHER SERVICE GRAND RAPIDS, MI
530 PM EST SAT NOV 22 2014


...................................

...THE KALAMAZOO MI CLIMATE SUMMARY FOR NOVEMBER 22 2014...
VALID TODAY AS OF 0500 PM LOCAL TIME.

CLIMATE NORMAL PERIOD 1981 TO 2010
CLIMATE RECORD PERIOD 1998 TO 2014


WEATHER ITEM   OBSERVED TIME   RECORD YEAR NORMAL DEPARTURE LAST
                VALUE   (LST)  VALUE       VALUE  FROM      YEAR
                                                  NORMAL
..................................................................
TEMPERATURE (F)
 TODAY
  MAXIMUM         43    458 PM  MM      MM  44     -1       46
  MINIMUM         24   1209 AM  MM      MM  31     -7       25
  AVERAGE         34                        38     -4       36

PRECIPITATION (IN)
  TODAY            0.09         MM      MM   0.09   0.00     0.01
  MONTH TO DATE    0.57                      2.29  -1.72     2.49
  SINCE SEP 1      8.28                      9.44  -1.16     8.88
  SINCE JAN 1     25.07                     33.03  -7.96    37.97

DEGREE DAYS
 HEATING
  TODAY           31                        27      4       29
  MONTH TO DATE  682                       502    180      508
  SINCE SEP 1   1270                      1078    192     1015
  SINCE JUL 1   1302                      1094    208     1052

 COOLING
  TODAY            0                         0      0        0
  MONTH TO DATE    0                         0      0        0
  SINCE SEP 1     58                        64     -6       97
  SINCE JAN 1    609                       675    -66      725
..................................................................


WIND (MPH)
  RESULTANT WIND SPEED  12   RESULTANT WIND DIRECTION   S (190)
  HIGHEST WIND SPEED    18   HIGHEST WIND DIRECTION     S (190)
  HIGHEST GUST SPEED    22   HIGHEST GUST DIRECTION     S (200)
  AVERAGE WIND SPEED    12.1



WEATHER CONDITIONS
 THE FOLLOWING WEATHER WAS RECORDED TODAY.
  LIGHT RAIN
  LT FREEZING RAIN
  LIGHT SNOW
  FOG
  HAZE


RELATIVE HUMIDITY (PERCENT)
 HIGHEST    93           400 PM
 LOWEST     57           100 AM
 AVERAGE    75

..........................................................




SUNRISE AND SUNSET
NOVEMBER 22 2014......SUNRISE   741 AM EST   SUNSET   515 PM EST
NOVEMBER 23 2014......SUNRISE   742 AM EST   SUNSET   515 PM EST


-  INDICATES NEGATIVE NUMBERS.
R  INDICATES RECORD WAS SET OR TIED.
MM INDICATES DATA IS MISSING.
T  INDICATES TRACE AMOUNT.




$$





U.S. Dept. of Commerce
NOAA National Weather Service
1325 East West Highway
Silver Spring, MD 20910
E-mail: w-nws.webmaster@noaa.gov
Page last modified: May 16, 2007
NATIONAL WEATHER SERVICE: for Safety, for Work, for Fun - FOR LIFE