931
CDUS43 KGRR 241335
CLIAZO


CLIMATE REPORT
NATIONAL WEATHER SERVICE GRAND RAPIDS, MI
934 AM EDT THU APR 24 2014


...................................

...THE KALAMAZOO MI CLIMATE SUMMARY FOR APRIL 24 2014...
VALID AS OF 0900 AM LOCAL TIME.

CLIMATE NORMAL PERIOD 1981 TO 2010
CLIMATE RECORD PERIOD 9999 TO 9999


WEATHER ITEM   OBSERVED TIME   RECORD YEAR NORMAL DEPARTURE LAST
                VALUE   (LST)  VALUE       VALUE  FROM      YEAR
                                                  NORMAL
..................................................................
TEMPERATURE (F)
 TODAY
  MAXIMUM         48    759 AM  MM      MM  63    -15       45
  MINIMUM         47    635 AM  MM      MM  41      6       35
  AVERAGE         48                        52     -4       40

PRECIPITATION (IN)
  TODAY            0.00         MM      MM   0.09  -0.09     0.06
  MONTH TO DATE    1.36                      2.31  -0.95     5.54
  SINCE MAR 1      2.61                      4.56  -1.95     6.22
  SINCE JAN 1      5.14                      7.80  -2.66    10.88

DEGREE DAYS
 HEATING
  TODAY           17                        13      4       25
  MONTH TO DATE  434                       414     20      495
  SINCE MAR 1   1593                      1298    295     1515

 COOLING
  TODAY            0                         0      0        0
  MONTH TO DATE    0                         0      0        0
  SINCE MAR 1      0                         0      0        0
..................................................................


WIND (MPH)
  HIGHEST WIND SPEED     9   HIGHEST WIND DIRECTION    SE (140)
  HIGHEST GUST SPEED    15   HIGHEST GUST DIRECTION     S (160)



WEATHER CONDITIONS
 THE FOLLOWING WEATHER WAS RECORDED TODAY.
  NO SIGNIFICANT WEATHER WAS OBSERVED.


..........................................................




SUNRISE AND SUNSET
APRIL 24 2014.........SUNRISE   648 AM EDT   SUNSET   834 PM EDT
APRIL 25 2014.........SUNRISE   646 AM EDT   SUNSET   835 PM EDT


-  INDICATES NEGATIVE NUMBERS.
R  INDICATES RECORD WAS SET OR TIED.
MM INDICATES DATA IS MISSING.
T  INDICATES TRACE AMOUNT.




$$





U.S. Dept. of Commerce
NOAA National Weather Service
1325 East West Highway
Silver Spring, MD 20910
E-mail: w-nws.webmaster@noaa.gov
Page last modified: May 16, 2007
NATIONAL WEATHER SERVICE: for Safety, for Work, for Fun - FOR LIFE