630
CDUS43 KGRR 302125
CLIAZO


CLIMATE REPORT
NATIONAL WEATHER SERVICE GRAND RAPIDS, MI
524 PM EDT THU OCT 30 2014


...................................

...THE KALAMAZOO MI CLIMATE SUMMARY FOR OCTOBER 30 2014...
VALID TODAY AS OF 0500 PM LOCAL TIME.

CLIMATE NORMAL PERIOD 1981 TO 2010
CLIMATE RECORD PERIOD 1998 TO 2014


WEATHER ITEM   OBSERVED TIME   RECORD YEAR NORMAL DEPARTURE LAST
                VALUE   (LST)  VALUE       VALUE  FROM      YEAR
                                                  NORMAL
..................................................................
TEMPERATURE (F)
 TODAY
  MAXIMUM         50    359 PM  MM      MM  55     -5       64
  MINIMUM         43    429 AM  MM      MM  38      5       37
  AVERAGE         47                        47      0       51

PRECIPITATION (IN)
  TODAY            0.00         MM      MM   0.10  -0.10     0.73
  MONTH TO DATE    4.74                      3.24   1.50     2.86
  SINCE SEP 1      7.56                      7.06   0.50     4.59
  SINCE JAN 1     24.35                     30.65  -6.30    33.68

DEGREE DAYS
 HEATING
  TODAY           18                        18      0       14
  MONTH TO DATE  414                       424    -10      381
  SINCE SEP 1    563                       557      6      500
  SINCE JUL 1    595                       573     22      537

 COOLING
  TODAY            0                         0      0        0
  MONTH TO DATE    0                         7     -7       16
  SINCE SEP 1     58                        63     -5       97
  SINCE JAN 1    609                       674    -65      725
..................................................................


WIND (MPH)
  RESULTANT WIND SPEED   5   RESULTANT WIND DIRECTION  SW (210)
  HIGHEST WIND SPEED    14   HIGHEST WIND DIRECTION    SW (210)
  HIGHEST GUST SPEED    16   HIGHEST GUST DIRECTION    SW (210)
  AVERAGE WIND SPEED     5.2



WEATHER CONDITIONS
 THE FOLLOWING WEATHER WAS RECORDED TODAY.
  NO SIGNIFICANT WEATHER WAS OBSERVED.


RELATIVE HUMIDITY (PERCENT)
 HIGHEST    82           100 AM
 LOWEST     56           200 PM
 AVERAGE    69

..........................................................




SUNRISE AND SUNSET
OCTOBER 30 2014.......SUNRISE   813 AM EDT   SUNSET   638 PM EDT
OCTOBER 31 2014.......SUNRISE   814 AM EDT   SUNSET   637 PM EDT


-  INDICATES NEGATIVE NUMBERS.
R  INDICATES RECORD WAS SET OR TIED.
MM INDICATES DATA IS MISSING.
T  INDICATES TRACE AMOUNT.




$$






U.S. Dept. of Commerce
NOAA National Weather Service
1325 East West Highway
Silver Spring, MD 20910
E-mail: w-nws.webmaster@noaa.gov
Page last modified: May 16, 2007
NATIONAL WEATHER SERVICE: for Safety, for Work, for Fun - FOR LIFE