013
CDUS43 KGRR 242228
CLIAZO


CLIMATE REPORT
NATIONAL WEATHER SERVICE GRAND RAPIDS, MI
526 PM EST MON NOV 24 2014


...................................

...THE KALAMAZOO MI CLIMATE SUMMARY FOR NOVEMBER 24 2014...
VALID TODAY AS OF 0500 PM LOCAL TIME.

CLIMATE NORMAL PERIOD 1981 TO 2010
CLIMATE RECORD PERIOD 1998 TO 2014


WEATHER ITEM   OBSERVED TIME   RECORD YEAR NORMAL DEPARTURE LAST
                VALUE   (LST)  VALUE       VALUE  FROM      YEAR
                                                  NORMAL
..................................................................
TEMPERATURE (F)
 TODAY
  MAXIMUM         53    334 AM  MM      MM  43     10       25
  MINIMUM         34    459 PM  MM      MM  31      3       14
  AVERAGE         44                        37      7       20

PRECIPITATION (IN)
  TODAY            0.77         MM      MM   0.08   0.69      T
  MONTH TO DATE    2.55                      2.46   0.09     2.49
  SINCE SEP 1     10.26                      9.61   0.65     8.88
  SINCE JAN 1     27.05                     33.20  -6.15    37.97

DEGREE DAYS
 HEATING
  TODAY           21                        28     -7       45
  MONTH TO DATE  715                       558    157      595
  SINCE SEP 1   1303                      1134    169     1102
  SINCE JUL 1   1335                      1150    185     1139

 COOLING
  TODAY            0                         0      0        0
  MONTH TO DATE    0                         0      0        0
  SINCE SEP 1     58                        64     -6       97
  SINCE JAN 1    609                       675    -66      725
..................................................................


WIND (MPH)
  RESULTANT WIND SPEED  12   RESULTANT WIND DIRECTION  SW (220)
  HIGHEST WIND SPEED    32   HIGHEST WIND DIRECTION    SW (240)
  HIGHEST GUST SPEED    45   HIGHEST GUST DIRECTION    SW (240)
  AVERAGE WIND SPEED    12.9



WEATHER CONDITIONS
 THE FOLLOWING WEATHER WAS RECORDED TODAY.
  RAIN
  LIGHT RAIN
  LIGHT SNOW
  FOG


RELATIVE HUMIDITY (PERCENT)
 HIGHEST    96           300 AM
 LOWEST     82           500 PM
 AVERAGE    89

..........................................................




SUNRISE AND SUNSET
NOVEMBER 24 2014......SUNRISE   743 AM EST   SUNSET   514 PM EST
NOVEMBER 25 2014......SUNRISE   745 AM EST   SUNSET   513 PM EST


-  INDICATES NEGATIVE NUMBERS.
R  INDICATES RECORD WAS SET OR TIED.
MM INDICATES DATA IS MISSING.
T  INDICATES TRACE AMOUNT.




$$

63





U.S. Dept. of Commerce
NOAA National Weather Service
1325 East West Highway
Silver Spring, MD 20910
E-mail: w-nws.webmaster@noaa.gov
Page last modified: May 16, 2007
NATIONAL WEATHER SERVICE: for Safety, for Work, for Fun - FOR LIFE