200
CDUS41 KBGM 250601
CLIAVP


CLIMATE REPORT
NATIONAL WEATHER SERVICE BINGHAMTON NY
158 AM EDT SAT OCT 25 2014


...................................

...THE AVOCA PA CLIMATE SUMMARY FOR OCTOBER 24 2014...

CLIMATE NORMAL PERIOD 1981 TO 2010
CLIMATE RECORD PERIOD 1901 TO 2014


WEATHER ITEM   OBSERVED TIME   RECORD YEAR NORMAL DEPARTURE LAST
                VALUE   (LST)  VALUE       VALUE  FROM      YEAR
                                                  NORMAL
..................................................................
TEMPERATURE (F)
 YESTERDAY
  MAXIMUM         66    323 PM  77    2001  58      8       48
  MINIMUM         44   1159 PM  21    1969  39      5       33
  AVERAGE         55                        48      7       41

PRECIPITATION (IN)
  YESTERDAY        0.00          1.23 1917   0.10  -0.10      T
  MONTH TO DATE    4.07                      2.65   1.42     1.29
  SINCE SEP 1      4.76                      6.72  -1.96     2.86
  SINCE JAN 1     26.32                     31.75  -5.43    21.21

SNOWFALL (IN)
  YESTERDAY        0.0           0.3  1960   0.0    0.0       T
  MONTH TO DATE    0.0                       0.0    0.0       T
  SINCE SEP 1      0.0                       0.0    0.0       T
  SINCE JUL 1      0.0                       0.0    0.0       T

DEGREE DAYS
 HEATING
  YESTERDAY       10                        17     -7       24
  MONTH TO DATE  217                       315    -98      180
  SINCE SEP 1    319                       451   -132      333
  SINCE JUL 1    330                       477   -147      342

 COOLING
  YESTERDAY        0                         0      0        0
  MONTH TO DATE   11                         0     11       24
  SINCE SEP 1    100                        52     48       93
  SINCE JAN 1    686                       576    110      795
..................................................................


WIND (MPH)
  HIGHEST WIND SPEED    21   HIGHEST WIND DIRECTION    NW (310)
  HIGHEST GUST SPEED    28   HIGHEST GUST DIRECTION     N (340)
  AVERAGE WIND SPEED     9.9


SKY COVER
  AVERAGE SKY COVER 0.4



RELATIVE HUMIDITY (PERCENT)
 HIGHEST    80          1200 AM
 LOWEST     40           300 PM
 AVERAGE    60

..........................................................


THE AVOCA PA CLIMATE NORMALS FOR TODAY
                         NORMAL    RECORD    YEAR
 MAXIMUM TEMPERATURE (F)   58        77      1963
 MINIMUM TEMPERATURE (F)   38        27      1962


SUNRISE AND SUNSET
OCTOBER 25 2014.......SUNRISE   726 AM EDT   SUNSET   607 PM EDT
OCTOBER 26 2014.......SUNRISE   727 AM EDT   SUNSET   606 PM EDT


-  INDICATES NEGATIVE NUMBERS.
R  INDICATES RECORD WAS SET OR TIED.
MM INDICATES DATA IS MISSING.
T  INDICATES TRACE AMOUNT.

$$






U.S. Dept. of Commerce
NOAA National Weather Service
1325 East West Highway
Silver Spring, MD 20910
E-mail: w-nws.webmaster@noaa.gov
Page last modified: May 16, 2007
NATIONAL WEATHER SERVICE: for Safety, for Work, for Fun - FOR LIFE