908
CDUS41 KBGM 010653
CLIAVP


CLIMATE REPORT
NATIONAL WEATHER SERVICE BINGHAMTON NY
253 AM EDT FRI AUG 1 2014


...................................

...THE AVOCA PA CLIMATE SUMMARY FOR JULY 31 2014...

CLIMATE NORMAL PERIOD 1981 TO 2010
CLIMATE RECORD PERIOD 1901 TO 2014


WEATHER ITEM   OBSERVED TIME   RECORD YEAR NORMAL DEPARTURE LAST
                VALUE   (LST)  VALUE       VALUE  FROM      YEAR
                                                  NORMAL
..................................................................
TEMPERATURE (F)
 YESTERDAY
  MAXIMUM         81    417 PM  98    1917  82     -1       81
  MINIMUM         59    609 AM  47    1956  61     -2       56
  AVERAGE         70                        71     -1       69

PRECIPITATION (IN)
  YESTERDAY        T             2.85 1946   0.13  -0.13     0.00
  MONTH TO DATE    2.49                      3.79  -1.30     1.74
  SINCE JUN 1      4.65                      7.82  -3.17     7.15
  SINCE JAN 1     17.36                     21.62  -4.26    16.92

SNOWFALL (IN)
  YESTERDAY        0.0           0.0  1995   0.0    0.0      0.0
  MONTH TO DATE    0.0                       0.0    0.0      0.0
  SINCE JUN 1      0.0                       0.0    0.0      0.0
  SINCE JUL 1      0.0                       0.0    0.0      0.0

DEGREE DAYS
 HEATING
  YESTERDAY        0                         0      0        0
  MONTH TO DATE    2                         0      2        1
  SINCE JUN 1     13                        62    -49       22
  SINCE JUL 1      2                         8     -6        1

 COOLING
  YESTERDAY        5                         6     -1        4
  MONTH TO DATE  235                       206     29      329
  SINCE JUN 1    394                       323     71      465
  SINCE JAN 1    435                       360     75      529
..................................................................


WIND (MPH)
  HIGHEST WIND SPEED    17   HIGHEST WIND DIRECTION     W (270)
  HIGHEST GUST SPEED    24   HIGHEST GUST DIRECTION     W (270)
  AVERAGE WIND SPEED     5.2


SKY COVER
  AVERAGE SKY COVER 0.4



RELATIVE HUMIDITY (PERCENT)
 HIGHEST    90           700 AM
 LOWEST     42           400 PM
 AVERAGE    66

..........................................................


THE AVOCA PA CLIMATE NORMALS FOR TODAY
                         NORMAL    RECORD    YEAR
 MAXIMUM TEMPERATURE (F)   82        96      1955
 MINIMUM TEMPERATURE (F)   61        48      1910


SUNRISE AND SUNSET
AUGUST  1 2014........SUNRISE   558 AM EDT   SUNSET   820 PM EDT
AUGUST  2 2014........SUNRISE   559 AM EDT   SUNSET   819 PM EDT


-  INDICATES NEGATIVE NUMBERS.
R  INDICATES RECORD WAS SET OR TIED.
MM INDICATES DATA IS MISSING.
T  INDICATES TRACE AMOUNT.




$$





U.S. Dept. of Commerce
NOAA National Weather Service
1325 East West Highway
Silver Spring, MD 20910
E-mail: w-nws.webmaster@noaa.gov
Page last modified: May 16, 2007
NATIONAL WEATHER SERVICE: for Safety, for Work, for Fun - FOR LIFE