970
CDUS41 KBGM 300550
CLIAVP


CLIMATE REPORT
NATIONAL WEATHER SERVICE BINGHAMTON NY
150 AM EDT THU OCT 30 2014


...................................

...THE AVOCA PA CLIMATE SUMMARY FOR OCTOBER 29 2014...

CLIMATE NORMAL PERIOD 1981 TO 2010
CLIMATE RECORD PERIOD 1901 TO 2014


WEATHER ITEM   OBSERVED TIME   RECORD YEAR NORMAL DEPARTURE LAST
                VALUE   (LST)  VALUE       VALUE  FROM      YEAR
                                                  NORMAL
..................................................................
TEMPERATURE (F)
 YESTERDAY
  MAXIMUM         67    237 AM  76    1946  56     11       49
  MINIMUM         47   1150 PM  22    1940  38      9       32
  AVERAGE         57                        47     10       41

PRECIPITATION (IN)
  YESTERDAY        0.15          1.69 2012   0.10   0.05     0.00
  MONTH TO DATE    4.22                      3.15   1.07     1.29
  SINCE SEP 1      4.91                      7.22  -2.31     2.86
  SINCE JAN 1     26.47                     32.25  -5.78    21.21

SNOWFALL (IN)
  YESTERDAY        0.0           9.1  2011   0.1   -0.1      0.0
  MONTH TO DATE    0.0                       0.1   -0.1       T
  SINCE SEP 1      0.0                       0.1   -0.1       T
  SINCE JUL 1      0.0                       0.1   -0.1       T

DEGREE DAYS
 HEATING
  YESTERDAY        8                        18    -10       24
  MONTH TO DATE  266                       403   -137      296
  SINCE SEP 1    368                       539   -171      449
  SINCE JUL 1    379                       565   -186      458

 COOLING
  YESTERDAY        0                         0      0        0
  MONTH TO DATE   11                         0     11       24
  SINCE SEP 1    100                        52     48       93
  SINCE JAN 1    686                       576    110      795
..................................................................


WIND (MPH)
  HIGHEST WIND SPEED    15   HIGHEST WIND DIRECTION     W (260)
  HIGHEST GUST SPEED    21   HIGHEST GUST DIRECTION    SW (240)
  AVERAGE WIND SPEED     4.9


SKY COVER
  AVERAGE SKY COVER 0.8



RELATIVE HUMIDITY (PERCENT)
 HIGHEST    93           800 PM
 LOWEST     56           100 AM
 AVERAGE    75

..........................................................


THE AVOCA PA CLIMATE NORMALS FOR TODAY
                         NORMAL    RECORD    YEAR
 MAXIMUM TEMPERATURE (F)   56        78      1946
 MINIMUM TEMPERATURE (F)   37        25      1969
                                             1967


SUNRISE AND SUNSET
OCTOBER 30 2014.......SUNRISE   732 AM EDT   SUNSET   601 PM EDT
OCTOBER 31 2014.......SUNRISE   733 AM EDT   SUNSET   559 PM EDT


-  INDICATES NEGATIVE NUMBERS.
R  INDICATES RECORD WAS SET OR TIED.
MM INDICATES DATA IS MISSING.
T  INDICATES TRACE AMOUNT.




$$






U.S. Dept. of Commerce
NOAA National Weather Service
1325 East West Highway
Silver Spring, MD 20910
E-mail: w-nws.webmaster@noaa.gov
Page last modified: May 16, 2007
NATIONAL WEATHER SERVICE: for Safety, for Work, for Fun - FOR LIFE