669
CDUS41 KBGM 220649
CLIAVP


CLIMATE REPORT
NATIONAL WEATHER SERVICE BINGHAMTON NY
147 AM EST MON DEC 22 2014


...................................

...THE AVOCA PA CLIMATE SUMMARY FOR DECEMBER 21 2014...

CLIMATE NORMAL PERIOD 1981 TO 2010
CLIMATE RECORD PERIOD 1901 TO 2014


WEATHER ITEM   OBSERVED TIME   RECORD YEAR NORMAL DEPARTURE LAST
                VALUE   (LST)  VALUE       VALUE  FROM      YEAR
                                                  NORMAL
..................................................................
TEMPERATURE (F)
 YESTERDAY
  MAXIMUM         32    203 PM  57    1953  36     -4       56
  MINIMUM         29    953 AM  -5    1942  22      7       38
  AVERAGE         31                        29      2       47

PRECIPITATION (IN)
  YESTERDAY        0.00          1.57 1973   0.08  -0.08     0.05
  MONTH TO DATE    2.14                      1.90   0.24     2.03
  SINCE DEC 1      2.14                      1.90   0.24     2.03
  SINCE JAN 1     30.41                     37.48  -7.07    26.26

SNOWFALL (IN)
  YESTERDAY        0.0           8.0  1973   0.3   -0.3      0.0
  MONTH TO DATE    4.4                       4.2    0.2      9.0
  SINCE DEC 1      4.4                       4.2    0.2      9.0
  SINCE JUL 1     13.3                       7.2    6.1     11.7

DEGREE DAYS
 HEATING
  YESTERDAY       34                        36     -2       18
  MONTH TO DATE  645                       691    -46      717
  SINCE DEC 1    645                       691    -46      717
  SINCE JUL 1   1835                      2004   -169     1993

 COOLING
  YESTERDAY        0                         0      0        0
  MONTH TO DATE    0                         0      0        0
  SINCE DEC 1      0                         0      0        0
  SINCE JAN 1    686                       580    106      795
..................................................................


WIND (MPH)
  HIGHEST WIND SPEED    12   HIGHEST WIND DIRECTION     N (340)
  HIGHEST GUST SPEED    14   HIGHEST GUST DIRECTION     N (340)
  AVERAGE WIND SPEED     4.1


SKY COVER
  AVERAGE SKY COVER 1.0



RELATIVE HUMIDITY (PERCENT)
 HIGHEST    69           200 AM
 LOWEST     63          1200 AM
 AVERAGE    66

..........................................................


THE AVOCA PA CLIMATE NORMALS FOR TODAY
                         NORMAL    RECORD    YEAR
 MAXIMUM TEMPERATURE (F)   36        66      2013
 MINIMUM TEMPERATURE (F)   22        -1      1989
                                             1944


SUNRISE AND SUNSET
DECEMBER 22 2014......SUNRISE   726 AM EST   SUNSET   437 PM EST
DECEMBER 23 2014......SUNRISE   726 AM EST   SUNSET   438 PM EST


-  INDICATES NEGATIVE NUMBERS.
R  INDICATES RECORD WAS SET OR TIED.
MM INDICATES DATA IS MISSING.
T  INDICATES TRACE AMOUNT.




$$





U.S. Dept. of Commerce
NOAA National Weather Service
1325 East West Highway
Silver Spring, MD 20910
E-mail: w-nws.webmaster@noaa.gov
Page last modified: May 16, 2007
NATIONAL WEATHER SERVICE: for Safety, for Work, for Fun - FOR LIFE