611
CDUS42 KGSP 270628
CLIAVL

CLIMATE REPORT
NATIONAL WEATHER SERVICE GREENVILLE-SPARTANBURG SC
127 AM EST THU NOV 27 2014


...................................

...THE ASHEVILLE NC CLIMATE SUMMARY FOR NOVEMBER 26 2014...

CLIMATE NORMAL PERIOD 1981 TO 2010
CLIMATE RECORD PERIOD 1869 TO 2014


WEATHER ITEM   OBSERVED TIME   RECORD YEAR NORMAL DEPARTURE LAST
                VALUE   (LST)  VALUE       VALUE  FROM      YEAR
                                                  NORMAL
..................................................................
TEMPERATURE (F)
 YESTERDAY
  MAXIMUM         51    252 PM  75    1985  55     -4       44
  MINIMUM         36   1159 PM   6    1950  33      3       30
  AVERAGE         44                        44      0       37

PRECIPITATION (IN)
  YESTERDAY        0.48          2.59 2013   0.13   0.35     2.59
  MONTH TO DATE    3.83                      3.10   0.73     3.45
  SINCE SEP 1     13.73                      9.82   3.91     8.69
  SINCE JAN 1     44.51                     41.43   3.08    67.45

SNOWFALL (IN)
  YESTERDAY        0.0           0.3  1953   0.0              T
  MONTH TO DATE    3.2                       0.1              T
  SINCE SEP 1      3.2                       0.1              T
  SINCE JUL 1      3.2                       0.1              T
  SNOW DEPTH       0

DEGREE DAYS
 HEATING
  YESTERDAY       21                        21      0       28
  MONTH TO DATE  569                       445    124      513
  SINCE SEP 1    813                       778     35      759
  SINCE JUL 1    815                       780     35      764

 COOLING
  YESTERDAY        0                         0      0        0
  MONTH TO DATE    0                         0      0        0
  SINCE SEP 1    167                       105     62      122
  SINCE JAN 1    919                       862     57      860
..................................................................


WIND (MPH)
  HIGHEST WIND SPEED    15   HIGHEST WIND DIRECTION     N (340)
  HIGHEST GUST SPEED    19   HIGHEST GUST DIRECTION     N (340)
  AVERAGE WIND SPEED     6.4


SKY COVER
  POSSIBLE SUNSHINE  MM
  AVERAGE SKY COVER 0.5


WEATHER CONDITIONS
 THE FOLLOWING WEATHER WAS RECORDED YESTERDAY.
  RAIN
  LIGHT RAIN
  FOG


RELATIVE HUMIDITY (PERCENT)
 HIGHEST    93           400 AM
 LOWEST     50           500 PM
 AVERAGE    72

..........................................................


THE ASHEVILLE NC CLIMATE NORMALS FOR TODAY
                         NORMAL    RECORD    YEAR
 MAXIMUM TEMPERATURE (F)   55        72      2001
 MINIMUM TEMPERATURE (F)   33        11      1930


SUNRISE AND SUNSET
NOVEMBER 27 2014......SUNRISE   717 AM EST   SUNSET   518 PM EST
NOVEMBER 28 2014......SUNRISE   718 AM EST   SUNSET   518 PM EST


-  INDICATES NEGATIVE NUMBERS.
R  INDICATES RECORD WAS SET OR TIED.
MM INDICATES DATA IS MISSING.
T  INDICATES TRACE AMOUNT.




$$
JPT






U.S. Dept. of Commerce
NOAA National Weather Service
1325 East West Highway
Silver Spring, MD 20910
E-mail: w-nws.webmaster@noaa.gov
Page last modified: May 16, 2007
NATIONAL WEATHER SERVICE: for Safety, for Work, for Fun - FOR LIFE