966
CDUS42 KGSP 010629
CLIAVL

CLIMATE REPORT
NATIONAL WEATHER SERVICE GREENVILLE-SPARTANBURG SC
227 AM EDT SAT NOV 1 2014


...................................

...THE ASHEVILLE NC CLIMATE SUMMARY FOR OCTOBER 31 2014...

CLIMATE NORMAL PERIOD 1981 TO 2010
CLIMATE RECORD PERIOD 1869 TO 2014


WEATHER ITEM   OBSERVED TIME   RECORD YEAR NORMAL DEPARTURE LAST
                VALUE   (LST)  VALUE       VALUE  FROM      YEAR
                                                  NORMAL
..................................................................
TEMPERATURE (F)
 YESTERDAY
  MAXIMUM         56    100 PM  79    2004  64     -8       66
                                      1950
  MINIMUM         35    722 AM  23    1917  40     -5       53
  AVERAGE         46                        52     -6       60

PRECIPITATION (IN)
  YESTERDAY        T             1.56 1932   0.09  -0.09     0.03
  MONTH TO DATE    4.03                      2.91   1.12     2.19
  SINCE SEP 1      9.90                      6.72   3.18     5.24
  SINCE JAN 1     40.68                     38.33   2.35    64.00

SNOWFALL (IN)
  YESTERDAY        0.0           T    1993   0.0             0.0
  MONTH TO DATE    0.0                       0.0              T
  SINCE SEP 1      0.0                       0.0              T
  SINCE JUL 1      0.0                       0.0              T
  SNOW DEPTH       0

DEGREE DAYS
 HEATING
  YESTERDAY       19                        13      6        5
  MONTH TO DATE  227                       277    -50      222
  SINCE SEP 1    244                       333    -89      246
  SINCE JUL 1    246                       335    -89      251

 COOLING
  YESTERDAY        0                         0      0        0
  MONTH TO DATE   15                        10      5       17
  SINCE SEP 1    167                       105     62      122
  SINCE JAN 1    919                       862     57      860
..................................................................


WIND (MPH)
  HIGHEST WIND SPEED    23   HIGHEST WIND DIRECTION    NW (330)
  HIGHEST GUST SPEED    31   HIGHEST GUST DIRECTION    NW (320)
  AVERAGE WIND SPEED     6.8


SKY COVER
  POSSIBLE SUNSHINE  MM
  AVERAGE SKY COVER 0.5


WEATHER CONDITIONS
 THE FOLLOWING WEATHER WAS RECORDED YESTERDAY.
  LIGHT RAIN
  LIGHT SNOW
  FOG


RELATIVE HUMIDITY (PERCENT)
 HIGHEST    92           200 AM
 LOWEST     51          1200 PM
 AVERAGE    72

..........................................................


THE ASHEVILLE NC CLIMATE NORMALS FOR TODAY
                         NORMAL    RECORD    YEAR
 MAXIMUM TEMPERATURE (F)   64        83      1950
 MINIMUM TEMPERATURE (F)   40        22      1890


SUNRISE AND SUNSET
NOVEMBER  1 2014......SUNRISE   752 AM EDT   SUNSET   635 PM EDT
NOVEMBER  2 2014......SUNRISE   653 AM EST   SUNSET   534 PM EST


-  INDICATES NEGATIVE NUMBERS.
R  INDICATES RECORD WAS SET OR TIED.
MM INDICATES DATA IS MISSING.
T  INDICATES TRACE AMOUNT.




$$
JPT




U.S. Dept. of Commerce
NOAA National Weather Service
1325 East West Highway
Silver Spring, MD 20910
E-mail: w-nws.webmaster@noaa.gov
Page last modified: May 16, 2007
NATIONAL WEATHER SERVICE: for Safety, for Work, for Fun - FOR LIFE