771
CDUS42 KGSP 200638
CLIAVL

CLIMATE REPORT
NATIONAL WEATHER SERVICE GREENVILLE-SPARTANBURG SC
236 AM EDT SUN APR 20 2014


...................................

...THE ASHEVILLE NC CLIMATE SUMMARY FOR APRIL 19 2014...

CLIMATE NORMAL PERIOD 1981 TO 2010
CLIMATE RECORD PERIOD 1869 TO 2014


WEATHER ITEM   OBSERVED TIME   RECORD YEAR NORMAL DEPARTURE LAST
                VALUE   (LST)  VALUE       VALUE  FROM      YEAR
                                                  NORMAL
..................................................................
TEMPERATURE (F)
 YESTERDAY
  MAXIMUM         55   1242 PM  89    1896  69    -14       67
  MINIMUM         46    302 AM  27    1983  44      2       43
  AVERAGE         51                        56     -5       55

PRECIPITATION (IN)
  YESTERDAY        0.87          1.64 1940   0.10   0.77     0.57
  MONTH TO DATE    4.14                      2.09   2.05     3.09
  SINCE MAR 1      6.44                      5.92   0.52     6.41
  SINCE JAN 1     11.79                     13.35  -1.56    18.55

SNOWFALL (IN)
  YESTERDAY        0.0           T    1953   0.0             0.0
  MONTH TO DATE    0.0                       0.6             0.0
  SINCE MAR 1      0.4                       2.5             0.3
  SINCE JUL 1      9.8                       9.8             0.5
  SNOW DEPTH       0

DEGREE DAYS
 HEATING
  YESTERDAY       14                         9      5       10
  MONTH TO DATE  213                       217     -4      161
  SINCE MAR 1    842                       772     70      871
  SINCE JUL 1   4161                      3989    172     3812

 COOLING
  YESTERDAY        0                         0      0        0
  MONTH TO DATE    0                         0      0        5
  SINCE MAR 1      0                         1     -1        5
  SINCE JAN 1      0                         1     -1        5
..................................................................


WIND (MPH)
  HIGHEST WIND SPEED    13   HIGHEST WIND DIRECTION     N (360)
  HIGHEST GUST SPEED    15   HIGHEST GUST DIRECTION     N (350)
  AVERAGE WIND SPEED     4.7


SKY COVER
  POSSIBLE SUNSHINE  MM
  AVERAGE SKY COVER 1.0


WEATHER CONDITIONS
 THE FOLLOWING WEATHER WAS RECORDED YESTERDAY.
  RAIN
  LIGHT RAIN
  FOG


RELATIVE HUMIDITY (PERCENT)
 HIGHEST   100          1000 PM
 LOWEST     77           100 PM
 AVERAGE    89

..........................................................


THE ASHEVILLE NC CLIMATE NORMALS FOR TODAY
                         NORMAL    RECORD    YEAR
 MAXIMUM TEMPERATURE (F)   69        88      1896
 MINIMUM TEMPERATURE (F)   44        27      1988
                                             1983


SUNRISE AND SUNSET
APRIL 20 2014.........SUNRISE   651 AM EDT   SUNSET   807 PM EDT
APRIL 21 2014.........SUNRISE   650 AM EDT   SUNSET   808 PM EDT


-  INDICATES NEGATIVE NUMBERS.
R  INDICATES RECORD WAS SET OR TIED.
MM INDICATES DATA IS MISSING.
T  INDICATES TRACE AMOUNT.

$$








U.S. Dept. of Commerce
NOAA National Weather Service
1325 East West Highway
Silver Spring, MD 20910
E-mail: w-nws.webmaster@noaa.gov
Page last modified: May 16, 2007
NATIONAL WEATHER SERVICE: for Safety, for Work, for Fun - FOR LIFE