689
CDUS43 KGRB 202119
CLIAUW


CLIMATE REPORT
NATIONAL WEATHER SERVICE GREEN BAY
418 PM CDT SUN APR 20 2014


...................................

...THE WAUSAU WI CLIMATE SUMMARY FOR APRIL 20 2014...
VALID TODAY AS OF 0400 PM LOCAL TIME.

CLIMATE NORMAL PERIOD 1981 TO 2010
CLIMATE RECORD PERIOD 1896 TO 2014


WEATHER ITEM   OBSERVED TIME   RECORD YEAR NORMAL DEPARTURE LAST
                VALUE   (LST)  VALUE       VALUE  FROM      YEAR
                                                  NORMAL
..................................................................
TEMPERATURE (F)
 TODAY
  MAXIMUM         61   1220 PM  86    1987  57      4       40
  MINIMUM         48    535 AM  14    1907  35     13       20
  AVERAGE         55                        46      9       30

PRECIPITATION (IN)
  TODAY            0.05          1.27 2000   0.09  -0.04     0.00
  MONTH TO DATE    2.19                      1.70   0.49     3.02
  SINCE MAR 1      2.94                      3.46  -0.52     5.20
  SINCE JAN 1      5.88                      5.40   0.48     8.35

SNOWFALL (IN)
  TODAY            0.0           2.4  1925   0.2             0.0
  MONTH TO DATE    8.4                       3.2             7.7
  SINCE MAR 1     14.7                      13.2            20.4
  SINCE JUL 1     84.3                      58.5            76.4
  SNOW DEPTH       0

DEGREE DAYS
 HEATING
  TODAY           10                        19     -9       35
  MONTH TO DATE  543                       465     78      629
  SINCE MAR 1   1875                      1550    325     1881
  SINCE JUL 1   8822                      7686   1136     7705

 COOLING
  TODAY            0                         0      0        0
  MONTH TO DATE    0                         0      0        0
  SINCE JAN 1      0                         0      0        0
..................................................................


WIND (MPH)
  HIGHEST WIND SPEED    17   HIGHEST WIND DIRECTION     S (200)
  HIGHEST GUST SPEED    22   HIGHEST GUST DIRECTION     S (200)
  AVERAGE WIND SPEED     9.0


SKY COVER
  POSSIBLE SUNSHINE  MM
  AVERAGE SKY COVER 0.8


WEATHER CONDITIONS
 THE FOLLOWING WEATHER WAS RECORDED TODAY.
  LIGHT RAIN


RELATIVE HUMIDITY (PERCENT)
 HIGHEST    80           600 AM
 LOWEST     64           100 PM
 AVERAGE    72

..........................................................


THE WAUSAU WI CLIMATE NORMALS FOR TOMORROW
                         NORMAL    RECORD    YEAR
 MAXIMUM TEMPERATURE (F)   58        87      1980
 MINIMUM TEMPERATURE (F)   36        18      1904


SUNRISE AND SUNSET
APRIL 20 2014.........SUNRISE   605 AM CDT   SUNSET   750 PM CDT
APRIL 21 2014.........SUNRISE   604 AM CDT   SUNSET   751 PM CDT


-  INDICATES NEGATIVE NUMBERS.
R  INDICATES RECORD WAS SET OR TIED.
MM INDICATES DATA IS MISSING.
T  INDICATES TRACE AMOUNT.




$$





U.S. Dept. of Commerce
NOAA National Weather Service
1325 East West Highway
Silver Spring, MD 20910
E-mail: w-nws.webmaster@noaa.gov
Page last modified: May 16, 2007
NATIONAL WEATHER SERVICE: for Safety, for Work, for Fun - FOR LIFE