373
CDUS43 KGRB 010703
CLIAUW


CLIMATE REPORT
NATIONAL WEATHER SERVICE GREEN BAY
203 AM CDT FRI AUG 1 2014


...................................

...THE WAUSAU WI CLIMATE SUMMARY FOR JULY 31 2014...

CLIMATE NORMAL PERIOD 1981 TO 2010
CLIMATE RECORD PERIOD 1896 TO 2014


WEATHER ITEM   OBSERVED TIME   RECORD YEAR NORMAL DEPARTURE LAST
                VALUE   (LST)  VALUE       VALUE  FROM      YEAR
                                                  NORMAL
..................................................................
TEMPERATURE (F)
 YESTERDAY
  MAXIMUM         80    112 PM  98    2006  80      0       78
  MINIMUM         56    519 AM  45    1962  59     -3       60
                                      1952
                                      1902
  AVERAGE         68                        69     -1

PRECIPITATION (IN)
  YESTERDAY        0.04          1.99 1955   0.13  -0.09     0.14
  MONTH TO DATE    2.60                      3.83  -1.23     3.82
  SINCE JUN 1      8.11                      8.14  -0.03     9.63
  SINCE JAN 1     19.55                     18.05   1.50    24.10

SNOWFALL (IN)
  YESTERDAY        0.0           0.0    MM   0.0    0.0      0.0
  MONTH TO DATE    0.0                       0.0    0.0      0.0
  SINCE JUN 1      0.0                       0.0    0.0      0.0
  SINCE JUL 1      0.0                       0.0    0.0      0.0
  SNOW DEPTH       0

DEGREE DAYS
 HEATING
  YESTERDAY        0                         1     -1        0
  MONTH TO DATE   39                        31      8       30
  SINCE JUN 1     61                       112    -51      116
  SINCE JUL 1     39                        23     16       30

 COOLING
  YESTERDAY        3                         5     -2        4
  MONTH TO DATE   84                       156    -72      185
  SINCE JUN 1    194                       241    -47      269
  SINCE JAN 1    219                       260    -41      306
..................................................................


WIND (MPH)
  HIGHEST WIND SPEED    17   HIGHEST WIND DIRECTION     W (290)
  HIGHEST GUST SPEED    24   HIGHEST GUST DIRECTION    NW (310)
  AVERAGE WIND SPEED     5.5


SKY COVER
  POSSIBLE SUNSHINE  MM
  AVERAGE SKY COVER 0.3


WEATHER CONDITIONS
 THE FOLLOWING WEATHER WAS RECORDED YESTERDAY.
  THUNDERSTORM
  LIGHT RAIN
  FOG


RELATIVE HUMIDITY (PERCENT)
 HIGHEST    97           700 AM
 LOWEST     45           100 PM
 AVERAGE    71

..........................................................


THE WAUSAU WI CLIMATE NORMALS FOR TODAY
                         NORMAL    RECORD    YEAR
 MAXIMUM TEMPERATURE (F)   80        98      1988
 MINIMUM TEMPERATURE (F)   59        38      1903


SUNRISE AND SUNSET
AUGUST  1 2014........SUNRISE   544 AM CDT   SUNSET   825 PM CDT
AUGUST  2 2014........SUNRISE   545 AM CDT   SUNSET   824 PM CDT


-  INDICATES NEGATIVE NUMBERS.
R  INDICATES RECORD WAS SET OR TIED.
MM INDICATES DATA IS MISSING.
T  INDICATES TRACE AMOUNT.




$$





U.S. Dept. of Commerce
NOAA National Weather Service
1325 East West Highway
Silver Spring, MD 20910
E-mail: w-nws.webmaster@noaa.gov
Page last modified: May 16, 2007
NATIONAL WEATHER SERVICE: for Safety, for Work, for Fun - FOR LIFE