741
CDUS44 KEWX 300642
CLIAUS


CLIMATE REPORT
NATIONAL WEATHER SERVICE AUSTIN/SAN ANTONIO, TX
142 AM CDT THU OCT 30 2014


...................................

...THE AUSTIN BERGSTROM CLIMATE SUMMARY FOR OCTOBER 29 2014...

CLIMATE NORMAL PERIOD 1981 TO 2010
CLIMATE RECORD PERIOD 1943 TO 2014


WEATHER ITEM   OBSERVED TIME   RECORD YEAR NORMAL DEPARTURE LAST
                VALUE   (LST)  VALUE       VALUE  FROM      YEAR
                                                  NORMAL
..................................................................
TEMPERATURE (F)
 YESTERDAY
  MAXIMUM         81    212 PM  88    2004  78      3       85
                                      1956
  MINIMUM         57   1156 PM  33    2008  52      5       70
  AVERAGE         69                        65      4       78

PRECIPITATION (IN)
  YESTERDAY        0.00          4.30 1960   0.13  -0.13     0.00
  MONTH TO DATE    1.77                      3.70  -1.93     6.67
  SINCE SEP 1      4.99                      6.24  -1.25    11.67
  SINCE JAN 1     20.54                     29.34  -8.80    30.89

SNOWFALL (IN)
  YESTERDAY        0.0
  MONTH TO DATE    0.0
  SINCE SEP 1      0.0
  SINCE JUL 1      0.0
  SNOW DEPTH       0

DEGREE DAYS
 HEATING
  YESTERDAY        0                         3     -3        0
  MONTH TO DATE    0                        43    -43       36
  SINCE SEP 1      1                        45    -44       36
  SINCE JUL 1      1                        45    -44       36

 COOLING
  YESTERDAY        4                         3      1       13
  MONTH TO DATE  207                       168     39      174
  SINCE SEP 1    649                       556     93      648
  SINCE JAN 1   2809                      2696    113     2987
..................................................................


WIND (MPH)
  HIGHEST WIND SPEED    15   HIGHEST WIND DIRECTION    NE (30)
  HIGHEST GUST SPEED    20   HIGHEST GUST DIRECTION     N (20)
  AVERAGE WIND SPEED     6.9


SKY COVER
  AVERAGE SKY COVER 0.5


WEATHER CONDITIONS
 THE FOLLOWING WEATHER WAS RECORDED YESTERDAY.
  NO SIGNIFICANT WEATHER WAS OBSERVED.


RELATIVE HUMIDITY (PERCENT)
 HIGHEST    97           900 PM
 LOWEST     54           400 PM
 AVERAGE    76

..........................................................


THE AUSTIN BERGSTROM CLIMATE NORMALS FOR TODAY
                         NORMAL    RECORD    YEAR
 MAXIMUM TEMPERATURE (F)   78        88      1972
                                             1951
                                             1950
 MINIMUM TEMPERATURE (F)   51        32      2010


SUNRISE AND SUNSET
OCTOBER 30 2014.......SUNRISE   743 AM CDT   SUNSET   645 PM CDT
OCTOBER 31 2014.......SUNRISE   744 AM CDT   SUNSET   644 PM CDT


-  INDICATES NEGATIVE NUMBERS.
R  INDICATES RECORD WAS SET OR TIED.
MM INDICATES DATA IS MISSING.
T  INDICATES TRACE AMOUNT.




$$





U.S. Dept. of Commerce
NOAA National Weather Service
1325 East West Highway
Silver Spring, MD 20910
E-mail: w-nws.webmaster@noaa.gov
Page last modified: May 16, 2007
NATIONAL WEATHER SERVICE: for Safety, for Work, for Fun - FOR LIFE