193
CDUS44 KEWX 242223
CLIAUS


CLIMATE REPORT
NATIONAL WEATHER SERVICE AUSTIN/SAN ANTONIO, TX
523 PM CDT FRI OCT 24 2014


...................................

...THE AUSTIN BERGSTROM CLIMATE SUMMARY FOR OCTOBER 24 2014...
VALID TODAY AS OF 0523 PM LOCAL TIME.

CLIMATE NORMAL PERIOD 1981 TO 2010
CLIMATE RECORD PERIOD 1943 TO 2014


WEATHER ITEM   OBSERVED TIME   RECORD YEAR NORMAL DEPARTURE LAST
                VALUE   (LST)  VALUE       VALUE  FROM      YEAR
                                                  NORMAL
..................................................................
TEMPERATURE (F)
 TODAY
  MAXIMUM         85    331 PM  93    1991  80      5       81
  MINIMUM         53    632 AM  37    2008  53      0       45
                                      2005
  AVERAGE         69                        67      2       63

PRECIPITATION (IN)
  TODAY            0.00          1.62 1949   0.14  -0.14     0.00
  MONTH TO DATE    1.77                      3.04  -1.27     6.30
  SINCE SEP 1      4.99                      5.58  -0.59    11.30
  SINCE JAN 1     20.54                     28.68  -8.14    30.52

SNOWFALL (IN)
  TODAY            0.0
  MONTH TO DATE    0.0
  SINCE SEP 1      0.0
  SINCE JUL 1      0.0
  SNOW DEPTH       0

DEGREE DAYS
 HEATING
  TODAY            0                         2     -2        2
  MONTH TO DATE    0                        29    -29       34
  SINCE SEP 1      1                        31    -30       34
  SINCE JUL 1      1                        31    -30       34

 COOLING
  TODAY            4                         4      0        0
  MONTH TO DATE  183                       151     32      145
  SINCE SEP 1    625                       539     86      619
  SINCE JAN 1   2785                      2679    106     2958
..................................................................


WIND (MPH)
  HIGHEST WIND SPEED    10   HIGHEST WIND DIRECTION    SE (130)
  HIGHEST GUST SPEED    12   HIGHEST GUST DIRECTION     E (110)
  AVERAGE WIND SPEED     1.6


SKY COVER
  AVERAGE SKY COVER 0.1


WEATHER CONDITIONS
 THE FOLLOWING WEATHER WAS RECORDED TODAY.
  NO SIGNIFICANT WEATHER WAS OBSERVED.


RELATIVE HUMIDITY (PERCENT)
 HIGHEST   100           400 AM
 LOWEST     44           300 PM
 AVERAGE    72

..........................................................


THE AUSTIN BERGSTROM CLIMATE NORMALS FOR TOMORROW
                         NORMAL    RECORD    YEAR
 MAXIMUM TEMPERATURE (F)   80        92      1950
 MINIMUM TEMPERATURE (F)   53        32      2005


SUNRISE AND SUNSET
OCTOBER 24 2014.......SUNRISE   739 AM CDT   SUNSET   650 PM CDT
OCTOBER 25 2014.......SUNRISE   740 AM CDT   SUNSET   649 PM CDT


-  INDICATES NEGATIVE NUMBERS.
R  INDICATES RECORD WAS SET OR TIED.
MM INDICATES DATA IS MISSING.
T  INDICATES TRACE AMOUNT.




$$






U.S. Dept. of Commerce
NOAA National Weather Service
1325 East West Highway
Silver Spring, MD 20910
E-mail: w-nws.webmaster@noaa.gov
Page last modified: May 16, 2007
NATIONAL WEATHER SERVICE: for Safety, for Work, for Fun - FOR LIFE