201
CDUS43 KABR 271029
CLIATY


CLIMATE REPORT
NATIONAL WEATHER SERVICE ABERDEEN SD
427 AM CST TUE JAN 27 2015


...................................

...THE WATERTOWN SD CLIMATE SUMMARY FOR JANUARY 26 2015...

CLIMATE NORMAL PERIOD 1981 TO 2010
CLIMATE RECORD PERIOD 1898 TO 2015


WEATHER ITEM   OBSERVED TIME   RECORD YEAR NORMAL DEPARTURE LAST
                VALUE   (LST)  VALUE       VALUE  FROM      YEAR
                                                  NORMAL
..................................................................
TEMPERATURE (F)
 YESTERDAY
  MAXIMUM         42    320 PM  54    1931  23     19       34
  MINIMUM         27   1155 PM -27    1950   3     24       -9
  AVERAGE         35                        13     22       13

PRECIPITATION (IN)
  YESTERDAY       MM             0.60 1917   0.02  MM        0.08
  MONTH TO DATE    0.40                      0.44  -0.04     0.26
  SINCE DEC 1      1.04                      0.97   0.07     0.87
  SINCE JAN 1      0.40                      0.44  -0.04     0.26

SNOWFALL (IN)
  YESTERDAY       MM
  MONTH TO DATE    4.0
  SINCE OCT 1     18.2
  SINCE JUL 1     18.2
  SNOW DEPTH       0

DEGREE DAYS
 HEATING
  YESTERDAY       30                        52    -22       52
  MONTH TO DATE 1281                      1366    -85     1413
  SINCE DEC 1   2613                      2885   -272     3173
  SINCE JUL 1   4694                      4825   -131     5011

 COOLING
  YESTERDAY        0                         0      0        0
  MONTH TO DATE    0                         0      0        0
  SINCE DEC 1      0                         0      0        0
  SINCE JAN 1      0                         0      0        0
..................................................................


WIND (MPH)
  HIGHEST WIND SPEED    23   HIGHEST WIND DIRECTION    NW (320)
  HIGHEST GUST SPEED    30   HIGHEST GUST DIRECTION    NW (310)
  AVERAGE WIND SPEED    10.9


SKY COVER
  POSSIBLE SUNSHINE  MM
  AVERAGE SKY COVER 0.0


WEATHER CONDITIONS
 THE FOLLOWING WEATHER WAS RECORDED YESTERDAY.
  NO SIGNIFICANT WEATHER WAS OBSERVED.


RELATIVE HUMIDITY (PERCENT)
 HIGHEST    92          1200 AM
 LOWEST     70           100 PM
 AVERAGE    81

..........................................................


THE WATERTOWN SD CLIMATE NORMALS FOR TODAY
                         NORMAL    RECORD    YEAR
 MAXIMUM TEMPERATURE (F)   23        55      1989
 MINIMUM TEMPERATURE (F)    3       -29      1915


SUNRISE AND SUNSET
JANUARY 27 2015.......SUNRISE   754 AM CST   SUNSET   529 PM CST
JANUARY 28 2015.......SUNRISE   753 AM CST   SUNSET   531 PM CST


-  INDICATES NEGATIVE NUMBERS.
R  INDICATES RECORD WAS SET OR TIED.
MM INDICATES DATA IS MISSING.
T  INDICATES TRACE AMOUNT.




$$





U.S. Dept. of Commerce
NOAA National Weather Service
1325 East West Highway
Silver Spring, MD 20910
E-mail: w-nws.webmaster@noaa.gov
Page last modified: May 16, 2007
NATIONAL WEATHER SERVICE: for Safety, for Work, for Fun - FOR LIFE