619
CDUS43 KABR 211046
CLIATY


CLIMATE REPORT
NATIONAL WEATHER SERVICE ABERDEEN SD
445 AM CST SUN DEC 21 2014


...................................

...THE WATERTOWN SD CLIMATE SUMMARY FOR DECEMBER 20 2014...

CLIMATE NORMAL PERIOD 1981 TO 2010
CLIMATE RECORD PERIOD 1898 TO 2014


WEATHER ITEM   OBSERVED TIME   RECORD YEAR NORMAL DEPARTURE LAST
                VALUE   (LST)  VALUE       VALUE  FROM      YEAR
                                                  NORMAL
..................................................................
TEMPERATURE (F)
 YESTERDAY
  MAXIMUM         31    313 PM  55    1941  23      8       12
  MINIMUM         28   1024 AM -30    1916   6     22       -6
  AVERAGE         30                        14     16        3

PRECIPITATION (IN)
  YESTERDAY        0.00          0.55 2010   0.02  -0.02      T
  MONTH TO DATE    0.25                      0.35  -0.10     0.35
  SINCE DEC 1      0.25                      0.35  -0.10     0.35
  SINCE JAN 1     16.04                     21.90  -5.86    24.50

SNOWFALL (IN)
  YESTERDAY        0.0
  MONTH TO DATE    1.0
  SINCE OCT 1     11.4
  SINCE JUL 1     11.4
  SNOW DEPTH       1

DEGREE DAYS
 HEATING
  YESTERDAY       35                        50    -15       62
  MONTH TO DATE  807                       952   -145     1101
  SINCE DEC 1    807                       952   -145     1101
  SINCE JUL 1   2888                      2892     -4     2939

 COOLING
  YESTERDAY        0                         0      0        0
  MONTH TO DATE    0                         0      0        0
  SINCE DEC 1      0                         0      0        0
  SINCE JAN 1    369                       515   -146      618
..................................................................


WIND (MPH)
  HIGHEST WIND SPEED    21   HIGHEST WIND DIRECTION     S (200)
  HIGHEST GUST SPEED    25   HIGHEST GUST DIRECTION     S (180)
  AVERAGE WIND SPEED    13.0


SKY COVER
  POSSIBLE SUNSHINE  MM
  AVERAGE SKY COVER 1.0


WEATHER CONDITIONS
 THE FOLLOWING WEATHER WAS RECORDED YESTERDAY.
  FOG


RELATIVE HUMIDITY (PERCENT)
 HIGHEST   100          1200 PM
 LOWEST     92          1200 AM
 AVERAGE    96

..........................................................


THE WATERTOWN SD CLIMATE NORMALS FOR TODAY
                         NORMAL    RECORD    YEAR
 MAXIMUM TEMPERATURE (F)   23        55      1900
 MINIMUM TEMPERATURE (F)    6       -31      1916


SUNRISE AND SUNSET
DECEMBER 21 2014......SUNRISE   803 AM CST   SUNSET   450 PM CST
DECEMBER 22 2014......SUNRISE   804 AM CST   SUNSET   451 PM CST


-  INDICATES NEGATIVE NUMBERS.
R  INDICATES RECORD WAS SET OR TIED.
MM INDICATES DATA IS MISSING.
T  INDICATES TRACE AMOUNT.




$$





U.S. Dept. of Commerce
NOAA National Weather Service
1325 East West Highway
Silver Spring, MD 20910
E-mail: w-nws.webmaster@noaa.gov
Page last modified: May 16, 2007
NATIONAL WEATHER SERVICE: for Safety, for Work, for Fun - FOR LIFE