727
CDUS43 KABR 301040
CLIATY


CLIMATE REPORT
NATIONAL WEATHER SERVICE ABERDEEN SD
539 AM CDT WED JUL 30 2014


...................................

...THE WATERTOWN SD CLIMATE SUMMARY FOR JULY 29 2014...

CLIMATE NORMAL PERIOD 1981 TO 2010
CLIMATE RECORD PERIOD 1898 TO 2014


WEATHER ITEM   OBSERVED TIME   RECORD YEAR NORMAL DEPARTURE LAST
                VALUE   (LST)  VALUE       VALUE  FROM      YEAR
                                                  NORMAL
..................................................................
TEMPERATURE (F)
 YESTERDAY
  MAXIMUM         76    409 PM 107    1933  82     -6       69
  MINIMUM         49    524 AM  44    1925  60    -11       50
  AVERAGE         63                        71     -8       60

PRECIPITATION (IN)
  YESTERDAY        0.00          1.20 1950   0.10  -0.10     0.06
  MONTH TO DATE    1.25                      2.82  -1.57     2.67
  SINCE JUN 1      5.85                      6.40  -0.55     8.18
  SINCE JAN 1     10.72                     13.25  -2.53    16.17

DEGREE DAYS
 HEATING
  YESTERDAY        2                         1      1        5
  MONTH TO DATE   34                        16     18       32
  SINCE JUN 1     97                        94      3      120
  SINCE JUL 1     34                        16     18       32

 COOLING
  YESTERDAY        0                         7     -7        0
  MONTH TO DATE  119                       196    -77      192
  SINCE JUN 1    180                       292   -112      281
  SINCE JAN 1    221                       314    -93      303
..................................................................


WIND (MPH)
  HIGHEST WIND SPEED    13   HIGHEST WIND DIRECTION    NW (330)
  HIGHEST GUST SPEED    19   HIGHEST GUST DIRECTION    NW (300)
  AVERAGE WIND SPEED     4.0


SKY COVER
  POSSIBLE SUNSHINE  MM
  AVERAGE SKY COVER 0.2


WEATHER CONDITIONS
 THE FOLLOWING WEATHER WAS RECORDED YESTERDAY.
  FOG


RELATIVE HUMIDITY (PERCENT)
 HIGHEST   100           100 AM
 LOWEST     43           400 PM
 AVERAGE    72

..........................................................


THE WATERTOWN SD CLIMATE NORMALS FOR TODAY
                         NORMAL    RECORD    YEAR
 MAXIMUM TEMPERATURE (F)   82       108      1933
 MINIMUM TEMPERATURE (F)   60        37      1971


SUNRISE AND SUNSET
JULY 30 2014..........SUNRISE   612 AM CDT   SUNSET   857 PM CDT
JULY 31 2014..........SUNRISE   613 AM CDT   SUNSET   856 PM CDT


-  INDICATES NEGATIVE NUMBERS.
R  INDICATES RECORD WAS SET OR TIED.
MM INDICATES DATA IS MISSING.
T  INDICATES TRACE AMOUNT.




$$





U.S. Dept. of Commerce
NOAA National Weather Service
1325 East West Highway
Silver Spring, MD 20910
E-mail: w-nws.webmaster@noaa.gov
Page last modified: May 16, 2007
NATIONAL WEATHER SERVICE: for Safety, for Work, for Fun - FOR LIFE