806
CDUS44 KEWX 302241
CLIATT


CLIMATE REPORT
NATIONAL WEATHER SERVICE AUSTIN/SAN ANTONIO, TX
540 PM CDT THU OCT 30 2014


...................................

...THE AUSTIN CAMP MABRY CLIMATE SUMMARY FOR OCTOBER 30 2014...
VALID TODAY AS OF 540 PM LOCAL TIME.

CLIMATE NORMAL PERIOD 1981 TO 2010
CLIMATE RECORD PERIOD 1897 TO 2014


WEATHER ITEM   OBSERVED TIME   RECORD YEAR NORMAL DEPARTURE LAST
                VALUE   (LST)  VALUE       VALUE  FROM      YEAR
                                                  NORMAL
..................................................................
TEMPERATURE (F)
 TODAY
  MAXIMUM         82    356 PM  90    1947  78      4       84
                                      1938
  MINIMUM         63    732 AM  30    1917  57      6       72
  AVERAGE         73                        67      6       78

PRECIPITATION (IN)
  TODAY            0.00          3.24 2013   0.11  -0.11     3.24
  MONTH TO DATE    1.55                      3.77  -2.22    11.85
  SINCE SEP 1      8.53                      6.76   1.77    17.67
  SINCE JAN 1     28.39                     28.85  -0.46    35.45

SNOWFALL (IN)
  TODAY            0.0
  MONTH TO DATE    0.0
  SINCE SEP 1      0.0
  SINCE JUL 1      0.0
  SNOW DEPTH       0

DEGREE DAYS
 HEATING
  TODAY            0                         2     -2        0
  MONTH TO DATE    0                        24    -24       20
  SINCE SEP 1      2                        26    -24       20
  SINCE JUL 1      2                        26    -24       20

 COOLING
  TODAY            8                         4      4       13
  MONTH TO DATE  301                       217     84      226
  SINCE SEP 1    777                       667    110      788
  SINCE JAN 1   3170                      3061    109     3398
..................................................................


WIND (MPH)
  HIGHEST WIND SPEED     8   HIGHEST WIND DIRECTION     E (100)
  HIGHEST GUST SPEED    10   HIGHEST GUST DIRECTION     E (90)
  AVERAGE WIND SPEED     2.3


SKY COVER
  AVERAGE SKY COVER 0.5


WEATHER CONDITIONS
 THE FOLLOWING WEATHER WAS RECORDED TODAY.
  NO SIGNIFICANT WEATHER WAS OBSERVED.


RELATIVE HUMIDITY (PERCENT)
 HIGHEST    93           600 AM
 LOWEST     51           200 PM
 AVERAGE    72

..........................................................


THE AUSTIN CAMP MABRY CLIMATE NORMALS FOR TOMORROW
                         NORMAL    RECORD    YEAR
 MAXIMUM TEMPERATURE (F)   77        90      2003
                                             1997
 MINIMUM TEMPERATURE (F)   56        30      1993


SUNRISE AND SUNSET
OCTOBER 30 2014.......SUNRISE   744 AM CDT   SUNSET   645 PM CDT
OCTOBER 31 2014.......SUNRISE   744 AM CDT   SUNSET   644 PM CDT


-  INDICATES NEGATIVE NUMBERS.
R  INDICATES RECORD WAS SET OR TIED.
MM INDICATES DATA IS MISSING.
T  INDICATES TRACE AMOUNT.




$$






U.S. Dept. of Commerce
NOAA National Weather Service
1325 East West Highway
Silver Spring, MD 20910
E-mail: w-nws.webmaster@noaa.gov
Page last modified: May 16, 2007
NATIONAL WEATHER SERVICE: for Safety, for Work, for Fun - FOR LIFE