648
CDUS44 KEWX 280723
CLIATT


CLIMATE REPORT
NATIONAL WEATHER SERVICE AUSTIN/SAN ANTONIO, TX
222 AM CDT MON JUL 28 2014


...................................

...THE AUSTIN CAMP MABRY CLIMATE SUMMARY FOR JULY 27 2014...

CLIMATE NORMAL PERIOD 1981 TO 2010
CLIMATE RECORD PERIOD 1898 TO 2014


WEATHER ITEM   OBSERVED TIME   RECORD YEAR NORMAL DEPARTURE LAST
                VALUE   (LST)  VALUE       VALUE  FROM      YEAR
                                                  NORMAL
..................................................................
TEMPERATURE (F)
 YESTERDAY
  MAXIMUM         98    451 PM 105    2009  97      1       90
                                      1954
                                      1923
  MINIMUM         75    620 AM  68    1903  75      0       74
                                      1900
  AVERAGE         87                        86      1

PRECIPITATION (IN)
  YESTERDAY        0.00          3.28 1979   0.05  -0.05     0.01
  MONTH TO DATE    5.58                      1.65   3.93     2.91
  SINCE JUN 1      8.66                      5.98   2.68     3.83
  SINCE JAN 1     19.74                     19.51   0.23    17.51

SNOWFALL (IN)
  YESTERDAY        0.0
  MONTH TO DATE    0.0
  SINCE JUN 1      0.0
  SINCE JUL 1      0.0
  SNOW DEPTH       0

DEGREE DAYS
 HEATING
  YESTERDAY        0                         0      0        0
  MONTH TO DATE    0                         0      0        0
  SINCE JUN 1      0                         0      0        0
  SINCE JUL 1      0                         0      0        0

 COOLING
  YESTERDAY       22                        21      1       17
  MONTH TO DATE  520                       536    -16      554
  SINCE JUN 1   1039                      1052    -13     1166
  SINCE JAN 1   1613                      1665    -52     1790
..................................................................


WIND (MPH)
  HIGHEST WIND SPEED    13   HIGHEST WIND DIRECTION     S (160)
  HIGHEST GUST SPEED    22   HIGHEST GUST DIRECTION     S (180)
  AVERAGE WIND SPEED     6.2


SKY COVER
  AVERAGE SKY COVER 0.1


WEATHER CONDITIONS
 THE FOLLOWING WEATHER WAS RECORDED YESTERDAY.
  NO SIGNIFICANT WEATHER WAS OBSERVED.


RELATIVE HUMIDITY (PERCENT)
 HIGHEST    94           500 AM
 LOWEST     33           500 PM
 AVERAGE    64

..........................................................


THE AUSTIN CAMP MABRY CLIMATE NORMALS FOR TODAY
                         NORMAL    RECORD    YEAR
 MAXIMUM TEMPERATURE (F)   97       105      1923
 MINIMUM TEMPERATURE (F)   75        68      1916
                                             1903


SUNRISE AND SUNSET
JULY 28 2014..........SUNRISE   647 AM CDT   SUNSET   827 PM CDT
JULY 29 2014..........SUNRISE   647 AM CDT   SUNSET   827 PM CDT


-  INDICATES NEGATIVE NUMBERS.
R  INDICATES RECORD WAS SET OR TIED.
MM INDICATES DATA IS MISSING.
T  INDICATES TRACE AMOUNT.




$$





U.S. Dept. of Commerce
NOAA National Weather Service
1325 East West Highway
Silver Spring, MD 20910
E-mail: w-nws.webmaster@noaa.gov
Page last modified: May 16, 2007
NATIONAL WEATHER SERVICE: for Safety, for Work, for Fun - FOR LIFE