038
CDUS42 KFFC 250817
CLIATL


CLIMATE REPORT
NATIONAL WEATHER SERVICE PEACHTREE CITY GA
417 AM EDT FRI APR 25 2014


...................................

...THE ATLANTA CLIMATE SUMMARY FOR APRIL 24 2014...

CLIMATE NORMAL PERIOD 1981 TO 2010
CLIMATE RECORD PERIOD 1878 TO 2014


WEATHER ITEM   OBSERVED TIME   RECORD YEAR NORMAL DEPARTURE LAST
                VALUE   (LST)  VALUE       VALUE  FROM      YEAR
                                                  NORMAL
..................................................................
TEMPERATURE (F)
 YESTERDAY
  MAXIMUM         80    444 PM  93    1925  75      5       74
  MINIMUM         50    250 AM  34    2005  54     -4       57
  AVERAGE         65                        64      1       66

PRECIPITATION (IN)
  YESTERDAY        0.00          2.74 1945   0.11  -0.11     0.02
  MONTH TO DATE    5.37                      2.69   2.68     3.78
  SINCE MAR 1      8.49                      7.50   0.99     8.36
  SINCE JAN 1     15.65                     16.37  -0.72    20.76

DEGREE DAYS
 HEATING
  YESTERDAY        0                         3     -3        0
  MONTH TO DATE  114                       127    -13      111
  SINCE MAR 1    494                       469     25      596
  SINCE JUL 1   2897                      2724    173     2451

 COOLING
  YESTERDAY        0                         2     -2        1
  MONTH TO DATE   22                        36    -14       40
  SINCE MAR 1     22                        48    -26       40
  SINCE JAN 1     24                        49    -25       45
..................................................................


WIND (MPH)
  RESULTANT WIND SPEED   2   RESULTANT WIND DIRECTION  SE (130)
  HIGHEST WIND SPEED    15   HIGHEST WIND DIRECTION     E (80)
  HIGHEST GUST SPEED    18   HIGHEST GUST DIRECTION    NE (50)
  AVERAGE WIND SPEED     6.5


SKY COVER
  AVERAGE SKY COVER 0.4


WEATHER CONDITIONS
 THE FOLLOWING WEATHER WAS RECORDED YESTERDAY.
  NO SIGNIFICANT WEATHER WAS OBSERVED.


RELATIVE HUMIDITY (PERCENT)
 HIGHEST    63           300 AM
 LOWEST     33          1200 PM
 AVERAGE    48

..........................................................


THE ATLANTA CLIMATE NORMALS FOR TODAY
                         NORMAL    RECORD    YEAR
 MAXIMUM TEMPERATURE (F)   75        88      1989
                                             1896
 MINIMUM TEMPERATURE (F)   54        32      1910


SUNRISE AND SUNSET
APRIL 25 2014.........SUNRISE   656 AM EDT   SUNSET   816 PM EDT
APRIL 26 2014.........SUNRISE   654 AM EDT   SUNSET   817 PM EDT


-  INDICATES NEGATIVE NUMBERS.
R  INDICATES RECORD WAS SET OR TIED.
MM INDICATES DATA IS MISSING.
T  INDICATES TRACE AMOUNT.




$$





U.S. Dept. of Commerce
NOAA National Weather Service
1325 East West Highway
Silver Spring, MD 20910
E-mail: w-nws.webmaster@noaa.gov
Page last modified: May 16, 2007
NATIONAL WEATHER SERVICE: for Safety, for Work, for Fun - FOR LIFE