132
CDUS42 KFFC 010826
CLIATL


CLIMATE REPORT
NATIONAL WEATHER SERVICE PEACHTREE CITY GA
425 AM EDT MON SEP 1 2014


...................................

...THE ATLANTA CLIMATE SUMMARY FOR AUGUST 31 2014...

CLIMATE NORMAL PERIOD 1981 TO 2010
CLIMATE RECORD PERIOD 1878 TO 2014


WEATHER ITEM   OBSERVED TIME   RECORD YEAR NORMAL DEPARTURE LAST
                VALUE   (LST)  VALUE       VALUE  FROM      YEAR
                                                  NORMAL
..................................................................
TEMPERATURE (F)
 YESTERDAY
  MAXIMUM         89    523 PM  96    1953  86      3       90
  MINIMUM         71    658 AM  55    1887  69      2       72
  AVERAGE         80                        78      2       81

PRECIPITATION (IN)
  YESTERDAY        T             3.72 2006   0.13  -0.13      T
  MONTH TO DATE    5.80                      3.90   1.90     5.24
  SINCE JUN 1     15.50                     13.12   2.38    23.29
  SINCE JAN 1     33.97                     33.83   0.14    51.04

DEGREE DAYS
 HEATING
  YESTERDAY        0                         0      0        0
  MONTH TO DATE    0                         0      0        1
  SINCE JUN 1      0                         2     -2        1
  SINCE JUL 1      0                         0      0        1

 COOLING
  YESTERDAY       15                        13      2       16
  MONTH TO DATE  441                       447     -6      395
  SINCE JUN 1   1255                      1289    -34     1174
  SINCE JAN 1   1538                      1539     -1     1382
..................................................................


WIND (MPH)
  RESULTANT WIND SPEED   1   RESULTANT WIND DIRECTION   S (190)
  HIGHEST WIND SPEED    16   HIGHEST WIND DIRECTION    NW (300)
  HIGHEST GUST SPEED    21   HIGHEST GUST DIRECTION    NW (300)
  AVERAGE WIND SPEED     3.8


SKY COVER
  AVERAGE SKY COVER 0.6


WEATHER CONDITIONS
 THE FOLLOWING WEATHER WAS RECORDED YESTERDAY.
  LIGHT RAIN
  FOG


RELATIVE HUMIDITY (PERCENT)
 HIGHEST    94           900 AM
 LOWEST     50           400 PM
 AVERAGE    72

..........................................................


THE ATLANTA CLIMATE NORMALS FOR TODAY
                         NORMAL    RECORD    YEAR
 MAXIMUM TEMPERATURE (F)   86        97      1957
 MINIMUM TEMPERATURE (F)   69        55      1903


SUNRISE AND SUNSET
SEPTEMBER  1 2014.....SUNRISE   712 AM EDT   SUNSET   803 PM EDT
SEPTEMBER  2 2014.....SUNRISE   712 AM EDT   SUNSET   802 PM EDT


-  INDICATES NEGATIVE NUMBERS.
R  INDICATES RECORD WAS SET OR TIED.
MM INDICATES DATA IS MISSING.
T  INDICATES TRACE AMOUNT.




$$





U.S. Dept. of Commerce
NOAA National Weather Service
1325 East West Highway
Silver Spring, MD 20910
E-mail: w-nws.webmaster@noaa.gov
Page last modified: May 16, 2007
NATIONAL WEATHER SERVICE: for Safety, for Work, for Fun - FOR LIFE