633
CDUS46 KPQR 280222
CLIAST


CLIMATE REPORT
NATIONAL WEATHER SERVICE PORTLAND OREGON
621 PM PST THU NOV 27 2014


...................................

...THE ASTORIA OR CLIMATE SUMMARY FOR NOVEMBER 27 2014...
VALID TODAY AS OF 0600 PM LOCAL TIME.

CLIMATE NORMAL PERIOD 1981 TO 2010
CLIMATE RECORD PERIOD 1892 TO 2014


WEATHER ITEM   OBSERVED TIME   RECORD YEAR NORMAL DEPARTURE LAST
                VALUE   (LST)  VALUE       VALUE  FROM      YEAR
                                                  NORMAL
..................................................................
TEMPERATURE (F)
 TODAY
  MAXIMUM         58    803 AM  63    2002  51      7       59
  MINIMUM         55   1002 AM  19    1896  38     17       39
  AVERAGE         57                        44     13       49

PRECIPITATION (IN)
  TODAY            0.51          3.68 1995   0.39   0.12     0.01
  MONTH TO DATE    5.95                      9.95  -4.00     4.78
  SINCE OCT 1     14.56                     15.93  -1.37     6.83
  SINCE JAN 1     61.81                     56.17   5.64    53.88

DEGREE DAYS
 HEATING
  TODAY            8                        20    -12       16
  MONTH TO DATE  455                       482    -27      473
  SINCE SEP 1    751                      1068   -317     1043
  SINCE JUL 1    909                      1349   -440     1290

 COOLING
  TODAY            0                         0      0        0
  MONTH TO DATE    0                         0      0        0
  SINCE SEP 1     20                         5     15        3
  SINCE JAN 1     45                        12     33        9
..................................................................


WIND (MPH)
  HIGHEST WIND SPEED    26   HIGHEST WIND DIRECTION     S (190)
  HIGHEST GUST SPEED    42   HIGHEST GUST DIRECTION    SW (210)
  AVERAGE WIND SPEED    17.0


SKY COVER
  POSSIBLE SUNSHINE  MM
  AVERAGE SKY COVER 1.0


WEATHER CONDITIONS
 THE FOLLOWING WEATHER WAS RECORDED TODAY.
  HEAVY RAIN
  LIGHT RAIN
  FOG


RELATIVE HUMIDITY (PERCENT)
 HIGHEST    93           200 AM
 LOWEST     86          1200 AM
 AVERAGE    90

..........................................................


THE ASTORIA OR CLIMATE NORMALS FOR TOMORROW
                         NORMAL    RECORD    YEAR
 MAXIMUM TEMPERATURE (F)   51        68      1907
 MINIMUM TEMPERATURE (F)   38        22      1896


SUNRISE AND SUNSET
NOVEMBER 27 2014......SUNRISE   733 AM PST   SUNSET   433 PM PST
NOVEMBER 28 2014......SUNRISE   734 AM PST   SUNSET   433 PM PST


-  INDICATES NEGATIVE NUMBERS.
R  INDICATES RECORD WAS SET OR TIED.
MM INDICATES DATA IS MISSING.
T  INDICATES TRACE AMOUNT.




$$





U.S. Dept. of Commerce
NOAA National Weather Service
1325 East West Highway
Silver Spring, MD 20910
E-mail: w-nws.webmaster@noaa.gov
Page last modified: May 16, 2007
NATIONAL WEATHER SERVICE: for Safety, for Work, for Fun - FOR LIFE