391
CDUS46 KPQR 241146
CLIAST


CLIMATE REPORT
NATIONAL WEATHER SERVICE PORTLAND OREGON
446 AM PDT FRI OCT 24 2014


...................................

...THE ASTORIA OR CLIMATE SUMMARY FOR OCTOBER 23 2014...

CLIMATE NORMAL PERIOD 1981 TO 2010
CLIMATE RECORD PERIOD 1892 TO 2014


WEATHER ITEM   OBSERVED TIME   RECORD YEAR NORMAL DEPARTURE LAST
                VALUE   (LST)  VALUE       VALUE  FROM      YEAR
                                                  NORMAL
..................................................................
TEMPERATURE (F)
 YESTERDAY
  MAXIMUM         61   1251 PM  79    1929  59      2       53
  MINIMUM         49    824 PM  34    1991  43      6       49
                                      1954
  AVERAGE         55                        51      4       51

PRECIPITATION (IN)
  YESTERDAY        0.94          1.48 1900   0.24   0.70     0.00
  MONTH TO DATE    5.83                      3.92   1.91     1.92
  SINCE OCT 1      5.83                      3.92   1.91     1.92
  SINCE JAN 1     53.08                     44.16   8.92    48.97

DEGREE DAYS
 HEATING
  YESTERDAY       10                        14     -4       14
  MONTH TO DATE  125                       269   -144      298
  SINCE SEP 1    217                       469   -252      444
  SINCE JUL 1    375                       750   -375      691

 COOLING
  YESTERDAY        0                         0      0        0
  MONTH TO DATE    0                         0      0        0
  SINCE SEP 1     20                         5     15        3
  SINCE JAN 1     45                        12     33        9
..................................................................


WIND (MPH)
  HIGHEST WIND SPEED    18   HIGHEST WIND DIRECTION    SW (230)
  HIGHEST GUST SPEED    25   HIGHEST GUST DIRECTION    SW (220)
  AVERAGE WIND SPEED     8.3


SKY COVER
  POSSIBLE SUNSHINE  MM
  AVERAGE SKY COVER 0.3


WEATHER CONDITIONS
 THE FOLLOWING WEATHER WAS RECORDED YESTERDAY.
  HEAVY RAIN
  RAIN
  LIGHT RAIN
  FOG


RELATIVE HUMIDITY (PERCENT)
 HIGHEST    89           700 PM
 LOWEST     60           100 PM
 AVERAGE    75

..........................................................


THE ASTORIA OR CLIMATE NORMALS FOR TODAY
                         NORMAL    RECORD    YEAR
 MAXIMUM TEMPERATURE (F)   59        75      1941
 MINIMUM TEMPERATURE (F)   43        32      1954


SUNRISE AND SUNSET
OCTOBER 24 2014.......SUNRISE   745 AM PDT   SUNSET   614 PM PDT
OCTOBER 25 2014.......SUNRISE   747 AM PDT   SUNSET   612 PM PDT


-  INDICATES NEGATIVE NUMBERS.
R  INDICATES RECORD WAS SET OR TIED.
MM INDICATES DATA IS MISSING.
T  INDICATES TRACE AMOUNT.




$$





U.S. Dept. of Commerce
NOAA National Weather Service
1325 East West Highway
Silver Spring, MD 20910
E-mail: w-nws.webmaster@noaa.gov
Page last modified: May 16, 2007
NATIONAL WEATHER SERVICE: for Safety, for Work, for Fun - FOR LIFE