664
CDUS46 KPQR 281146
CLIAST


CLIMATE REPORT
NATIONAL WEATHER SERVICE PORTLAND OREGON
345 AM PST WED JAN 28 2015


...................................

...THE ASTORIA OR CLIMATE SUMMARY FOR JANUARY 27 2015...

CLIMATE NORMAL PERIOD 1981 TO 2010
CLIMATE RECORD PERIOD 1892 TO 2015


WEATHER ITEM   OBSERVED TIME   RECORD YEAR NORMAL DEPARTURE LAST
                VALUE   (LST)  VALUE       VALUE  FROM      YEAR
                                                  NORMAL
..................................................................
TEMPERATURE (F)
 YESTERDAY
  MAXIMUM         52    223 PM  60    1988  51      1       47
                                      1940
  MINIMUM         46   1159 PM  15    1957  38      8       33
  AVERAGE         49                        44      5       40

PRECIPITATION (IN)
  YESTERDAY        0.02          1.68 1992   0.29  -0.27     0.06
  MONTH TO DATE    9.19                      9.01   0.18     4.29
  SINCE OCT 1     34.81                     36.03  -1.22    16.45
  SINCE JAN 1      9.19                      9.01   0.18     4.29

DEGREE DAYS
 HEATING
  YESTERDAY       16                        21     -5       25
  MONTH TO DATE  500                       576    -76      539
  SINCE DEC 1   1049                      1269   -220     1374
  SINCE JUL 1   2036                      2682   -646     2727

 COOLING
  YESTERDAY        0                         0      0        0
  MONTH TO DATE    0                         0      0        0
  SINCE DEC 1      0                         0      0        0
  SINCE JAN 1      0                         0      0        0
..................................................................


WIND (MPH)
  HIGHEST WIND SPEED    12   HIGHEST WIND DIRECTION    NW (320)
  HIGHEST GUST SPEED    16   HIGHEST GUST DIRECTION    SW (230)
  AVERAGE WIND SPEED     3.1


SKY COVER
  POSSIBLE SUNSHINE  MM
  AVERAGE SKY COVER 1.0


WEATHER CONDITIONS
 THE FOLLOWING WEATHER WAS RECORDED YESTERDAY.
  LIGHT RAIN
  FOG
  FOG W/VISIBILITY <= 1/4 MILE


RELATIVE HUMIDITY (PERCENT)
 HIGHEST   100          1200 AM
 LOWEST     89           300 PM
 AVERAGE    95

..........................................................


THE ASTORIA OR CLIMATE NORMALS FOR TODAY
                         NORMAL    RECORD    YEAR
 MAXIMUM TEMPERATURE (F)   51        64      1940
 MINIMUM TEMPERATURE (F)   38        11      1969


SUNRISE AND SUNSET
JANUARY 28 2015.......SUNRISE   743 AM PST   SUNSET   515 PM PST
JANUARY 29 2015.......SUNRISE   742 AM PST   SUNSET   516 PM PST


-  INDICATES NEGATIVE NUMBERS.
R  INDICATES RECORD WAS SET OR TIED.
MM INDICATES DATA IS MISSING.
T  INDICATES TRACE AMOUNT.




$$





U.S. Dept. of Commerce
NOAA National Weather Service
1325 East West Highway
Silver Spring, MD 20910
E-mail: w-nws.webmaster@noaa.gov
Page last modified: May 16, 2007
NATIONAL WEATHER SERVICE: for Safety, for Work, for Fun - FOR LIFE