207
CDUS46 KPQR 220220
CLIAST


CLIMATE REPORT
NATIONAL WEATHER SERVICE PORTLAND OREGON
620 PM PST SUN DEC 21 2014


...................................

...THE ASTORIA OR CLIMATE SUMMARY FOR DECEMBER 21 2014...
VALID TODAY AS OF 0600 PM LOCAL TIME.

CLIMATE NORMAL PERIOD 1981 TO 2010
CLIMATE RECORD PERIOD 1892 TO 2014


WEATHER ITEM   OBSERVED TIME   RECORD YEAR NORMAL DEPARTURE LAST
                VALUE   (LST)  VALUE       VALUE  FROM      YEAR
                                                  NORMAL
..................................................................
TEMPERATURE (F)
 TODAY
  MAXIMUM         56   1000 AM  60    1980  48      8       49
                                      1940
  MINIMUM         54    559 PM   6    1990  36     18       45
  AVERAGE         55                        42     13       47

PRECIPITATION (IN)
  TODAY            0.06          2.69 1955   0.31  -0.25     0.12
  MONTH TO DATE    7.99                      6.76   1.23     4.15
  SINCE OCT 1     23.04                     23.89  -0.85    11.31
  SINCE JAN 1     70.29                     64.13   6.16    58.36

DEGREE DAYS
 HEATING
  TODAY           10                        23    -13       18
  MONTH TO DATE  334                       469   -135      603
  SINCE DEC 1    334                       469   -135      603
  SINCE JUL 1   1316                      1882   -566     1956

 COOLING
  TODAY            0                         0      0        0
  MONTH TO DATE    0                         0      0        0
  SINCE DEC 1      0                         0      0        0
  SINCE JAN 1     45                        12     33        9
..................................................................


WIND (MPH)
  HIGHEST WIND SPEED    26   HIGHEST WIND DIRECTION     W (250)
  HIGHEST GUST SPEED    34   HIGHEST GUST DIRECTION     W (260)
  AVERAGE WIND SPEED    12.9


SKY COVER
  POSSIBLE SUNSHINE  MM
  AVERAGE SKY COVER 1.0


WEATHER CONDITIONS
 THE FOLLOWING WEATHER WAS RECORDED TODAY.
  LIGHT RAIN
  FOG
  HAZE


RELATIVE HUMIDITY (PERCENT)
 HIGHEST    93           500 AM
 LOWEST     86          1200 AM
 AVERAGE    90

..........................................................


THE ASTORIA OR CLIMATE NORMALS FOR TOMORROW
                         NORMAL    RECORD    YEAR
 MAXIMUM TEMPERATURE (F)   48        59      1999
                                             1940
 MINIMUM TEMPERATURE (F)   36        15      1983


SUNRISE AND SUNSET
DECEMBER 21 2014......SUNRISE   755 AM PST   SUNSET   432 PM PST
DECEMBER 22 2014......SUNRISE   756 AM PST   SUNSET   433 PM PST


-  INDICATES NEGATIVE NUMBERS.
R  INDICATES RECORD WAS SET OR TIED.
MM INDICATES DATA IS MISSING.
T  INDICATES TRACE AMOUNT.




$$





U.S. Dept. of Commerce
NOAA National Weather Service
1325 East West Highway
Silver Spring, MD 20910
E-mail: w-nws.webmaster@noaa.gov
Page last modified: May 16, 2007
NATIONAL WEATHER SERVICE: for Safety, for Work, for Fun - FOR LIFE