862
CDUS46 KPQR 231147
CLIAST


CLIMATE REPORT
NATIONAL WEATHER SERVICE PORTLAND OREGON
447 AM PDT THU OCT 23 2014


...................................

...THE ASTORIA OR CLIMATE SUMMARY FOR OCTOBER 22 2014...

CLIMATE NORMAL PERIOD 1981 TO 2010
CLIMATE RECORD PERIOD 1892 TO 2014


WEATHER ITEM   OBSERVED TIME   RECORD YEAR NORMAL DEPARTURE LAST
                VALUE   (LST)  VALUE       VALUE  FROM      YEAR
                                                  NORMAL
..................................................................
TEMPERATURE (F)
 YESTERDAY
  MAXIMUM         60    941 AM  79    1937  59      1       57
  MINIMUM         54   1036 PM  34    1961  43     11       40
  AVERAGE         57                        51      6       49

PRECIPITATION (IN)
  YESTERDAY        1.41          2.45 1931   0.23   1.18     0.00
  MONTH TO DATE    4.89                      3.68   1.21     1.92
  SINCE OCT 1      4.89                      3.68   1.21     1.92
  SINCE JAN 1     52.14                     43.92   8.22    48.97

DEGREE DAYS
 HEATING
  YESTERDAY        8                        14     -6       16
  MONTH TO DATE  115                       255   -140      284
  SINCE SEP 1    207                       455   -248      430
  SINCE JUL 1    365                       736   -371      677

 COOLING
  YESTERDAY        0                         0      0        0
  MONTH TO DATE    0                         0      0        0
  SINCE SEP 1     20                         5     15        3
  SINCE JAN 1     45                        12     33        9
..................................................................


WIND (MPH)
  HIGHEST WIND SPEED    31   HIGHEST WIND DIRECTION     S (190)
  HIGHEST GUST SPEED    47   HIGHEST GUST DIRECTION     S (190)
  AVERAGE WIND SPEED    13.9


SKY COVER
  POSSIBLE SUNSHINE  MM
  AVERAGE SKY COVER 0.9


WEATHER CONDITIONS
 THE FOLLOWING WEATHER WAS RECORDED YESTERDAY.
  HEAVY RAIN
  RAIN
  LIGHT RAIN
  FOG


RELATIVE HUMIDITY (PERCENT)
 HIGHEST    93           600 AM
 LOWEST     80           100 AM
 AVERAGE    87

..........................................................


THE ASTORIA OR CLIMATE NORMALS FOR TODAY
                         NORMAL    RECORD    YEAR
 MAXIMUM TEMPERATURE (F)   59        79      1929
 MINIMUM TEMPERATURE (F)   43        34      1991
                                             1954


SUNRISE AND SUNSET
OCTOBER 23 2014.......SUNRISE   744 AM PDT   SUNSET   615 PM PDT
OCTOBER 24 2014.......SUNRISE   745 AM PDT   SUNSET   614 PM PDT


-  INDICATES NEGATIVE NUMBERS.
R  INDICATES RECORD WAS SET OR TIED.
MM INDICATES DATA IS MISSING.
T  INDICATES TRACE AMOUNT.




$$





U.S. Dept. of Commerce
NOAA National Weather Service
1325 East West Highway
Silver Spring, MD 20910
E-mail: w-nws.webmaster@noaa.gov
Page last modified: May 16, 2007
NATIONAL WEATHER SERVICE: for Safety, for Work, for Fun - FOR LIFE