687
CDUS41 KBUF 201015
CLIART


CLIMATE REPORT
NATIONAL WEATHER SERVICE BUFFALO NY
614 AM EDT MON OCT 20 2014


...................................

...THE WATERTOWN NY CLIMATE SUMMARY FOR OCTOBER 19 2014...

CLIMATE NORMAL PERIOD 1981 TO 2010
CLIMATE RECORD PERIOD 1949 TO 2014


WEATHER ITEM   OBSERVED TIME   RECORD YEAR NORMAL DEPARTURE LAST
                VALUE   (LST)  VALUE       VALUE  FROM      YEAR
                                                  NORMAL
..................................................................
TEMPERATURE (F)
 YESTERDAY
  MAXIMUM         46    345 PM  79    2007  57    -11       64
  MINIMUM         31   1159 PM  14    1974  37     -6       48
  AVERAGE         39                        47     -8       56

PRECIPITATION (IN)
  YESTERDAY        0.00          0.56 2007   0.11  -0.11     0.18
  MONTH TO DATE    2.65                      2.31   0.34     2.52
  SINCE SEP 1      4.23                      6.03  -1.80     5.34
  SINCE JAN 1     36.49                     27.83   8.66    27.14

DEGREE DAYS
 HEATING
  YESTERDAY       26                        18      8        9
  MONTH TO DATE  172                       285   -113      155
  SINCE SEP 1    348                       487   -139      386
  SINCE JUL 1    398                       559   -161      429

 COOLING
  YESTERDAY        0                         0      0        0
  MONTH TO DATE   17                         0     17        0
  SINCE SEP 1     73                        35     38       48
  SINCE JAN 1    433                       359     74      481
..................................................................


WIND (MPH)
  HIGHEST WIND SPEED    17   HIGHEST WIND DIRECTION    NW (310)
  HIGHEST GUST SPEED    22   HIGHEST GUST DIRECTION    NW (320)
  AVERAGE WIND SPEED     7.5


SKY COVER
  AVERAGE SKY COVER 0.9


WEATHER CONDITIONS
 THE FOLLOWING WEATHER WAS RECORDED YESTERDAY.
  NO SIGNIFICANT WEATHER WAS OBSERVED.


RELATIVE HUMIDITY (PERCENT)
 HIGHEST    82          1000 PM
 LOWEST     45           100 PM
 AVERAGE    64

..........................................................


THE WATERTOWN NY CLIMATE NORMALS FOR TODAY
                         NORMAL    RECORD    YEAR
 MAXIMUM TEMPERATURE (F)   57        75      1995
 MINIMUM TEMPERATURE (F)   37        12      1972


SUNRISE AND SUNSET
OCTOBER 20 2014.......SUNRISE   725 AM EDT   SUNSET   612 PM EDT
OCTOBER 21 2014.......SUNRISE   726 AM EDT   SUNSET   611 PM EDT


-  INDICATES NEGATIVE NUMBERS.
R  INDICATES RECORD WAS SET OR TIED.
MM INDICATES DATA IS MISSING.
T  INDICATES TRACE AMOUNT.




$$






U.S. Dept. of Commerce
NOAA National Weather Service
1325 East West Highway
Silver Spring, MD 20910
E-mail: w-nws.webmaster@noaa.gov
Page last modified: May 16, 2007
NATIONAL WEATHER SERVICE: for Safety, for Work, for Fun - FOR LIFE