436
CDUS41 KBUF 220705
CLIART


CLIMATE REPORT
NATIONAL WEATHER SERVICE BUFFALO NY
305 AM EDT MON SEP 22 2014


...................................

...THE WATERTOWN NY CLIMATE SUMMARY FOR SEPTEMBER 21 2014...

CLIMATE NORMAL PERIOD 1981 TO 2010
CLIMATE RECORD PERIOD 1949 TO 2014


WEATHER ITEM   OBSERVED TIME   RECORD YEAR NORMAL DEPARTURE LAST
                VALUE   (LST)  VALUE       VALUE  FROM      YEAR
                                                  NORMAL
..................................................................
TEMPERATURE (F)
 YESTERDAY
  MAXIMUM         79    217 PM  88    1965  68     11       71
  MINIMUM         55   1159 PM  27    1973  47      8       56
  AVERAGE         67                        58      9       64

PRECIPITATION (IN)
  YESTERDAY        0.29          1.15 1966   0.14   0.15     1.09
  MONTH TO DATE    1.58                      2.47  -0.89     2.81
  SINCE SEP 1      1.58                      2.47  -0.89     2.81
  SINCE JAN 1     33.84                     24.27   9.57    24.61

DEGREE DAYS
 HEATING
  YESTERDAY        0                         8     -8        1
  MONTH TO DATE  124                       111     13      126
  SINCE SEP 1    124                       111     13      126
  SINCE JUL 1    174                       183     -9      169

 COOLING
  YESTERDAY        2                         1      1        0
  MONTH TO DATE   56                        31     25       48
  SINCE SEP 1     56                        31     25       48
  SINCE JAN 1    416                       355     61      481
..................................................................


WIND (MPH)
  HIGHEST WIND SPEED    21   HIGHEST WIND DIRECTION    SW (210)
  HIGHEST GUST SPEED    33   HIGHEST GUST DIRECTION     S (200)
  AVERAGE WIND SPEED    10.3


SKY COVER
  AVERAGE SKY COVER 0.8


WEATHER CONDITIONS
 THE FOLLOWING WEATHER WAS RECORDED YESTERDAY.
  THUNDERSTORM
  HEAVY RAIN
  RAIN
  LIGHT RAIN
  HAZE


RELATIVE HUMIDITY (PERCENT)
 HIGHEST    78          1200 PM
 LOWEST     57          1200 AM
 AVERAGE    68

..........................................................


THE WATERTOWN NY CLIMATE NORMALS FOR TODAY
                         NORMAL    RECORD    YEAR
 MAXIMUM TEMPERATURE (F)   68        91      1965
 MINIMUM TEMPERATURE (F)   46        28      1974


SUNRISE AND SUNSET
SEPTEMBER 22 2014.....SUNRISE   651 AM EDT   SUNSET   702 PM EDT
SEPTEMBER 23 2014.....SUNRISE   652 AM EDT   SUNSET   700 PM EDT


-  INDICATES NEGATIVE NUMBERS.
R  INDICATES RECORD WAS SET OR TIED.
MM INDICATES DATA IS MISSING.
T  INDICATES TRACE AMOUNT.




$$





U.S. Dept. of Commerce
NOAA National Weather Service
1325 East West Highway
Silver Spring, MD 20910
E-mail: w-nws.webmaster@noaa.gov
Page last modified: May 16, 2007
NATIONAL WEATHER SERVICE: for Safety, for Work, for Fun - FOR LIFE