625
CDUS41 KBUF 280705
CLIART


CLIMATE REPORT
NATIONAL WEATHER SERVICE BUFFALO NY
205 AM EST FRI NOV 28 2014


...................................

...THE WATERTOWN NY CLIMATE SUMMARY FOR NOVEMBER 27 2014...

CLIMATE NORMAL PERIOD 1981 TO 2010
CLIMATE RECORD PERIOD 1949 TO 2014


WEATHER ITEM   OBSERVED TIME   RECORD YEAR NORMAL DEPARTURE LAST
                VALUE   (LST)  VALUE       VALUE  FROM      YEAR
                                                  NORMAL
..................................................................
TEMPERATURE (F)
 YESTERDAY
  MAXIMUM         33    214 PM  66    1990  42     -9       35
  MINIMUM         28   1159 PM   0    1996  26      2       22
  AVERAGE         31                        34     -3       29

PRECIPITATION (IN)
  YESTERDAY        0.02          0.84 1993   0.12  -0.10     0.54
  MONTH TO DATE    2.55                      3.39  -0.84     3.15
  SINCE SEP 1      7.75                     10.76  -3.01    10.54
  SINCE JAN 1     40.01                     32.56   7.45    32.34

DEGREE DAYS
 HEATING
  YESTERDAY       34                        31      3       36
  MONTH TO DATE  669                       706    -37      739
  SINCE SEP 1   1208                      1430   -222     1384
  SINCE JUL 1   1258                      1502   -244     1427

 COOLING
  YESTERDAY        0                         0      0        0
  MONTH TO DATE    0                         0      0        0
  SINCE SEP 1     73                        38     35       48
  SINCE JAN 1    433                       362     71      481
..................................................................


WIND (MPH)
  HIGHEST WIND SPEED    14   HIGHEST WIND DIRECTION     N (350)
  HIGHEST GUST SPEED    16   HIGHEST GUST DIRECTION     N (350)
  AVERAGE WIND SPEED     4.3


SKY COVER
  AVERAGE SKY COVER 1.0


WEATHER CONDITIONS
 THE FOLLOWING WEATHER WAS RECORDED YESTERDAY.
  LIGHT SNOW
  HAZE


RELATIVE HUMIDITY (PERCENT)
 HIGHEST    78           600 PM
 LOWEST     56           100 PM
 AVERAGE    67

..........................................................


THE WATERTOWN NY CLIMATE NORMALS FOR TODAY
                         NORMAL    RECORD    YEAR
 MAXIMUM TEMPERATURE (F)   42        72      1990
 MINIMUM TEMPERATURE (F)   25        -3      1968


SUNRISE AND SUNSET
NOVEMBER 28 2014......SUNRISE   715 AM EST   SUNSET   429 PM EST
NOVEMBER 29 2014......SUNRISE   716 AM EST   SUNSET   428 PM EST


-  INDICATES NEGATIVE NUMBERS.
R  INDICATES RECORD WAS SET OR TIED.
MM INDICATES DATA IS MISSING.
T  INDICATES TRACE AMOUNT.




$$





U.S. Dept. of Commerce
NOAA National Weather Service
1325 East West Highway
Silver Spring, MD 20910
E-mail: w-nws.webmaster@noaa.gov
Page last modified: May 16, 2007
NATIONAL WEATHER SERVICE: for Safety, for Work, for Fun - FOR LIFE