234
CDUS41 KBUF 230705
CLIART


CLIMATE REPORT
NATIONAL WEATHER SERVICE BUFFALO NY
205 AM EST SUN NOV 23 2014


...................................

...THE WATERTOWN NY CLIMATE SUMMARY FOR NOVEMBER 22 2014...

CLIMATE NORMAL PERIOD 1981 TO 2010
CLIMATE RECORD PERIOD 1949 TO 2014


WEATHER ITEM   OBSERVED TIME   RECORD YEAR NORMAL DEPARTURE LAST
                VALUE   (LST)  VALUE       VALUE  FROM      YEAR
                                                  NORMAL
..................................................................
TEMPERATURE (F)
 YESTERDAY
  MAXIMUM         43   1159 PM  70    1953  44     -1       47
  MINIMUM         27    758 AM   4    1972  28     -1       34
  AVERAGE         35                        36     -1       41

PRECIPITATION (IN)
  YESTERDAY        0.08          0.74 2007   0.13  -0.05     0.19
  MONTH TO DATE    2.19                      2.77  -0.58     2.35
  SINCE SEP 1      7.39                     10.14  -2.75     9.74
  SINCE JAN 1     39.65                     31.94   7.71    31.54

DEGREE DAYS
 HEATING
  YESTERDAY       30                        29      1       24
  MONTH TO DATE  560                       555      5      547
  SINCE SEP 1   1099                      1279   -180     1192
  SINCE JUL 1   1149                      1351   -202     1235

 COOLING
  YESTERDAY        0                         0      0        0
  MONTH TO DATE    0                         0      0        0
  SINCE SEP 1     73                        38     35       48
  SINCE JAN 1    433                       362     71      481
..................................................................


WIND (MPH)
  HIGHEST WIND SPEED    21   HIGHEST WIND DIRECTION     S (200)
  HIGHEST GUST SPEED    31   HIGHEST GUST DIRECTION     S (190)
  AVERAGE WIND SPEED    12.0


SKY COVER
  AVERAGE SKY COVER 0.8


WEATHER CONDITIONS
 THE FOLLOWING WEATHER WAS RECORDED YESTERDAY.
  LIGHT RAIN
  LIGHT SNOW
  HAZE


RELATIVE HUMIDITY (PERCENT)
 HIGHEST    76           900 PM
 LOWEST     25           100 PM
 AVERAGE    51

..........................................................


THE WATERTOWN NY CLIMATE NORMALS FOR TODAY
                         NORMAL    RECORD    YEAR
 MAXIMUM TEMPERATURE (F)   44        69      1979
 MINIMUM TEMPERATURE (F)   27        -2      2000


SUNRISE AND SUNSET
NOVEMBER 23 2014......SUNRISE   709 AM EST   SUNSET   431 PM EST
NOVEMBER 24 2014......SUNRISE   710 AM EST   SUNSET   431 PM EST


-  INDICATES NEGATIVE NUMBERS.
R  INDICATES RECORD WAS SET OR TIED.
MM INDICATES DATA IS MISSING.
T  INDICATES TRACE AMOUNT.




$$





U.S. Dept. of Commerce
NOAA National Weather Service
1325 East West Highway
Silver Spring, MD 20910
E-mail: w-nws.webmaster@noaa.gov
Page last modified: May 16, 2007
NATIONAL WEATHER SERVICE: for Safety, for Work, for Fun - FOR LIFE