568
CDUS43 KLOT 220631
CLIARR


CLIMATE REPORT
NATIONAL WEATHER SERVICE CHICAGO IL
131 AM CDT WED OCT 22 2014


...................................

...THE AURORA MUNICIPAL AIRPORT CLIMATE SUMMARY FOR OCTOBER 21 2014...

CLIMATE NORMAL PERIOD 1981 TO 2010
CLIMATE RECORD PERIOD 1998 TO 2014


WEATHER ITEM   OBSERVED TIME   RECORD YEAR NORMAL DEPARTURE LAST
                VALUE   (LST)  VALUE       VALUE  FROM      YEAR
                                                  NORMAL
..................................................................
TEMPERATURE (F)
 YESTERDAY
  MAXIMUM         56   1228 PM  80    2007  60     -4       53
  MINIMUM         33   1148 PM  27    2013  38     -5       27
  AVERAGE         45                        49     -4       40

PRECIPITATION (IN)
  YESTERDAY        0.00          0.42 2006   0.10  -0.10      T
  MONTH TO DATE    2.33                      2.14   0.19     0.89
  SINCE SEP 1      4.89                      5.58  -0.69     2.11
  SINCE JAN 1     27.76                     30.78  -3.02    28.34

DEGREE DAYS
 HEATING
  YESTERDAY       20                        16      4       25
  MONTH TO DATE  274                       275     -1      206
  SINCE SEP 1    424                       404     20      307
  SINCE JUL 1    445                       428     17      335

 COOLING
  YESTERDAY        0                         0      0        0
  MONTH TO DATE    3                         9     -6       14
  SINCE SEP 1     63                        72     -9      118
  SINCE JAN 1    693                       656     37      745
..................................................................


WIND (MPH)
  RESULTANT WIND SPEED   7   RESULTANT WIND DIRECTION   N (20)
  HIGHEST WIND SPEED    16   HIGHEST WIND DIRECTION     N (360)
  HIGHEST GUST SPEED    21   HIGHEST GUST DIRECTION     N (10)
  AVERAGE WIND SPEED     7.5


SKY COVER
  POSSIBLE SUNSHINE  MM
  AVERAGE SKY COVER 0.7


WEATHER CONDITIONS
 THE FOLLOWING WEATHER WAS RECORDED YESTERDAY.
  NO SIGNIFICANT WEATHER WAS OBSERVED.


RELATIVE HUMIDITY (PERCENT)
 HIGHEST    89          1000 PM
 LOWEST     54          1100 AM
 AVERAGE    72

..........................................................


THE AURORA MUNICIPAL AIRPORT CLIMATE NORMALS FOR TODAY
                         NORMAL    RECORD    YEAR
 MAXIMUM TEMPERATURE (F)   60        68      2000
 MINIMUM TEMPERATURE (F)   37        23      2013


SUNRISE AND SUNSET
OCTOBER 22 2014.......SUNRISE   714 AM CDT   SUNSET   602 PM CDT
OCTOBER 23 2014.......SUNRISE   715 AM CDT   SUNSET   600 PM CDT


-  INDICATES NEGATIVE NUMBERS.
R  INDICATES RECORD WAS SET OR TIED.
MM INDICATES DATA IS MISSING.
T  INDICATES TRACE AMOUNT.




$$





U.S. Dept. of Commerce
NOAA National Weather Service
1325 East West Highway
Silver Spring, MD 20910
E-mail: w-nws.webmaster@noaa.gov
Page last modified: May 16, 2007
NATIONAL WEATHER SERVICE: for Safety, for Work, for Fun - FOR LIFE