667
CDUS43 KLOT 240637
CLIARR


CLIMATE REPORT
NATIONAL WEATHER SERVICE CHICAGO IL
136 AM CDT THU JUL 24 2014


...................................

...THE AURORA MUNICIPAL AIRPORT CLIMATE SUMMARY FOR JULY 23 2014...

CLIMATE NORMAL PERIOD 1981 TO 2010
CLIMATE RECORD PERIOD 1998 TO 2014


WEATHER ITEM   OBSERVED TIME   RECORD YEAR NORMAL DEPARTURE LAST
                VALUE   (LST)  VALUE       VALUE  FROM      YEAR
                                                  NORMAL
..................................................................
TEMPERATURE (F)
 YESTERDAY
  MAXIMUM         78    317 PM  94    2011  83     -5       78
  MINIMUM         54   1140 PM  47    2000  60     -6       57
  AVERAGE         66                        71     -5       68

PRECIPITATION (IN)
  YESTERDAY        0.00          0.81 2011   0.16  -0.16     0.01
  MONTH TO DATE    1.80                      3.09  -1.29     1.65
  SINCE JUN 1     10.76                      7.10   3.66     5.25
  SINCE JAN 1     18.75                     19.98  -1.23    22.11

DEGREE DAYS
 HEATING
  YESTERDAY        0                         0      0        0
  MONTH TO DATE   11                         0     11        0
  SINCE JUN 1     27                        41    -14       44
  SINCE JUL 1     11                         0     11        0

 COOLING
  YESTERDAY        1                         7     -6        3
  MONTH TO DATE   95                       161    -66      218
  SINCE JUN 1    291                       316    -25      363
  SINCE JAN 1    377                       357     20      443
..................................................................


WIND (MPH)
  RESULTANT WIND SPEED  11   RESULTANT WIND DIRECTION  NE (30)
  HIGHEST WIND SPEED    21   HIGHEST WIND DIRECTION    NE (30)
  HIGHEST GUST SPEED    29   HIGHEST GUST DIRECTION    NE (50)
  AVERAGE WIND SPEED    11.5


SKY COVER
  POSSIBLE SUNSHINE  MM
  AVERAGE SKY COVER 0.1


WEATHER CONDITIONS
 THE FOLLOWING WEATHER WAS RECORDED YESTERDAY.
  NO SIGNIFICANT WEATHER WAS OBSERVED.


RELATIVE HUMIDITY (PERCENT)
 HIGHEST    78           400 AM
 LOWEST     39           200 PM
 AVERAGE    59

..........................................................


THE AURORA MUNICIPAL AIRPORT CLIMATE NORMALS FOR TODAY
                         NORMAL    RECORD    YEAR
 MAXIMUM TEMPERATURE (F)   83       100      2005
 MINIMUM TEMPERATURE (F)   59        47      2000


SUNRISE AND SUNSET
JULY 24 2014..........SUNRISE   540 AM CDT   SUNSET   820 PM CDT
JULY 25 2014..........SUNRISE   541 AM CDT   SUNSET   819 PM CDT


-  INDICATES NEGATIVE NUMBERS.
R  INDICATES RECORD WAS SET OR TIED.
MM INDICATES DATA IS MISSING.
T  INDICATES TRACE AMOUNT.




$$





U.S. Dept. of Commerce
NOAA National Weather Service
1325 East West Highway
Silver Spring, MD 20910
E-mail: w-nws.webmaster@noaa.gov
Page last modified: May 16, 2007
NATIONAL WEATHER SERVICE: for Safety, for Work, for Fun - FOR LIFE