533
CDUS44 KLCH 272319
CLIARA


CLIMATE REPORT
NATIONAL WEATHER SERVICE LAKE CHARLES, LA
519 PM CST THU NOV 27 2014


...................................

...THE NEW IBERIA CLIMATE SUMMARY FOR NOVEMBER 27 2014...
VALID TODAY AS OF 0500 PM LOCAL TIME.

CLIMATE NORMAL PERIOD 1981 TO 2010
CLIMATE RECORD PERIOD 1948 TO 2014


WEATHER ITEM   OBSERVED TIME   RECORD YEAR NORMAL DEPARTURE LAST
                VALUE   (LST)  VALUE       VALUE  FROM      YEAR
                                                  NORMAL
..................................................................
TEMPERATURE (F)
 TODAY
  MAXIMUM         64    228 PM  84    1973  69     -5       49
  MINIMUM         42    522 AM  26    1956  47     -5       30
  AVERAGE         53                        58     -5       40

PRECIPITATION (IN)
  TODAY            0.00          4.37 2003   0.19  -0.19     0.00
  MONTH TO DATE    5.22                      3.65   1.57     1.24
  SINCE SEP 1      9.49                     13.24  -3.75    10.01
  SINCE JAN 1     48.56                     54.09  -5.53    63.08

SNOWFALL (IN)
  TODAY            0.0           0.0    MM  MM               0.0
  MONTH TO DATE    0.0                      MM               0.0
  SINCE SEP 1      0.0                      MM               0.0
  SINCE JUL 1      0.0                      MM               0.0

DEGREE DAYS
 HEATING
  TODAY           12                         8      4       25
  MONTH TO DATE  266                       135    131      168
  SINCE SEP 1    271                       169    102      174
  SINCE JUL 1    271                       169    102      174

 COOLING
  TODAY            0                         1     -1        0
  MONTH TO DATE   19                        40    -21       59
  SINCE SEP 1    723                       642     81      871
  SINCE JAN 1   2826                      2785     41     3191
..................................................................


WIND (MPH)
  RESULTANT WIND SPEED   8   RESULTANT WIND DIRECTION   N (10)
  HIGHEST WIND SPEED    20   HIGHEST WIND DIRECTION     N (10)
  HIGHEST GUST SPEED    24   HIGHEST GUST DIRECTION    NE (30)
  AVERAGE WIND SPEED     9.5


SKY COVER
  POSSIBLE SUNSHINE  MM
  AVERAGE SKY COVER 0.0


WEATHER CONDITIONS
 THE FOLLOWING WEATHER WAS RECORDED TODAY.
  NO SIGNIFICANT WEATHER WAS OBSERVED.


RELATIVE HUMIDITY (PERCENT)
 HIGHEST    89           500 AM
 LOWEST     27           200 PM
 AVERAGE    58

..........................................................


THE NEW IBERIA CLIMATE NORMALS FOR TOMORROW
                         NORMAL    RECORD    YEAR
 MAXIMUM TEMPERATURE (F)   68        83      1960
 MINIMUM TEMPERATURE (F)   47        30      2013
                                             1993
                                             1956


SUNRISE AND SUNSET
NOVEMBER 27 2014......SUNRISE   643 AM CST   SUNSET   508 PM CST
NOVEMBER 28 2014......SUNRISE   643 AM CST   SUNSET   507 PM CST


-  INDICATES NEGATIVE NUMBERS.
R  INDICATES RECORD WAS SET OR TIED.
MM INDICATES DATA IS MISSING.
T  INDICATES TRACE AMOUNT.




$$





U.S. Dept. of Commerce
NOAA National Weather Service
1325 East West Highway
Silver Spring, MD 20910
E-mail: w-nws.webmaster@noaa.gov
Page last modified: May 16, 2007
NATIONAL WEATHER SERVICE: for Safety, for Work, for Fun - FOR LIFE