094
CDUS44 KLCH 240815
CLIARA


CLIMATE REPORT
NATIONAL WEATHER SERVICE LAKE CHARLES, LA
314 AM CDT FRI OCT 24 2014


...................................

...THE NEW IBERIA CLIMATE SUMMARY FOR OCTOBER 23 2014...

CLIMATE NORMAL PERIOD 1981 TO 2010
CLIMATE RECORD PERIOD 1948 TO 2014


WEATHER ITEM   OBSERVED TIME   RECORD YEAR NORMAL DEPARTURE LAST
                VALUE   (LST)  VALUE       VALUE  FROM      YEAR
                                                  NORMAL
..................................................................
TEMPERATURE (F)
 YESTERDAY
  MAXIMUM         77    153 PM  89    2003  80     -3       79
  MINIMUM         55    639 AM  36    1952  56     -1       51
  AVERAGE         66                        68     -2       65

PRECIPITATION (IN)
  YESTERDAY        0.00          7.95 1984   0.15  -0.15     0.00
  MONTH TO DATE    2.10                      4.32  -2.22     3.40
  SINCE SEP 1      4.27                      8.95  -4.68     7.42
  SINCE JAN 1     43.34                     49.80  -6.46    60.49

SNOWFALL (IN)
  YESTERDAY        0.0           0.0    MM  MM               0.0
  MONTH TO DATE    0.0                      MM               0.0
  SINCE SEP 1      0.0                      MM               0.0
  SINCE JUL 1      0.0                      MM               0.0

DEGREE DAYS
 HEATING
  YESTERDAY        0                         2     -2        0
  MONTH TO DATE    0                        14    -14        0
  SINCE SEP 1      0                        15    -15        0
  SINCE JUL 1      0                        15    -15        0

 COOLING
  YESTERDAY        1                         5     -4        0
  MONTH TO DATE  194                       158     36      216
  SINCE SEP 1    674                       571    103      774
  SINCE JAN 1   2777                      2714     63     3094
..................................................................


WIND (MPH)
  RESULTANT WIND SPEED   7   RESULTANT WIND DIRECTION  NE (30)
  HIGHEST WIND SPEED    13   HIGHEST WIND DIRECTION     E (80)
  HIGHEST GUST SPEED    16   HIGHEST GUST DIRECTION     E (80)
  AVERAGE WIND SPEED     7.3


SKY COVER
  POSSIBLE SUNSHINE  MM
  AVERAGE SKY COVER 0.0


WEATHER CONDITIONS
 THE FOLLOWING WEATHER WAS RECORDED YESTERDAY.
  NO SIGNIFICANT WEATHER WAS OBSERVED.


RELATIVE HUMIDITY (PERCENT)
 HIGHEST    86           400 AM
 LOWEST     38          1200 PM
 AVERAGE    62

..........................................................


THE NEW IBERIA CLIMATE NORMALS FOR TODAY
                         NORMAL    RECORD    YEAR
 MAXIMUM TEMPERATURE (F)   79        89      1949
 MINIMUM TEMPERATURE (F)   56        40      2007


SUNRISE AND SUNSET
OCTOBER 24 2014.......SUNRISE   716 AM CDT   SUNSET   627 PM CDT
OCTOBER 25 2014.......SUNRISE   716 AM CDT   SUNSET   626 PM CDT


-  INDICATES NEGATIVE NUMBERS.
R  INDICATES RECORD WAS SET OR TIED.
MM INDICATES DATA IS MISSING.
T  INDICATES TRACE AMOUNT.




$$






U.S. Dept. of Commerce
NOAA National Weather Service
1325 East West Highway
Silver Spring, MD 20910
E-mail: w-nws.webmaster@noaa.gov
Page last modified: May 16, 2007
NATIONAL WEATHER SERVICE: for Safety, for Work, for Fun - FOR LIFE