218
CDUS43 KAPX 270531
CLIAPN


CLIMATE REPORT
NATIONAL WEATHER SERVICE GAYLORD MI
129 AM EDT WED AUG 27 2014


...................................

...THE ALPENA MI CLIMATE SUMMARY FOR AUGUST 26 2014...

CLIMATE NORMAL PERIOD 1981 TO 2010
CLIMATE RECORD PERIOD 1916 TO 2014


WEATHER ITEM   OBSERVED TIME   RECORD YEAR NORMAL DEPARTURE LAST
                VALUE   (LST)  VALUE       VALUE  FROM      YEAR
                                                  NORMAL
..................................................................
TEMPERATURE (F)
 YESTERDAY
  MAXIMUM         80    136 PM  94    1953  76      4       90
                                      1948
  MINIMUM         53   1159 PM  32    1923  52      1       65
  AVERAGE         67                        64      3       78

PRECIPITATION (IN)
  YESTERDAY        0.00          1.15 2006   0.11  -0.11     0.01
  MONTH TO DATE    4.17                      2.69   1.48     1.03
  SINCE JUN 1      9.26                      8.34   0.92     6.59
  SINCE JAN 1     20.76                     18.24   2.52    21.52

DEGREE DAYS
 HEATING
  YESTERDAY        0                         3     -3        0
  MONTH TO DATE   37                        54    -17       58
  SINCE JUN 1    218                       241    -23      247
  SINCE JUL 1    106                        98      8      111

 COOLING
  YESTERDAY        2                         2      0       13
  MONTH TO DATE   30                        70    -40       68
  SINCE JUN 1    136                       242   -106      261
  SINCE JAN 1    141                       255   -114      274
..................................................................


WIND (MPH)
  HIGHEST WIND SPEED    16   HIGHEST WIND DIRECTION     N (360)
  HIGHEST GUST SPEED    19   HIGHEST GUST DIRECTION     N (20)
  AVERAGE WIND SPEED     5.7




RELATIVE HUMIDITY (PERCENT)
 HIGHEST   100
 LOWEST     60
 AVERAGE    80

..........................................................


THE ALPENA MI CLIMATE NORMALS FOR TODAY
                         NORMAL    RECORD    YEAR
 MAXIMUM TEMPERATURE (F)   75        94      1953
                                             1948
 MINIMUM TEMPERATURE (F)   52        36      1934


SUNRISE AND SUNSET
AUGUST 27 2014........SUNRISE   650 AM EDT   SUNSET   820 PM EDT
AUGUST 28 2014........SUNRISE   651 AM EDT   SUNSET   819 PM EDT


-  INDICATES NEGATIVE NUMBERS.
R  INDICATES RECORD WAS SET OR TIED.
MM INDICATES DATA IS MISSING.
T  INDICATES TRACE AMOUNT.




$$





U.S. Dept. of Commerce
NOAA National Weather Service
1325 East West Highway
Silver Spring, MD 20910
E-mail: w-nws.webmaster@noaa.gov
Page last modified: May 16, 2007
NATIONAL WEATHER SERVICE: for Safety, for Work, for Fun - FOR LIFE