398
CDUS43 KAPX 010540
CLIAPN


CLIMATE REPORT
NATIONAL WEATHER SERVICE GAYLORD MI
1240 AM EST SUN FEB 1 2015


...................................

...THE ALPENA MI CLIMATE SUMMARY FOR JANUARY 31 2015...

CLIMATE NORMAL PERIOD 1981 TO 2010
CLIMATE RECORD PERIOD 1916 TO 2015


WEATHER ITEM   OBSERVED TIME   RECORD YEAR NORMAL DEPARTURE LAST
                VALUE   (LST)  VALUE       VALUE  FROM      YEAR
                                                  NORMAL
..................................................................
TEMPERATURE (F)
 YESTERDAY
  MAXIMUM         27    443 PM  50    1989  27      0       26
  MINIMUM          6    353 AM -25    1994  10     -4       -6
  AVERAGE         17                        19     -2       10

PRECIPITATION (IN)
  YESTERDAY        0.03          0.67 1942   0.05  -0.02      T
  MONTH TO DATE    1.19                      1.66  -0.47     1.45
  SINCE DEC 1      2.88                      3.41  -0.53     3.59
  SINCE JAN 1      1.19                      1.66  -0.47     1.45

SNOWFALL (IN)
  YESTERDAY        T             6.1  1942   0.7   -0.7      0.2
  MONTH TO DATE   15.3                      21.3   -6.0     15.5
  SINCE OCT 1     31.4                      48.6  -17.2     42.5
  SINCE JUL 1     31.4                      48.6  -17.2     42.5
  SNOW DEPTH       6

DEGREE DAYS
 HEATING
  YESTERDAY       48                        46      2       55
  MONTH TO DATE 1565                      1415    150     1636
  SINCE DEC 1   2703                      2659     44     3110
  SINCE JUL 1   4636                      4482    154     4978
..................................................................


WIND (MPH)
  HIGHEST WIND SPEED    18   HIGHEST WIND DIRECTION    NW (330)
  HIGHEST GUST SPEED    24   HIGHEST GUST DIRECTION    NW (330)
  AVERAGE WIND SPEED     7.2




RELATIVE HUMIDITY (PERCENT)
 HIGHEST    92
 LOWEST     68
 AVERAGE    80

..........................................................


THE ALPENA MI CLIMATE NORMALS FOR TODAY
                         NORMAL    RECORD    YEAR
 MAXIMUM TEMPERATURE (F)   27        49      1970
 MINIMUM TEMPERATURE (F)   10       -27      1918


SUNRISE AND SUNSET
FEBRUARY  1 2015......SUNRISE   754 AM EST   SUNSET   542 PM EST
FEBRUARY  2 2015......SUNRISE   753 AM EST   SUNSET   543 PM EST


-  INDICATES NEGATIVE NUMBERS.
R  INDICATES RECORD WAS SET OR TIED.
MM INDICATES DATA IS MISSING.
T  INDICATES TRACE AMOUNT.




$$






U.S. Dept. of Commerce
NOAA National Weather Service
1325 East West Highway
Silver Spring, MD 20910
E-mail: w-nws.webmaster@noaa.gov
Page last modified: May 16, 2007
NATIONAL WEATHER SERVICE: for Safety, for Work, for Fun - FOR LIFE