208
CDUS43 KAPX 210537
CLIAPN


CLIMATE REPORT
NATIONAL WEATHER SERVICE GAYLORD MI
1237 AM EST SUN DEC 21 2014


...................................

...THE ALPENA MI CLIMATE SUMMARY FOR DECEMBER 20 2014...

CLIMATE NORMAL PERIOD 1981 TO 2010
CLIMATE RECORD PERIOD 1916 TO 2014


WEATHER ITEM   OBSERVED TIME   RECORD YEAR NORMAL DEPARTURE LAST
                VALUE   (LST)  VALUE       VALUE  FROM      YEAR
                                                  NORMAL
..................................................................
TEMPERATURE (F)
 YESTERDAY
  MAXIMUM         30    235 PM  53    1957  30      0       27
  MINIMUM          8    820 AM -16    2004  17     -9       22
  AVERAGE         19                        24     -5       25

PRECIPITATION (IN)
  YESTERDAY        0.00          0.89 2012   0.05  -0.05     0.34
  MONTH TO DATE    0.76                      1.17  -0.41     1.66
  SINCE DEC 1      0.76                      1.17  -0.41     1.66
  SINCE JAN 1     33.87                     27.58   6.29    31.13

SNOWFALL (IN)
  YESTERDAY        0.0           6.0  1951   0.6   -0.6      3.9
  MONTH TO DATE    0.5                      11.9  -11.4     17.0
  SINCE OCT 1     16.1                      20.0   -3.9     19.6
  SINCE JUL 1     16.1                      20.0   -3.9     19.6
  SNOW DEPTH       1

DEGREE DAYS
 HEATING
  YESTERDAY       46                        41      5       40
  MONTH TO DATE  739                       767    -28      912
  SINCE DEC 1    739                       767    -28      912
  SINCE JUL 1   2672                      2590     82     2780
..................................................................


WIND (MPH)
  HIGHEST WIND SPEED     6   HIGHEST WIND DIRECTION    SW (210)
  HIGHEST GUST SPEED     7   HIGHEST GUST DIRECTION     S (200)
  AVERAGE WIND SPEED     0.3




RELATIVE HUMIDITY (PERCENT)
 HIGHEST    92
 LOWEST     69
 AVERAGE    81

..........................................................


THE ALPENA MI CLIMATE NORMALS FOR TODAY
                         NORMAL    RECORD    YEAR
 MAXIMUM TEMPERATURE (F)   30        58      1967
 MINIMUM TEMPERATURE (F)   17       -11      1989


SUNRISE AND SUNSET
DECEMBER 21 2014......SUNRISE   810 AM EST   SUNSET   455 PM EST
DECEMBER 22 2014......SUNRISE   810 AM EST   SUNSET   456 PM EST


-  INDICATES NEGATIVE NUMBERS.
R  INDICATES RECORD WAS SET OR TIED.
MM INDICATES DATA IS MISSING.
T  INDICATES TRACE AMOUNT.




$$





U.S. Dept. of Commerce
NOAA National Weather Service
1325 East West Highway
Silver Spring, MD 20910
E-mail: w-nws.webmaster@noaa.gov
Page last modified: May 16, 2007
NATIONAL WEATHER SERVICE: for Safety, for Work, for Fun - FOR LIFE