729
CDUS43 KAPX 212233
CLIAPN


CLIMATE REPORT
NATIONAL WEATHER SERVICE GAYLORD MI
533 PM EST FRI NOV 21 2014


...................................

...THE ALPENA MI CLIMATE SUMMARY FOR NOVEMBER 21 2014...
VALID TODAY AS OF 0500 PM LOCAL TIME.

CLIMATE NORMAL PERIOD 1981 TO 2010
CLIMATE RECORD PERIOD 1916 TO 2014


WEATHER ITEM   OBSERVED TIME   RECORD YEAR NORMAL DEPARTURE LAST
                VALUE   (LST)  VALUE       VALUE  FROM      YEAR
                                                  NORMAL
..................................................................
TEMPERATURE (F)
 TODAY
  MAXIMUM         26    500 PM  65    1931  41    -15       42
  MINIMUM         21   1100 AM   9    1966  27     -6       34
  AVERAGE         24                        34    -10       38

PRECIPITATION (IN)
  TODAY            0.00          0.74 1920   0.07  -0.07     0.02
  MONTH TO DATE    1.37                      1.49  -0.12     1.81
  SINCE SEP 1      9.09                      7.02   2.07     7.19
  SINCE JAN 1     30.99                     25.80   5.19    29.26

SNOWFALL (IN)
  TODAY            0.0           4.0  1920   0.3             0.0
  MONTH TO DATE    2.1                       4.2             0.3
  SINCE OCT 1      2.1                       4.6             0.3
  SINCE JUL 1      2.1                       4.6             0.3

DEGREE DAYS
 HEATING
  TODAY           41                        31     10       27
  MONTH TO DATE  703                       581    122      552
  SINCE SEP 1   1498                      1410     88     1371
  SINCE JUL 1   1622                      1525     97     1482
..................................................................


WIND (MPH)
  RESULTANT WIND SPEED   9   RESULTANT WIND DIRECTION  SW (240)
  HIGHEST WIND SPEED    14   HIGHEST WIND DIRECTION    SW (240)
  HIGHEST GUST SPEED    20   HIGHEST GUST DIRECTION     W (260)
  AVERAGE WIND SPEED     9.7


SKY COVER
  POSSIBLE SUNSHINE  MM
  AVERAGE SKY COVER 0.5


WEATHER CONDITIONS
 THE FOLLOWING WEATHER WAS RECORDED TODAY.
  NO SIGNIFICANT WEATHER WAS OBSERVED.


RELATIVE HUMIDITY (PERCENT)
 HIGHEST    68
 LOWEST     50
 AVERAGE    59

..........................................................


THE ALPENA MI CLIMATE NORMALS FOR TOMORROW
                         NORMAL    RECORD    YEAR
 MAXIMUM TEMPERATURE (F)   40        62      2012
 MINIMUM TEMPERATURE (F)   27         3      1929


SUNRISE AND SUNSET
NOVEMBER 21 2014......SUNRISE   740 AM EST   SUNSET   500 PM EST
NOVEMBER 22 2014......SUNRISE   741 AM EST   SUNSET   459 PM EST


-  INDICATES NEGATIVE NUMBERS.
R  INDICATES RECORD WAS SET OR TIED.
MM INDICATES DATA IS MISSING.
T  INDICATES TRACE AMOUNT.




$$






U.S. Dept. of Commerce
NOAA National Weather Service
1325 East West Highway
Silver Spring, MD 20910
E-mail: w-nws.webmaster@noaa.gov
Page last modified: May 16, 2007
NATIONAL WEATHER SERVICE: for Safety, for Work, for Fun - FOR LIFE