028
CDUS43 KAPX 010527
CLIAPN


CLIMATE REPORT
NATIONAL WEATHER SERVICE GAYLORD MI
127 AM EDT WED OCT 1 2014


...................................

...THE ALPENA MI CLIMATE SUMMARY FOR SEPTEMBER 30 2014...

CLIMATE NORMAL PERIOD 1981 TO 2010
CLIMATE RECORD PERIOD 1916 TO 2014


WEATHER ITEM   OBSERVED TIME   RECORD YEAR NORMAL DEPARTURE LAST
                VALUE   (LST)  VALUE       VALUE  FROM      YEAR
                                                  NORMAL
..................................................................
TEMPERATURE (F)
 YESTERDAY
  MAXIMUM         52   1159 PM  86    1922  63    -11       68
  MINIMUM         46    725 AM  24    1945  42      4       36
  AVERAGE         49                        52     -3       52

PRECIPITATION (IN)
  YESTERDAY        T             2.04 1921   0.09  -0.09     0.00
  MONTH TO DATE    4.15                      2.92   1.23     1.59
  SINCE SEP 1      4.15                      2.92   1.23     1.59
  SINCE JAN 1     26.05                     21.70   4.35    23.66

DEGREE DAYS
 HEATING
  YESTERDAY       16                        13      3       13
  MONTH TO DATE  223                       241    -18      273
  SINCE SEP 1    223                       242    -19      273
  SINCE JUL 1    347                       357    -10      384

 COOLING
  YESTERDAY        0                         0      0        0
  MONTH TO DATE   18                        23     -5       36
  SINCE SEP 1     18                        23     -5       36
  SINCE JAN 1    168                       289   -121      343
..................................................................


WIND (MPH)
  HIGHEST WIND SPEED    18   HIGHEST WIND DIRECTION     N (360)
  HIGHEST GUST SPEED    22   HIGHEST GUST DIRECTION     N (360)
  AVERAGE WIND SPEED     9.5




RELATIVE HUMIDITY (PERCENT)
 HIGHEST   100
 LOWEST     83
 AVERAGE    92

..........................................................


THE ALPENA MI CLIMATE NORMALS FOR TODAY
                         NORMAL    RECORD    YEAR
 MAXIMUM TEMPERATURE (F)   62        88      1971
 MINIMUM TEMPERATURE (F)   41        23      1960


SUNRISE AND SUNSET
OCTOBER  1 2014.......SUNRISE   732 AM EDT   SUNSET   715 PM EDT
OCTOBER  2 2014.......SUNRISE   733 AM EDT   SUNSET   713 PM EDT


-  INDICATES NEGATIVE NUMBERS.
R  INDICATES RECORD WAS SET OR TIED.
MM INDICATES DATA IS MISSING.
T  INDICATES TRACE AMOUNT.




$$





U.S. Dept. of Commerce
NOAA National Weather Service
1325 East West Highway
Silver Spring, MD 20910
E-mail: w-nws.webmaster@noaa.gov
Page last modified: May 16, 2007
NATIONAL WEATHER SERVICE: for Safety, for Work, for Fun - FOR LIFE