789
CDUS43 KAPX 240538
CLIAPN


CLIMATE REPORT
NATIONAL WEATHER SERVICE GAYLORD MI
138 AM EDT THU APR 24 2014


...................................

...THE ALPENA MI CLIMATE SUMMARY FOR APRIL 23 2014...

CLIMATE NORMAL PERIOD 1981 TO 2010
CLIMATE RECORD PERIOD 1916 TO 2014


WEATHER ITEM   OBSERVED TIME   RECORD YEAR NORMAL DEPARTURE LAST
                VALUE   (LST)  VALUE       VALUE  FROM      YEAR
                                                  NORMAL
..................................................................
TEMPERATURE (F)
 YESTERDAY
  MAXIMUM         52    408 PM  87    1985  56     -4       62
  MINIMUM         30   1159 PM  18    1989  34     -4       31
                                      1986
  AVERAGE         41                        45     -4       47

PRECIPITATION (IN)
  YESTERDAY        0.00          0.95 1981   0.08  -0.08     0.57
  MONTH TO DATE    3.64                      1.85   1.79     4.51
  SINCE MAR 1      4.81                      3.71   1.10     5.89
  SINCE JAN 1      7.34                      6.69   0.65    10.37

SNOWFALL (IN)
  YESTERDAY        0.0           5.0  2005   0.1   -0.1      0.0
  MONTH TO DATE    1.2                       5.3   -4.1      2.9
  SINCE OCT 1     64.0                      83.6  -19.6     48.4
  SINCE JUL 1     64.0                      83.6  -19.6     48.4
  SNOW DEPTH       0

DEGREE DAYS
 HEATING
  YESTERDAY       24                        20      4       18
  MONTH TO DATE  617                       570     47      671
  SINCE MAR 1   2015                      1694    321     1812
  SINCE JUL 1   8504                      7426   1078     7122

 COOLING
  YESTERDAY        0                         0      0        0
  MONTH TO DATE    0                         0      0        0
  SINCE MAR 1      0                         0      0        0
  SINCE JAN 1      0                         0      0        0
..................................................................


WIND (MPH)
  HIGHEST WIND SPEED    17   HIGHEST WIND DIRECTION     N (350)
  HIGHEST GUST SPEED    22   HIGHEST GUST DIRECTION     N (360)
  AVERAGE WIND SPEED     8.9




RELATIVE HUMIDITY (PERCENT)
 HIGHEST    85
 LOWEST     17
 AVERAGE    51

..........................................................


THE ALPENA MI CLIMATE NORMALS FOR TODAY
                         NORMAL    RECORD    YEAR
 MAXIMUM TEMPERATURE (F)   56        85      1990
                                             1925
 MINIMUM TEMPERATURE (F)   34        20      1956
                                             1930


SUNRISE AND SUNSET
APRIL 24 2014.........SUNRISE   634 AM EDT   SUNSET   831 PM EDT
APRIL 25 2014.........SUNRISE   633 AM EDT   SUNSET   832 PM EDT


-  INDICATES NEGATIVE NUMBERS.
R  INDICATES RECORD WAS SET OR TIED.
MM INDICATES DATA IS MISSING.
T  INDICATES TRACE AMOUNT.




$$





U.S. Dept. of Commerce
NOAA National Weather Service
1325 East West Highway
Silver Spring, MD 20910
E-mail: w-nws.webmaster@noaa.gov
Page last modified: May 16, 2007
NATIONAL WEATHER SERVICE: for Safety, for Work, for Fun - FOR LIFE