748
CDUS43 KAPX 170532
CLIAPN


CLIMATE REPORT
NATIONAL WEATHER SERVICE GAYLORD MI
132 AM EDT THU APR 17 2014


...................................

...THE ALPENA MI CLIMATE SUMMARY FOR APRIL 16 2014...

CLIMATE NORMAL PERIOD 1981 TO 2010
CLIMATE RECORD PERIOD 1916 TO 2014


WEATHER ITEM   OBSERVED TIME   RECORD YEAR NORMAL DEPARTURE LAST
                VALUE   (LST)  VALUE       VALUE  FROM      YEAR
                                                  NORMAL
..................................................................
TEMPERATURE (F)
 YESTERDAY
  MAXIMUM         38    406 PM  90    2002  53    -15       53
  MINIMUM         12R   629 AM  18    1939  31    -19       34
                                      1937
                                      1928
  AVERAGE         25                        42    -17       44

PRECIPITATION (IN)
  YESTERDAY        T             0.85 1961   0.08  -0.08     0.22
  MONTH TO DATE    3.22                      1.30   1.92     2.78
  SINCE MAR 1      4.39                      3.16   1.23     4.16
  SINCE JAN 1      6.92                      6.14   0.78     8.64

SNOWFALL (IN)
  YESTERDAY        T             5.3  1943   0.2   -0.2      0.0
  MONTH TO DATE    1.2                       4.3   -3.1      2.8
  SINCE OCT 1     64.0                      82.6  -18.6     48.3
  SINCE JUL 1     64.0                      82.6  -18.6     48.3
  SNOW DEPTH       1

DEGREE DAYS
 HEATING
  YESTERDAY       40                        23     17       21
  MONTH TO DATE  455                       420     35      489
  SINCE MAR 1   1853                      1544    309     1630
  SINCE JUL 1   8342                      7276   1066     6940

 COOLING
  YESTERDAY        0                         0      0        0
  MONTH TO DATE    0                         0      0        0
  SINCE MAR 1      0                         0      0        0
  SINCE JAN 1      0                         0      0        0
..................................................................


WIND (MPH)
  HIGHEST WIND SPEED    22   HIGHEST WIND DIRECTION    SE (130)
  HIGHEST GUST SPEED    29   HIGHEST GUST DIRECTION    SE (130)
  AVERAGE WIND SPEED     8.7




RELATIVE HUMIDITY (PERCENT)
 HIGHEST   100
 LOWEST     52
 AVERAGE    76

..........................................................


THE ALPENA MI CLIMATE NORMALS FOR TODAY
                         NORMAL    RECORD    YEAR
 MAXIMUM TEMPERATURE (F)   53        85      1958
 MINIMUM TEMPERATURE (F)   32        10      1949


SUNRISE AND SUNSET
APRIL 17 2014.........SUNRISE   646 AM EDT   SUNSET   822 PM EDT
APRIL 18 2014.........SUNRISE   644 AM EDT   SUNSET   824 PM EDT


-  INDICATES NEGATIVE NUMBERS.
R  INDICATES RECORD WAS SET OR TIED.
MM INDICATES DATA IS MISSING.
T  INDICATES TRACE AMOUNT.




$$





U.S. Dept. of Commerce
NOAA National Weather Service
1325 East West Highway
Silver Spring, MD 20910
E-mail: w-nws.webmaster@noaa.gov
Page last modified: May 16, 2007
NATIONAL WEATHER SERVICE: for Safety, for Work, for Fun - FOR LIFE