402
CDUS43 KAPX 230529
CLIAPN


CLIMATE REPORT
NATIONAL WEATHER SERVICE GAYLORD MI
128 AM EDT TUE SEP 23 2014


...................................

...THE ALPENA MI CLIMATE SUMMARY FOR SEPTEMBER 22 2014...

CLIMATE NORMAL PERIOD 1981 TO 2010
CLIMATE RECORD PERIOD 1916 TO 2014


WEATHER ITEM   OBSERVED TIME   RECORD YEAR NORMAL DEPARTURE LAST
                VALUE   (LST)  VALUE       VALUE  FROM      YEAR
                                                  NORMAL
..................................................................
TEMPERATURE (F)
 YESTERDAY
  MAXIMUM         63        MM  87    1941  66     -3       54
                                      1920
  MINIMUM         44        MM  27    1929  44      0       34
  AVERAGE         54                        55     -1       44

PRECIPITATION (IN)
  YESTERDAY        0.00          1.13 1973   0.10  -0.10      T
  MONTH TO DATE    3.73                      2.15   1.58     1.19
  SINCE SEP 1      3.73                      2.15   1.58     1.19
  SINCE JAN 1     25.63                     20.93   4.70    23.26

DEGREE DAYS
 HEATING
  YESTERDAY       11                        10      1       21
  MONTH TO DATE  176                       148     28      172
  SINCE SEP 1    176                       148     28      172
  SINCE JUL 1    300                       263     37      283

 COOLING
  YESTERDAY        0                         0      0        0
  MONTH TO DATE   18                        21     -3       36
  SINCE SEP 1     18                        21     -3       36
  SINCE JAN 1    168                       287   -119      343
..................................................................


WIND (MPH)
  HIGHEST WIND SPEED    12   HIGHEST WIND DIRECTION     W (270)
  HIGHEST GUST SPEED    18   HIGHEST GUST DIRECTION     W (290)
  AVERAGE WIND SPEED     6.7




RELATIVE HUMIDITY (PERCENT)
 HIGHEST    83
 LOWEST     48
 AVERAGE    66

..........................................................


THE ALPENA MI CLIMATE NORMALS FOR TODAY
                         NORMAL    RECORD    YEAR
 MAXIMUM TEMPERATURE (F)   66        89      1937
 MINIMUM TEMPERATURE (F)   44        23      1942


SUNRISE AND SUNSET
SEPTEMBER 23 2014.....SUNRISE   722 AM EDT   SUNSET   730 PM EDT
SEPTEMBER 24 2014.....SUNRISE   724 AM EDT   SUNSET   728 PM EDT


-  INDICATES NEGATIVE NUMBERS.
R  INDICATES RECORD WAS SET OR TIED.
MM INDICATES DATA IS MISSING.
T  INDICATES TRACE AMOUNT.




$$





U.S. Dept. of Commerce
NOAA National Weather Service
1325 East West Highway
Silver Spring, MD 20910
E-mail: w-nws.webmaster@noaa.gov
Page last modified: May 16, 2007
NATIONAL WEATHER SERVICE: for Safety, for Work, for Fun - FOR LIFE