839
CDUS42 KMFL 182118
CLIAPF


CLIMATE REPORT
NATIONAL WEATHER SERVICE MIAMI, FL
418 PM EST THU DEC 18 2014


...................................

...THE NAPLES CLIMATE SUMMARY FOR DECEMBER 18 2014...
VALID TODAY AS OF 0400 PM LOCAL TIME.

CLIMATE NORMAL PERIOD 1981 TO 2010
CLIMATE RECORD PERIOD 1942 TO 2014


WEATHER ITEM   OBSERVED TIME   RECORD YEAR NORMAL DEPARTURE LAST
                VALUE   (LST)  VALUE       VALUE  FROM      YEAR
                                                  NORMAL
..................................................................
TEMPERATURE (F)
 TODAY
  MAXIMUM         71    334 PM  84    2006  76     -5       76
                                      1964
  MINIMUM         57    730 AM  35    1973  57      0       56
  AVERAGE         64                        66     -2       66

PRECIPITATION (IN)
  TODAY            0.00          1.70 2009   0.05  -0.05     0.00
  MONTH TO DATE    0.04                      0.85  -0.81     0.09
  SINCE NOV 1      1.09                      2.89  -1.80     0.87
  SINCE JAN 1     50.45                     51.29  -0.84    49.09

SNOWFALL (IN)
  TODAY            0.0
  MONTH TO DATE    0.0
  SINCE DEC 1      0.0
  SINCE JUL 1      0.0
  SNOW DEPTH       0

DEGREE DAYS
 HEATING
  TODAY            1                         2     -1
  MONTH TO DATE   50                        31     19
  SINCE DEC 1     50                        31     19
  SINCE JUL 1     79                        45     34

 COOLING
  TODAY            0                         4     -4
  MONTH TO DATE   59                        82    -23
  SINCE DEC 1     59                        82    -23
  SINCE JAN 1   4007                      3901    106
..................................................................


WIND (MPH)
  HIGHEST WIND SPEED    13   HIGHEST WIND DIRECTION    NW (330)
  HIGHEST GUST SPEED    16   HIGHEST GUST DIRECTION    NW (330)
  AVERAGE WIND SPEED     4.7


SKY COVER
  AVERAGE SKY COVER 0.2


WEATHER CONDITIONS
 THE FOLLOWING WEATHER WAS RECORDED TODAY.
  NO SIGNIFICANT WEATHER WAS OBSERVED.


RELATIVE HUMIDITY (PERCENT)
 HIGHEST   100
 LOWEST     55
 AVERAGE    78

..........................................................


THE NAPLES CLIMATE NORMALS FOR TOMORROW
                         NORMAL    RECORD    YEAR
 MAXIMUM TEMPERATURE (F)   76        86      1967
 MINIMUM TEMPERATURE (F)   56        34      1988


SUNRISE AND SUNSET
DECEMBER 18 2014......SUNRISE   708 AM EST   SUNSET   539 PM EST
DECEMBER 19 2014......SUNRISE   709 AM EST   SUNSET   539 PM EST


-  INDICATES NEGATIVE NUMBERS.
R  INDICATES RECORD WAS SET OR TIED.
MM INDICATES DATA IS MISSING.
T  INDICATES TRACE AMOUNT.

$$






U.S. Dept. of Commerce
NOAA National Weather Service
1325 East West Highway
Silver Spring, MD 20910
E-mail: w-nws.webmaster@noaa.gov
Page last modified: May 16, 2007
NATIONAL WEATHER SERVICE: for Safety, for Work, for Fun - FOR LIFE