548
CDUS42 KMFL 170823
CLIAPF


CLIMATE REPORT
NATIONAL WEATHER SERVICE MIAMI, FL
423 AM EDT THU APR 17 2014


...................................

...THE NAPLES CLIMATE SUMMARY FOR APRIL 16 2014...

CLIMATE NORMAL PERIOD 1981 TO 2010
CLIMATE RECORD PERIOD 1942 TO 2014


WEATHER ITEM   OBSERVED TIME   RECORD YEAR NORMAL DEPARTURE LAST
                VALUE   (LST)  VALUE       VALUE  FROM      YEAR
                                                  NORMAL
..................................................................
TEMPERATURE (F)
 YESTERDAY
  MAXIMUM         81    457 PM  92    2013  83     -2       92
                                      1981
  MINIMUM         68    728 AM  45    1963  63      5       70
  AVERAGE         75                        73      2

PRECIPITATION (IN)
  YESTERDAY        0.00          1.74 1953   0.09  -0.09     0.21
  MONTH TO DATE    0.53                      1.33  -0.80     1.65
  SINCE OCT 1      7.93                     15.34  -7.41     9.19
  SINCE JAN 1      5.59                      7.66  -2.07     4.09

SNOWFALL (IN)
  YESTERDAY        0.0
  MONTH TO DATE    0.0
  SINCE MAR 1      0.0
  SINCE JUL 1      0.0
  SNOW DEPTH       0

DEGREE DAYS
 HEATING
  YESTERDAY        0                         0      0
  MONTH TO DATE    0                         0      0
  SINCE MAR 1      7                        23    -16
  SINCE JUL 1    149                       256   -107

 COOLING
  YESTERDAY       10                         8      2
  MONTH TO DATE  151                       119     32
  SINCE MAR 1    309                       295     14
  SINCE JAN 1    582                       486     96
..................................................................


WIND (MPH)
  HIGHEST WIND SPEED    20   HIGHEST WIND DIRECTION     E (70)
  HIGHEST GUST SPEED    24   HIGHEST GUST DIRECTION     E (70)
  AVERAGE WIND SPEED    10.4


SKY COVER
  AVERAGE SKY COVER 0.8


WEATHER CONDITIONS
 THE FOLLOWING WEATHER WAS RECORDED YESTERDAY.
  NO SIGNIFICANT WEATHER WAS OBSERVED.


RELATIVE HUMIDITY (PERCENT)
 HIGHEST    93
 LOWEST     67
 AVERAGE    80

..........................................................


THE NAPLES CLIMATE NORMALS FOR TODAY
                         NORMAL    RECORD    YEAR
 MAXIMUM TEMPERATURE (F)   83        90      1979
 MINIMUM TEMPERATURE (F)   64        47      1962


SUNRISE AND SUNSET
APRIL 17 2014.........SUNRISE   702 AM EDT   SUNSET   752 PM EDT
APRIL 18 2014.........SUNRISE   701 AM EDT   SUNSET   752 PM EDT


-  INDICATES NEGATIVE NUMBERS.
R  INDICATES RECORD WAS SET OR TIED.
MM INDICATES DATA IS MISSING.
T  INDICATES TRACE AMOUNT.




$$






U.S. Dept. of Commerce
NOAA National Weather Service
1325 East West Highway
Silver Spring, MD 20910
E-mail: w-nws.webmaster@noaa.gov
Page last modified: May 16, 2007
NATIONAL WEATHER SERVICE: for Safety, for Work, for Fun - FOR LIFE