036
CDUS45 KBOU 271219 RRA
CLIAPA

CLIMATE REPORT
NATIONAL WEATHER SERVICE BOULDER, CO
1225 AM MST THU NOV 27 2014


...................................

...THE CENTENNIAL CO CLIMATE SUMMARY FOR NOVEMBER 26 2014...

CLIMATE NORMAL PERIOD 1981 TO 2010

WEATHER ITEM   OBSERVED RECORD YEAR NORMAL DEPARTURE LAST
                VALUE   VALUE       VALUE  FROM      YEAR
                                           NORMAL
...........................................................
TEMPERATURE (F)
 YESTERDAY
  MAXIMUM         48     MM      MM  47      1       46
  MINIMUM         26     MM      MM  20      6       22
  AVERAGE         37                 34      3       34

PRECIPITATION (IN)
  YESTERDAY        T     MM      MM   0.03  -0.03     0.00
  MONTH TO DATE    0.46               0.89  -0.43     0.09
  SINCE SEP 1      4.25               3.32   0.93     7.48
  SINCE JAN 1     15.55              16.65  -1.10    17.29

DEGREE DAYS
 HEATING
  YESTERDAY       28
  MONTH TO DATE  793

 COOLING
  YESTERDAY        0
  MONTH TO DATE    0
...........................................................


WIND (MPH)
  RESULTANT WIND SPEED   2   RESULTANT WIND DIRECTION  SE (130)
  HIGHEST WIND SPEED    17   HIGHEST WIND DIRECTION     S (180)
  HIGHEST GUST SPEED    20   HIGHEST GUST DIRECTION     S (170)


SKY COVER
  POSSIBLE SUNSHINE  MM
  AVERAGE SKY COVER 0.5


WEATHER CONDITIONS
 THE FOLLOWING WEATHER WAS RECORDED YESTERDAY.
  LIGHT SNOW
  FOG


RELATIVE HUMIDITY (PERCENT)
 HIGHEST    92
 LOWEST     42
 AVERAGE    67

..........................................................


THE CENTENNIAL CO CLIMATE NORMALS FOR TODAY
                         NORMAL    RECORD    YEAR
 MAXIMUM TEMPERATURE (F)   47        MM        MM
 MINIMUM TEMPERATURE (F)   20        MM        MM


SUNRISE AND SUNSET
NOVEMBER 27 2014......SUNRISE   657 AM MST   SUNSET   437 PM MST
NOVEMBER 28 2014......SUNRISE   658 AM MST   SUNSET   437 PM MST


-  INDICATES NEGATIVE NUMBERS.
R  INDICATES RECORD WAS SET OR TIED.
MM INDICATES DATA IS MISSING.
T  INDICATES TRACE AMOUNT.




$$




U.S. Dept. of Commerce
NOAA National Weather Service
1325 East West Highway
Silver Spring, MD 20910
E-mail: w-nws.webmaster@noaa.gov
Page last modified: May 16, 2007
NATIONAL WEATHER SERVICE: for Safety, for Work, for Fun - FOR LIFE