974
CDUS41 KCTP 220621
CLIAOO


CLIMATE REPORT
NATIONAL WEATHER SERVICE STATE COLLEGE PA
221 AM EDT MON SEP 22 2014


...................................

...THE ALTOONA CLIMATE SUMMARY FOR SEPTEMBER 21 2014...

CLIMATE NORMAL PERIOD 1981 TO 2010
CLIMATE RECORD PERIOD 1948 TO 2014


WEATHER ITEM   OBSERVED TIME   RECORD YEAR NORMAL DEPARTURE LAST
                VALUE   (LST)  VALUE       VALUE  FROM      YEAR
                                                  NORMAL
..................................................................
TEMPERATURE (F)
 YESTERDAY
  MAXIMUM         78    304 PM  87    1965  70      8       68
  MINIMUM         55    440 AM  30    1956  49      6       57
  AVERAGE         67                        60      7       63

PRECIPITATION (IN)
  YESTERDAY        0.05          1.25 1979   0.11  -0.06     0.82
  MONTH TO DATE    0.22                      2.47  -2.25     2.04
  SINCE SEP 1      0.22                      2.47  -2.25     2.04
  SINCE JAN 1     28.84                     23.39   5.45    21.05

DEGREE DAYS
 HEATING
  YESTERDAY        0                         6     -6        2
  MONTH TO DATE   71                        75     -4       76
  SINCE SEP 1     71                        75     -4       76
  SINCE JUL 1    105                        99      6       97

 COOLING
  YESTERDAY        2                         1      1        0
  MONTH TO DATE   67                        40     27       55
  SINCE SEP 1     67                        40     27       55
  SINCE JAN 1    519                       513      6      663
..................................................................


WIND (MPH)
  HIGHEST WIND SPEED    24   HIGHEST WIND DIRECTION     W (270)
  HIGHEST GUST SPEED    32   HIGHEST GUST DIRECTION     W (280)
  AVERAGE WIND SPEED     8.9


SKY COVER
  POSSIBLE SUNSHINE  MM
  AVERAGE SKY COVER 0.3


WEATHER CONDITIONS
 THE FOLLOWING WEATHER WAS RECORDED YESTERDAY.
  LIGHT RAIN


RELATIVE HUMIDITY (PERCENT)
 HIGHEST    93           400 AM
 LOWEST     56           300 PM
 AVERAGE    75

..........................................................


THE ALTOONA CLIMATE NORMALS FOR TODAY
                         NORMAL    RECORD    YEAR
 MAXIMUM TEMPERATURE (F)   70        90      2005
 MINIMUM TEMPERATURE (F)   49        36      1991


SUNRISE AND SUNSET
SEPTEMBER 22 2014.....SUNRISE   701 AM EDT   SUNSET   710 PM EDT
SEPTEMBER 23 2014.....SUNRISE   702 AM EDT   SUNSET   709 PM EDT


-  INDICATES NEGATIVE NUMBERS.
R  INDICATES RECORD WAS SET OR TIED.
MM INDICATES DATA IS MISSING.
T  INDICATES TRACE AMOUNT.




$$





U.S. Dept. of Commerce
NOAA National Weather Service
1325 East West Highway
Silver Spring, MD 20910
E-mail: w-nws.webmaster@noaa.gov
Page last modified: May 16, 2007
NATIONAL WEATHER SERVICE: for Safety, for Work, for Fun - FOR LIFE