577
CDUS41 KCTP 262227
CLIAOO


CLIMATE REPORT
NATIONAL WEATHER SERVICE STATE COLLEGE PA
527 PM EST MON JAN 26 2015


...................................

...THE ALTOONA CLIMATE SUMMARY FOR JANUARY 26 2015...
VALID TODAY AS OF 0500 PM LOCAL TIME.

CLIMATE NORMAL PERIOD 1981 TO 2010
CLIMATE RECORD PERIOD 1948 TO 2015


WEATHER ITEM   OBSERVED TIME   RECORD YEAR NORMAL DEPARTURE LAST
                VALUE   (LST)  VALUE       VALUE  FROM      YEAR
                                                  NORMAL
..................................................................
TEMPERATURE (F)
 TODAY
  MAXIMUM         30   1218 AM  68    1950  34     -4       24
  MINIMUM         20    215 PM  -1    1961  20      0        8
  AVERAGE         25                        27     -2       16

PRECIPITATION (IN)
  TODAY            0.18          1.17 1952   0.07   0.11     0.02
  MONTH TO DATE    1.43                      1.80  -0.37     0.81
  SINCE DEC 1      3.29                      4.22  -0.93     3.40
  SINCE JAN 1      1.43                      1.80  -0.37     0.81

DEGREE DAYS
 HEATING
  TODAY           40                        38      2       49
  MONTH TO DATE 1013                       988     25     1103
  SINCE DEC 1   1967                      2053    -86     2048
  SINCE JUL 1   3269                      3363    -94     3358

 COOLING
  TODAY            0                         0      0        0
  MONTH TO DATE    0                         0      0        0
  SINCE DEC 1      0                         0      0        0
  SINCE JAN 1      0                         0      0        0
..................................................................


WIND (MPH)
  HIGHEST WIND SPEED    12   HIGHEST WIND DIRECTION    NE (40)
  HIGHEST GUST SPEED    16   HIGHEST GUST DIRECTION    NE (30)
  AVERAGE WIND SPEED     8.5


SKY COVER
  POSSIBLE SUNSHINE  MM
  AVERAGE SKY COVER 1.0


WEATHER CONDITIONS
 THE FOLLOWING WEATHER WAS RECORDED TODAY.
  SNOW
  LIGHT SNOW
  FOG


RELATIVE HUMIDITY (PERCENT)
 HIGHEST    92          1200 AM
 LOWEST     84          1000 AM
 AVERAGE    88

..........................................................


THE ALTOONA CLIMATE NORMALS FOR TOMORROW
                         NORMAL    RECORD    YEAR
 MAXIMUM TEMPERATURE (F)   34        61      2002
 MINIMUM TEMPERATURE (F)   20         1      1982


SUNRISE AND SUNSET
JANUARY 26 2015.......SUNRISE   728 AM EST   SUNSET   524 PM EST
JANUARY 27 2015.......SUNRISE   727 AM EST   SUNSET   525 PM EST


-  INDICATES NEGATIVE NUMBERS.
R  INDICATES RECORD WAS SET OR TIED.
MM INDICATES DATA IS MISSING.
T  INDICATES TRACE AMOUNT.




$$





U.S. Dept. of Commerce
NOAA National Weather Service
1325 East West Highway
Silver Spring, MD 20910
E-mail: w-nws.webmaster@noaa.gov
Page last modified: May 16, 2007
NATIONAL WEATHER SERVICE: for Safety, for Work, for Fun - FOR LIFE