032
CDUS41 KCTP 200643
CLIAOO


CLIMATE REPORT
NATIONAL WEATHER SERVICE STATE COLLEGE PA
243 AM EDT SUN APR 20 2014


...................................

...THE ALTOONA CLIMATE SUMMARY FOR APRIL 19 2014...

CLIMATE NORMAL PERIOD 1981 TO 2010
CLIMATE RECORD PERIOD 1948 TO 2014


WEATHER ITEM   OBSERVED TIME   RECORD YEAR NORMAL DEPARTURE LAST
                VALUE   (LST)  VALUE       VALUE  FROM      YEAR
                                                  NORMAL
..................................................................
TEMPERATURE (F)
 YESTERDAY
  MAXIMUM         63    339 PM  85    1972  61      2       72
  MINIMUM         37    443 AM  23    1983  39     -2       43
  AVERAGE         50                        50      0       58

PRECIPITATION (IN)
  YESTERDAY        0.00          1.81 1998   0.10  -0.10     0.35
  MONTH TO DATE    2.05                      2.02   0.03     2.14
  SINCE MAR 1      4.10                      5.09  -0.99     4.33
  SINCE JAN 1      7.46                      9.30  -1.84     8.00

DEGREE DAYS
 HEATING
  YESTERDAY       15                        15      0        7
  MONTH TO DATE  305                       345    -40      264
  SINCE MAR 1   1252                      1204     48     1237
  SINCE JUL 1   5996                      5759    237     5559

 COOLING
  YESTERDAY        0                         0      0        0
  MONTH TO DATE    6                         0      6       11
  SINCE MAR 1      6                         1      5       11
  SINCE JAN 1      6                         1      5       11
..................................................................


WIND (MPH)
  HIGHEST WIND SPEED    15   HIGHEST WIND DIRECTION     N (20)
  HIGHEST GUST SPEED    19   HIGHEST GUST DIRECTION     N (10)
  AVERAGE WIND SPEED     5.3


SKY COVER
  POSSIBLE SUNSHINE  MM
  AVERAGE SKY COVER 0.0


WEATHER CONDITIONS
 THE FOLLOWING WEATHER WAS RECORDED YESTERDAY.
  NO SIGNIFICANT WEATHER WAS OBSERVED.


RELATIVE HUMIDITY (PERCENT)
 HIGHEST    85           400 AM
 LOWEST     20           100 PM
 AVERAGE    53

..........................................................


THE ALTOONA CLIMATE NORMALS FOR TODAY
                         NORMAL    RECORD    YEAR
 MAXIMUM TEMPERATURE (F)   62        87      1954
 MINIMUM TEMPERATURE (F)   40        27      1983


SUNRISE AND SUNSET
APRIL 20 2014.........SUNRISE   628 AM EDT   SUNSET   757 PM EDT
APRIL 21 2014.........SUNRISE   626 AM EDT   SUNSET   758 PM EDT


-  INDICATES NEGATIVE NUMBERS.
R  INDICATES RECORD WAS SET OR TIED.
MM INDICATES DATA IS MISSING.
T  INDICATES TRACE AMOUNT.




$$





U.S. Dept. of Commerce
NOAA National Weather Service
1325 East West Highway
Silver Spring, MD 20910
E-mail: w-nws.webmaster@noaa.gov
Page last modified: May 16, 2007
NATIONAL WEATHER SERVICE: for Safety, for Work, for Fun - FOR LIFE