691
CDUS41 KCTP 240629
CLIAOO


CLIMATE REPORT
NATIONAL WEATHER SERVICE STATE COLLEGE PA
229 AM EDT FRI OCT 24 2014


...................................

...THE ALTOONA CLIMATE SUMMARY FOR OCTOBER 23 2014...

CLIMATE NORMAL PERIOD 1981 TO 2010
CLIMATE RECORD PERIOD 1948 TO 2014


WEATHER ITEM   OBSERVED TIME   RECORD YEAR NORMAL DEPARTURE LAST
                VALUE   (LST)  VALUE       VALUE  FROM      YEAR
                                                  NORMAL
..................................................................
TEMPERATURE (F)
 YESTERDAY
  MAXIMUM         61    354 PM  75    1975  59      2       44
  MINIMUM         46    716 AM  26    1969  39      7       38
  AVERAGE         54                        49      5       41

PRECIPITATION (IN)
  YESTERDAY        0.00          1.30 1990   0.08  -0.08     0.06
  MONTH TO DATE    2.91                      1.89   1.02     3.73
  SINCE SEP 1      3.67                      5.35  -1.68     5.77
  SINCE JAN 1     32.29                     26.27   6.02    24.78

DEGREE DAYS
 HEATING
  YESTERDAY       11                        16     -5       24
  MONTH TO DATE  238                       298    -60      190
  SINCE SEP 1    362                       446    -84      338
  SINCE JUL 1    396                       469    -73      359

 COOLING
  YESTERDAY        0                         0      0        0
  MONTH TO DATE    2                         0      2       32
  SINCE SEP 1     69                        47     22       87
  SINCE JAN 1    521                       522     -1      695
..................................................................


WIND (MPH)
  HIGHEST WIND SPEED    24   HIGHEST WIND DIRECTION    NW (320)
  HIGHEST GUST SPEED    32   HIGHEST GUST DIRECTION     N (340)
  AVERAGE WIND SPEED    12.9


SKY COVER
  POSSIBLE SUNSHINE  MM
  AVERAGE SKY COVER 0.7


WEATHER CONDITIONS
 THE FOLLOWING WEATHER WAS RECORDED YESTERDAY.
  NO SIGNIFICANT WEATHER WAS OBSERVED.


RELATIVE HUMIDITY (PERCENT)
 HIGHEST    82           300 AM
 LOWEST     46           400 PM
 AVERAGE    64

..........................................................


THE ALTOONA CLIMATE NORMALS FOR TODAY
                         NORMAL    RECORD    YEAR
 MAXIMUM TEMPERATURE (F)   59        77      1963
 MINIMUM TEMPERATURE (F)   39        20      1969


SUNRISE AND SUNSET
OCTOBER 24 2014.......SUNRISE   734 AM EDT   SUNSET   621 PM EDT
OCTOBER 25 2014.......SUNRISE   735 AM EDT   SUNSET   619 PM EDT


-  INDICATES NEGATIVE NUMBERS.
R  INDICATES RECORD WAS SET OR TIED.
MM INDICATES DATA IS MISSING.
T  INDICATES TRACE AMOUNT.




$$





U.S. Dept. of Commerce
NOAA National Weather Service
1325 East West Highway
Silver Spring, MD 20910
E-mail: w-nws.webmaster@noaa.gov
Page last modified: May 16, 2007
NATIONAL WEATHER SERVICE: for Safety, for Work, for Fun - FOR LIFE