562
CDUS41 KCTP 240623
CLIAOO


CLIMATE REPORT
NATIONAL WEATHER SERVICE STATE COLLEGE PA
222 AM EDT THU APR 24 2014


...................................

...THE ALTOONA CLIMATE SUMMARY FOR APRIL 23 2014...

CLIMATE NORMAL PERIOD 1981 TO 2010
CLIMATE RECORD PERIOD 1948 TO 2014


WEATHER ITEM   OBSERVED TIME   RECORD YEAR NORMAL DEPARTURE LAST
                VALUE   (LST)  VALUE       VALUE  FROM      YEAR
                                                  NORMAL
..................................................................
TEMPERATURE (F)
 YESTERDAY
  MAXIMUM         46    617 PM  86    1960  63    -17       64
  MINIMUM         38    634 AM  27    1982  40     -2       32
  AVERAGE         42                        52    -10       48

PRECIPITATION (IN)
  YESTERDAY        T             0.72 1999   0.10  -0.10     0.00
  MONTH TO DATE    2.21                      2.44  -0.23     2.14
  SINCE MAR 1      4.26                      5.51  -1.25     4.33
  SINCE JAN 1      7.62                      9.72  -2.10     8.00

DEGREE DAYS
 HEATING
  YESTERDAY       23                        14      9       17
  MONTH TO DATE  360                       402    -42      350
  SINCE MAR 1   1307                      1261     46     1323
  SINCE JUL 1   6051                      5816    235     5645

 COOLING
  YESTERDAY        0                         0      0        0
  MONTH TO DATE    6                         0      6       11
  SINCE MAR 1      6                         1      5       11
  SINCE JAN 1      6                         1      5       11
..................................................................


WIND (MPH)
  HIGHEST WIND SPEED    28   HIGHEST WIND DIRECTION    NW (300)
  HIGHEST GUST SPEED    35   HIGHEST GUST DIRECTION    NW (310)
  AVERAGE WIND SPEED    14.1


SKY COVER
  POSSIBLE SUNSHINE  MM
  AVERAGE SKY COVER 0.7


WEATHER CONDITIONS
 THE FOLLOWING WEATHER WAS RECORDED YESTERDAY.
  LIGHT RAIN


RELATIVE HUMIDITY (PERCENT)
 HIGHEST    79           700 AM
 LOWEST     53           600 PM
 AVERAGE    66

..........................................................


THE ALTOONA CLIMATE NORMALS FOR TODAY
                         NORMAL    RECORD    YEAR
 MAXIMUM TEMPERATURE (F)   63        86      1960
 MINIMUM TEMPERATURE (F)   41        28      1956


SUNRISE AND SUNSET
APRIL 24 2014.........SUNRISE   622 AM EDT   SUNSET   801 PM EDT
APRIL 25 2014.........SUNRISE   621 AM EDT   SUNSET   802 PM EDT


-  INDICATES NEGATIVE NUMBERS.
R  INDICATES RECORD WAS SET OR TIED.
MM INDICATES DATA IS MISSING.
T  INDICATES TRACE AMOUNT.




$$





U.S. Dept. of Commerce
NOAA National Weather Service
1325 East West Highway
Silver Spring, MD 20910
E-mail: w-nws.webmaster@noaa.gov
Page last modified: May 16, 2007
NATIONAL WEATHER SERVICE: for Safety, for Work, for Fun - FOR LIFE