663
CDUS41 KCTP 182219
CLIAOO


CLIMATE REPORT
NATIONAL WEATHER SERVICE STATE COLLEGE PA
519 PM EST THU DEC 18 2014


...................................

...THE ALTOONA CLIMATE SUMMARY FOR DECEMBER 18 2014...
VALID TODAY AS OF 0500 PM LOCAL TIME.

CLIMATE NORMAL PERIOD 1981 TO 2010
CLIMATE RECORD PERIOD 1948 TO 2014


WEATHER ITEM   OBSERVED TIME   RECORD YEAR NORMAL DEPARTURE LAST
                VALUE   (LST)  VALUE       VALUE  FROM      YEAR
                                                  NORMAL
..................................................................
TEMPERATURE (F)
 TODAY
  MAXIMUM         31   1214 AM  62    1984  37     -6       29
  MINIMUM         27    915 AM   1    1989  23      4       21
  AVERAGE         29                        30     -1       25

PRECIPITATION (IN)
  TODAY            T             0.91 1990   0.07  -0.07      T
  MONTH TO DATE    1.46                      1.53  -0.07     1.40
  SINCE DEC 1      1.46                      1.53  -0.07     1.40
  SINCE JAN 1     35.45                     31.74   3.71    28.69

DEGREE DAYS
 HEATING
  TODAY           36                        35      1       40
  MONTH TO DATE  549                       587    -38      588
  SINCE DEC 1    549                       587    -38      588
  SINCE JUL 1   1851                      1897    -46     1898

 COOLING
  TODAY            0                         0      0        0
  MONTH TO DATE    0                         0      0        0
  SINCE DEC 1      0                         0      0        0
  SINCE JAN 1    521                       522     -1      695
..................................................................


WIND (MPH)
  HIGHEST WIND SPEED    24   HIGHEST WIND DIRECTION    NW (300)
  HIGHEST GUST SPEED    34   HIGHEST GUST DIRECTION    NW (300)
  AVERAGE WIND SPEED    15.5


SKY COVER
  POSSIBLE SUNSHINE  MM
  AVERAGE SKY COVER 1.0


WEATHER CONDITIONS
 THE FOLLOWING WEATHER WAS RECORDED TODAY.
  LIGHT SNOW
  HAZE


RELATIVE HUMIDITY (PERCENT)
 HIGHEST    75           600 AM
 LOWEST     63          1200 AM
 AVERAGE    69

..........................................................


THE ALTOONA CLIMATE NORMALS FOR TOMORROW
                         NORMAL    RECORD    YEAR
 MAXIMUM TEMPERATURE (F)   36        57      1957
 MINIMUM TEMPERATURE (F)   22         2      1963


SUNRISE AND SUNSET
DECEMBER 18 2014......SUNRISE   731 AM EST   SUNSET   449 PM EST
DECEMBER 19 2014......SUNRISE   731 AM EST   SUNSET   449 PM EST


-  INDICATES NEGATIVE NUMBERS.
R  INDICATES RECORD WAS SET OR TIED.
MM INDICATES DATA IS MISSING.
T  INDICATES TRACE AMOUNT.




$$





U.S. Dept. of Commerce
NOAA National Weather Service
1325 East West Highway
Silver Spring, MD 20910
E-mail: w-nws.webmaster@noaa.gov
Page last modified: May 16, 2007
NATIONAL WEATHER SERVICE: for Safety, for Work, for Fun - FOR LIFE