450
CDAK47 PANT 160910
CLIANN

CLIMATE REPORT
NATIONAL WEATHER SERVICE ANNETTE, AK
110 AM AKDT WED APR 16 2014

...................................
...THE ANNETTE WSO AP CLIMATE SUMMARY FOR APRIL 15 2014...

CLIMATE NORMAL PERIOD  1981 TO  2010
CLIMATE RECORD PERIOD  1948 TO  2014

WEATHER ITEM   OBSERVED TIME    RECORD YEAR NORMAL DEPARTURE LAST
               VALUE    (LST)   VALUE       VALUE  FROM      YEAR
                                                   NORMAL
...................................................................
TEMPERATURE
YESTERDAY
 MAXIMUM            47  0115 PM    67  1990     50      -3     58
 MINIMUM            40  0610 AM    28  1972     38       2     37
 AVERAGE            44                          44       0     48

PRECIPITATION
(INCHES)
 YESTERDAY        0.24           1.40  2007   0.22    0.02   0.00
 MONTH TO DATE    8.18                        3.66    4.52   2.69
 SINCE MAR 1     16.32                       11.71    4.61   7.05
 SINCE JAN 1     28.42                       29.75   -1.33  28.61

SNOWFALL
(INCHES)
 YESTERDAY         0.0            1.7  1964    0.1    -0.1    0.0
 MONTH TO DATE     0.0                         1.1    -1.1      T
 SINCE MAR 1       0.3                         8.0    -7.7    0.9
 SINCE JUL 1      25.4                        34.5    -9.1   12.8
 SNOW DEPTH (IN)     0                                          0

DEGREE DAYS
 HEATING
  YESTERDAY         21                          21       0     17
  MONTH TO DATE    341                         330      11    325
  SINCE MAR 1     1208                        1114      94   1137
  SINCE JUL 1     5697                        5652      45   5663

 COOLING
  YESTERDAY          0                           0       0      0
  MONTH TO DATE      0                           0       0      0
  SINCE MAR 1        0                           0       0      0
  SINCE JAN 1        0                           0       0      0
...................................................................

WIND (MPH)
 HIGHEST WIND SPEED    13     HIGHEST WIND DIRECTION    170
 HIGHEST GUST SPEED    17     HIGHEST GUST DIRECTION    160
 AVERAGE WIND SPEED   6.1

SKY COVER
  POSSIBLE SUNSHINE    MM          AVERAGE SKY COVER     MM

WEATHER CONDITIONS
 THE FOLLOWING WEATHER WAS RECORDED YESTERDAY.
  FOG
RAIN


RELATIVE HUMIDITY
 HIGHEST RH     MM PERCENT       MM
 LOWEST  RH     MM PERCENT       MM
 AVERAGE RH     MM PERCENT       MM
...................................................................

THE ANNETTE CLIMATE NORMALS FOR TODAY
                           NORMAL    RECORD   YEAR
 MAXIMUM TEMPERATURE (F)     50        69     1990
 MINIMUM TEMPERATURE (F)     38        30     2000

SUNRISE AND SUNSET
 APR 16 2014..........SUNRISE  5:41 AM      SUNSET  7:54 PM
 APR 17 2014..........SUNRISE  5:38 AM      SUNSET  7:56 PM

-  INDICATES NEGATIVE NUMBERS.
R  INDICATES RECORD HAS BEEN SET OR TIED.
MM INDICATES DATA IS MISSING.
T  INDICATES TRACE OF PRECIPITATION.

&&
-------------------------------------------------------------------

AMOUNT OF DAYLIGHT TODAY  (HOUR:MIN)........14 HOURS 13 MINUTES
GAIN/LOSS SINCE YESTERDAY (HOUR:MIN:SEC)....+0:04:22

$$
LTB APR 14





U.S. Dept. of Commerce
NOAA National Weather Service
1325 East West Highway
Silver Spring, MD 20910
E-mail: w-nws.webmaster@noaa.gov
Page last modified: May 16, 2007
NATIONAL WEATHER SERVICE: for Safety, for Work, for Fun - FOR LIFE