374
CDAK47 PANT 281400
CLIANN

CLIMATE REPORT
NATIONAL WEATHER SERVICE ANNETTE, AK
600 AM AKDT MON JUL 28 2014

...................................
...THE ANNETTE WSO AP CLIMATE SUMMARY FOR JULY 27 2014...

CLIMATE NORMAL PERIOD  1981 TO  2010
CLIMATE RECORD PERIOD  1948 TO  2014

WEATHER ITEM   OBSERVED TIME    RECORD YEAR NORMAL DEPARTURE LAST
               VALUE    (LST)   VALUE       VALUE  FROM      YEAR
                                                   NORMAL
...................................................................
TEMPERATURE
YESTERDAY
 MAXIMUM            57  1156 PM    86  1971     65      -8     73
 MINIMUM            54  0349 AM    46  1949     54       0     52
 AVERAGE            56                          60      -4     63

PRECIPITATION
(INCHES)
 YESTERDAY        0.63           2.60  1967   0.15    0.48   0.00
 MONTH TO DATE    5.23                        4.02    1.21   3.60
 SINCE JUN 1     12.98                        8.90    4.08   7.58
 SINCE JAN 1     53.78                       47.32    6.46  46.89

SNOWFALL
(INCHES)
 YESTERDAY         0.0            0.0  2014    0.0     0.0    0.0
 MONTH TO DATE     0.0                         0.0     0.0    0.0
 SINCE JUN 1       0.0                         0.0     0.0    0.0
 SINCE JUL 1       0.0                         0.0     0.0    0.0
 SNOW DEPTH (IN)     0                                          0

DEGREE DAYS
 HEATING
  YESTERDAY          9                           6       3      2
  MONTH TO DATE    172                         184     -12    150
  SINCE JUN 1      499                         482      17    370
  SINCE JUL 1      172                         184     -12    150

 COOLING
  YESTERDAY          0                           0       0      0
  MONTH TO DATE      8                           0       8      4
  SINCE JUN 1        8                           0       8     10
  SINCE JAN 1        8                           0       8     10
...................................................................

WIND (MPH)
 HIGHEST WIND SPEED    16     HIGHEST WIND DIRECTION    120
 HIGHEST GUST SPEED    24     HIGHEST GUST DIRECTION    130
 AVERAGE WIND SPEED  11.3

SKY COVER
  POSSIBLE SUNSHINE    MM          AVERAGE SKY COVER     MM

WEATHER CONDITIONS
 THE FOLLOWING WEATHER WAS RECORDED YESTERDAY.
  FOG
RAIN


RELATIVE HUMIDITY
 HIGHEST RH     MM PERCENT       MM
 LOWEST  RH     MM PERCENT       MM
 AVERAGE RH     MM PERCENT       MM
...................................................................

THE ANNETTE CLIMATE NORMALS FOR TODAY
                           NORMAL    RECORD   YEAR
 MAXIMUM TEMPERATURE (F)     66        84     1971
 MINIMUM TEMPERATURE (F)     54        46     1974

SUNRISE AND SUNSET
 JUL 28 2014..........SUNRISE  4:49 AM      SUNSET  8:57 PM
 JUL 29 2014..........SUNRISE  4:51 AM      SUNSET  8:55 PM

-  INDICATES NEGATIVE NUMBERS.
R  INDICATES RECORD HAS BEEN SET OR TIED.
MM INDICATES DATA IS MISSING.
T  INDICATES TRACE OF PRECIPITATION.

&&
-------------------------------------------------------------------

AMOUNT OF DAYLIGHT TODAY  (HOUR:MIN)........16 HOURS 8 MINUTES
GAIN/LOSS SINCE YESTERDAY (HOUR:MIN:SEC)....-0:03:29

$$
JH JUL 14





U.S. Dept. of Commerce
NOAA National Weather Service
1325 East West Highway
Silver Spring, MD 20910
E-mail: w-nws.webmaster@noaa.gov
Page last modified: May 16, 2007
NATIONAL WEATHER SERVICE: for Safety, for Work, for Fun - FOR LIFE