703
CDAK47 PANT 181125
CLIANN

CLIMATE REPORT
NATIONAL WEATHER SERVICE ANNETTE, AK
226 AM AKST THU DEC 18 2014

...................................
...THE ANNETTE WSO AP CLIMATE SUMMARY FOR DECEMBER 17 2014...

CLIMATE NORMAL PERIOD  1981 TO  2010
CLIMATE RECORD PERIOD  1948 TO  2014

WEATHER ITEM   OBSERVED TIME    RECORD YEAR NORMAL DEPARTURE LAST
               VALUE    (LST)   VALUE       VALUE  FROM      YEAR
                                                   NORMAL
...................................................................
TEMPERATURE
YESTERDAY
 MAXIMUM            45  1127 PM    57  1981     41       4     37
 MINIMUM            34  0910 AM    19  1964     33       1     30
 AVERAGE            40                          37       3     34

PRECIPITATION
(INCHES)
 YESTERDAY        0.01           2.27  2006   0.34   -0.33   0.02
 MONTH TO DATE    6.97                        6.08    0.89   7.97
 SINCE DEC 1      6.97                        6.08    0.89   7.97
 SINCE JAN 1    102.95                       96.99    5.96  89.18

SNOWFALL
(INCHES)
 YESTERDAY         0.0            8.9  2012    0.3    -0.3    0.0
 MONTH TO DATE     0.4                         4.0    -3.6    0.1
 SINCE DEC 1       0.4                         4.0    -3.6    0.1
 SINCE JUL 1       4.6                         7.6    -3.0    5.8
 SNOW DEPTH (IN)     0                                          0

DEGREE DAYS
 HEATING
  YESTERDAY         25                          28      -3     31
  MONTH TO DATE    364                         469    -105    520
  SINCE DEC 1      364                         469    -105    520
  SINCE JUL 1     2369                        2519    -150   2334

 COOLING
  YESTERDAY          0                           0       0      0
  MONTH TO DATE      0                           0       0      0
  SINCE DEC 1        0                           0       0      0
  SINCE JAN 1       MM                           0      MM     22
...................................................................

WIND (MPH)
 HIGHEST WIND SPEED    21     HIGHEST WIND DIRECTION    120
 HIGHEST GUST SPEED    28     HIGHEST GUST DIRECTION    130
 AVERAGE WIND SPEED   4.6

WEATHER CONDITIONS
 THE FOLLOWING WEATHER WAS RECORDED YESTERDAY.
  RAIN
...................................................................

THE ANNETTE CLIMATE NORMALS FOR TODAY
                           NORMAL    RECORD   YEAR
 MAXIMUM TEMPERATURE (F)     41        55     2003
 MINIMUM TEMPERATURE (F)     33        14     2008

SUNRISE AND SUNSET
 DEC 18 2014..........SUNRISE  8:08 AM      SUNSET  3:19 PM
 DEC 19 2014..........SUNRISE  8:09 AM      SUNSET  3:19 PM

-  INDICATES NEGATIVE NUMBERS.
R  INDICATES RECORD HAS BEEN SET OR TIED.
MM INDICATES DATA IS MISSING.
T  INDICATES TRACE OF PRECIPITATION.

&&
-------------------------------------------------------------------

AMOUNT OF DAYLIGHT TODAY  (HOUR:MIN)........7 HOURS 11 MINUTES
GAIN/LOSS SINCE YESTERDAY (HOUR:MIN:SEC)....-0:00:28

$$
CRG DEC 14




U.S. Dept. of Commerce
NOAA National Weather Service
1325 East West Highway
Silver Spring, MD 20910
E-mail: w-nws.webmaster@noaa.gov
Page last modified: May 16, 2007
NATIONAL WEATHER SERVICE: for Safety, for Work, for Fun - FOR LIFE