077
CDUS43 KAPX 230529
CLIANJ


CLIMATE REPORT
NATIONAL WEATHER SERVICE GAYLORD MI
128 AM EDT THU OCT 23 2014


...................................

...THE SAULT STE MARIE MI CLIMATE SUMMARY FOR OCTOBER 22 2014...

CLIMATE NORMAL PERIOD 1981 TO 2010
CLIMATE RECORD PERIOD 1888 TO 2014


WEATHER ITEM   OBSERVED TIME   RECORD YEAR NORMAL DEPARTURE LAST
                VALUE   (LST)  VALUE       VALUE  FROM      YEAR
                                                  NORMAL
..................................................................
TEMPERATURE (F)
 YESTERDAY
  MAXIMUM         50    431 PM  76    1947  51     -1       44
  MINIMUM         27    440 AM  20    1969  36     -9       28
  AVERAGE         39                        43     -4       36

PRECIPITATION (IN)
  YESTERDAY        0.00          1.03 1949   0.11  -0.11     0.18
  MONTH TO DATE    6.47                      2.74   3.73     2.01
  SINCE SEP 1     10.44                      6.56   3.88     8.83
  SINCE JAN 1     29.36                     25.73   3.63    37.12

SNOWFALL (IN)
  YESTERDAY        0.0           3.5  1976   0.1   -0.1      0.2
  MONTH TO DATE    0.0                       0.6   -0.6      0.2
  SINCE OCT 1      0.0                       0.6   -0.6      0.2
  SINCE JUL 1      0.0                       0.6   -0.6      0.2
  SNOW DEPTH       0

DEGREE DAYS
 HEATING
  YESTERDAY       26                        22      4       29
  MONTH TO DATE  376                       393    -17      307
  SINCE SEP 1    626                       647    -21      560
  SINCE JUL 1    807                       794     13      676

 COOLING
  YESTERDAY        0                         0      0        0
  MONTH TO DATE    0                         0      0        0
  SINCE SEP 1      5                        17    -12       14
  SINCE JAN 1    113                       195    -82      266
..................................................................


WIND (MPH)
  HIGHEST WIND SPEED     7   HIGHEST WIND DIRECTION    SE (150)
  HIGHEST GUST SPEED    11   HIGHEST GUST DIRECTION     E (80)
  AVERAGE WIND SPEED     2.5




RELATIVE HUMIDITY (PERCENT)
 HIGHEST    92
 LOWEST     39
 AVERAGE    66

..........................................................


THE SAULT STE MARIE MI CLIMATE NORMALS FOR TODAY
                         NORMAL    RECORD    YEAR
 MAXIMUM TEMPERATURE (F)   50        77      1963
 MINIMUM TEMPERATURE (F)   36        20      1969


SUNRISE AND SUNSET
OCTOBER 23 2014.......SUNRISE   806 AM EDT   SUNSET   637 PM EDT
OCTOBER 24 2014.......SUNRISE   807 AM EDT   SUNSET   635 PM EDT


-  INDICATES NEGATIVE NUMBERS.
R  INDICATES RECORD WAS SET OR TIED.
MM INDICATES DATA IS MISSING.
T  INDICATES TRACE AMOUNT.




$$





U.S. Dept. of Commerce
NOAA National Weather Service
1325 East West Highway
Silver Spring, MD 20910
E-mail: w-nws.webmaster@noaa.gov
Page last modified: May 16, 2007
NATIONAL WEATHER SERVICE: for Safety, for Work, for Fun - FOR LIFE