844
CDUS43 KAPX 300530
CLIANJ


CLIMATE REPORT
NATIONAL WEATHER SERVICE GAYLORD MI
130 AM EDT WED JUL 30 2014


...................................

...THE SAULT STE MARIE MI CLIMATE SUMMARY FOR JULY 29 2014...

CLIMATE NORMAL PERIOD 1981 TO 2010
CLIMATE RECORD PERIOD 1888 TO 2014


WEATHER ITEM   OBSERVED TIME   RECORD YEAR NORMAL DEPARTURE LAST
                VALUE   (LST)  VALUE       VALUE  FROM      YEAR
                                                  NORMAL
..................................................................
TEMPERATURE (F)
 YESTERDAY
  MAXIMUM         67    255 PM  96    1916  77    -10       66
  MINIMUM         49   1159 PM  40    1968  56     -7       54
  AVERAGE         58                        66     -8       60

PRECIPITATION (IN)
  YESTERDAY        0.00          1.59 1996   0.10  -0.10     0.04
  MONTH TO DATE    1.48                      2.65  -1.17     5.21
  SINCE JUN 1      4.40                      5.35  -0.95     8.46
  SINCE JAN 1     16.44                     15.79   0.65    22.72

DEGREE DAYS
 HEATING
  YESTERDAY        7                         2      5        5
  MONTH TO DATE  101                        68     33       48
  SINCE JUN 1    210                       248    -38      194
  SINCE JUL 1    101                        68     33       48

 COOLING
  YESTERDAY        0                         3     -3        0
  MONTH TO DATE   21                        78    -57      115
  SINCE JUN 1     58                       108    -50      154
  SINCE JAN 1     60                       113    -53      163
..................................................................


WIND (MPH)
  HIGHEST WIND SPEED    16   HIGHEST WIND DIRECTION    NW (310)
  HIGHEST GUST SPEED    24   HIGHEST GUST DIRECTION    NW (310)
  AVERAGE WIND SPEED     7.9




RELATIVE HUMIDITY (PERCENT)
 HIGHEST    96
 LOWEST     58
 AVERAGE    77

..........................................................


THE SAULT STE MARIE MI CLIMATE NORMALS FOR TODAY
                         NORMAL    RECORD    YEAR
 MAXIMUM TEMPERATURE (F)   76        98      1916
 MINIMUM TEMPERATURE (F)   56        40      1992
                                             1971


SUNRISE AND SUNSET
JULY 30 2014..........SUNRISE   616 AM EDT   SUNSET   911 PM EDT
JULY 31 2014..........SUNRISE   617 AM EDT   SUNSET   910 PM EDT


-  INDICATES NEGATIVE NUMBERS.
R  INDICATES RECORD WAS SET OR TIED.
MM INDICATES DATA IS MISSING.
T  INDICATES TRACE AMOUNT.




$$





U.S. Dept. of Commerce
NOAA National Weather Service
1325 East West Highway
Silver Spring, MD 20910
E-mail: w-nws.webmaster@noaa.gov
Page last modified: May 16, 2007
NATIONAL WEATHER SERVICE: for Safety, for Work, for Fun - FOR LIFE