542
CDUS43 KAPX 180543
CLIANJ


CLIMATE REPORT
NATIONAL WEATHER SERVICE GAYLORD MI
1242 AM EST THU DEC 18 2014


...................................

...THE SAULT STE MARIE MI CLIMATE SUMMARY FOR DECEMBER 17 2014...

CLIMATE NORMAL PERIOD 1981 TO 2010
CLIMATE RECORD PERIOD 1888 TO 2014


WEATHER ITEM   OBSERVED TIME   RECORD YEAR NORMAL DEPARTURE LAST
                VALUE   (LST)  VALUE       VALUE  FROM      YEAR
                                                  NORMAL
..................................................................
TEMPERATURE (F)
 YESTERDAY
  MAXIMUM         30   1227 AM  42    1895  28      2       20
  MINIMUM         20   1159 PM -22    1919  15      5       10
  AVERAGE         25                        22      3       15

PRECIPITATION (IN)
  YESTERDAY        0.18          0.56 1990   0.08   0.10     0.15
  MONTH TO DATE    1.80                      1.63   0.17     1.75
  SINCE DEC 1      1.80                      1.63   0.17     1.75
  SINCE JAN 1     38.98                     31.79   7.19    47.73

SNOWFALL (IN)
  YESTERDAY        2.7           8.0  1940   1.1    1.6      3.2
  MONTH TO DATE   18.2                      17.8    0.4     18.5
  SINCE OCT 1     83.6                      34.5   49.1     40.2
  SINCE JUL 1     83.6                      34.5   49.1     40.2
  SNOW DEPTH       9

DEGREE DAYS
 HEATING
  YESTERDAY       40                        43     -3       50
  MONTH TO DATE  662                       686    -24      874
  SINCE DEC 1    662                       686    -24      874
  SINCE JUL 1   2824                      2618    206     2767
..................................................................


WIND (MPH)
  HIGHEST WIND SPEED    15   HIGHEST WIND DIRECTION     N (360)
  HIGHEST GUST SPEED    21   HIGHEST GUST DIRECTION     N (360)
  AVERAGE WIND SPEED     6.8




RELATIVE HUMIDITY (PERCENT)
 HIGHEST    92
 LOWEST     71
 AVERAGE    82

..........................................................


THE SAULT STE MARIE MI CLIMATE NORMALS FOR TODAY
                         NORMAL    RECORD    YEAR
 MAXIMUM TEMPERATURE (F)   28        44      1931
 MINIMUM TEMPERATURE (F)   15       -20      1985


SUNRISE AND SUNSET
DECEMBER 18 2014......SUNRISE   816 AM EST   SUNSET   452 PM EST
DECEMBER 19 2014......SUNRISE   817 AM EST   SUNSET   452 PM EST


-  INDICATES NEGATIVE NUMBERS.
R  INDICATES RECORD WAS SET OR TIED.
MM INDICATES DATA IS MISSING.
T  INDICATES TRACE AMOUNT.




$$





U.S. Dept. of Commerce
NOAA National Weather Service
1325 East West Highway
Silver Spring, MD 20910
E-mail: w-nws.webmaster@noaa.gov
Page last modified: May 16, 2007
NATIONAL WEATHER SERVICE: for Safety, for Work, for Fun - FOR LIFE