577
CDUS43 KAPX 240528
CLIANJ


CLIMATE REPORT
NATIONAL WEATHER SERVICE GAYLORD MI
128 AM EDT FRI OCT 24 2014


...................................

...THE SAULT STE MARIE MI CLIMATE SUMMARY FOR OCTOBER 23 2014...

CLIMATE NORMAL PERIOD 1981 TO 2010
CLIMATE RECORD PERIOD 1888 TO 2014


WEATHER ITEM   OBSERVED TIME   RECORD YEAR NORMAL DEPARTURE LAST
                VALUE   (LST)  VALUE       VALUE  FROM      YEAR
                                                  NORMAL
..................................................................
TEMPERATURE (F)
 YESTERDAY
  MAXIMUM         54    239 PM  77    1963  50      4       38
  MINIMUM         31    726 AM  20    1969  36     -5       27
  AVERAGE         43                        43      0       33

PRECIPITATION (IN)
  YESTERDAY        0.00          1.39 1979   0.12  -0.12     0.63
  MONTH TO DATE    6.47                      2.86   3.61     2.64
  SINCE SEP 1     10.44                      6.68   3.76     9.46
  SINCE JAN 1     29.36                     25.85   3.51    37.75

SNOWFALL (IN)
  YESTERDAY        0.0           4.7  2013   0.1   -0.1      4.7
  MONTH TO DATE    0.0                       0.7   -0.7      4.9
  SINCE OCT 1      0.0                       0.7   -0.7      4.9
  SINCE JUL 1      0.0                       0.7   -0.7      4.9
  SNOW DEPTH       0

DEGREE DAYS
 HEATING
  YESTERDAY       22                        22      0       32
  MONTH TO DATE  398                       415    -17      339
  SINCE SEP 1    648                       669    -21      592
  SINCE JUL 1    829                       816     13      708

 COOLING
  YESTERDAY        0                         0      0        0
  MONTH TO DATE    0                         0      0        0
  SINCE SEP 1      5                        17    -12       14
  SINCE JAN 1    113                       195    -82      266
..................................................................


WIND (MPH)
  HIGHEST WIND SPEED    10   HIGHEST WIND DIRECTION     S (180)
  HIGHEST GUST SPEED    14   HIGHEST GUST DIRECTION    SE (130)
  AVERAGE WIND SPEED     4.2




RELATIVE HUMIDITY (PERCENT)
 HIGHEST   100
 LOWEST     54
 AVERAGE    77

..........................................................


THE SAULT STE MARIE MI CLIMATE NORMALS FOR TODAY
                         NORMAL    RECORD    YEAR
 MAXIMUM TEMPERATURE (F)   50        79      1963
 MINIMUM TEMPERATURE (F)   35        16      1981


SUNRISE AND SUNSET
OCTOBER 24 2014.......SUNRISE   807 AM EDT   SUNSET   635 PM EDT
OCTOBER 25 2014.......SUNRISE   809 AM EDT   SUNSET   633 PM EDT


-  INDICATES NEGATIVE NUMBERS.
R  INDICATES RECORD WAS SET OR TIED.
MM INDICATES DATA IS MISSING.
T  INDICATES TRACE AMOUNT.




$$






U.S. Dept. of Commerce
NOAA National Weather Service
1325 East West Highway
Silver Spring, MD 20910
E-mail: w-nws.webmaster@noaa.gov
Page last modified: May 16, 2007
NATIONAL WEATHER SERVICE: for Safety, for Work, for Fun - FOR LIFE