897
CDUS43 KAPX 230532
CLIANJ


CLIMATE REPORT
NATIONAL WEATHER SERVICE GAYLORD MI
131 AM EDT WED APR 23 2014


...................................

...THE SAULT STE MARIE MI CLIMATE SUMMARY FOR APRIL 22 2014...

CLIMATE NORMAL PERIOD 1981 TO 2010
CLIMATE RECORD PERIOD 1888 TO 2014


WEATHER ITEM   OBSERVED TIME   RECORD YEAR NORMAL DEPARTURE LAST
                VALUE   (LST)  VALUE       VALUE  FROM      YEAR
                                                  NORMAL
..................................................................
TEMPERATURE (F)
 YESTERDAY
  MAXIMUM         42   1202 PM  82    1985  53    -11       50
  MINIMUM         32   1158 PM  20    1986  34     -2       35
                                      1982
                                      1950
  AVERAGE         37                        44     -7       43

PRECIPITATION (IN)
  YESTERDAY        T             0.60 1921   0.07  -0.07     0.00
  MONTH TO DATE    2.94                      1.79   1.15     2.52
  SINCE MAR 1      4.65                      3.74   0.91     5.12
  SINCE JAN 1      8.01                      7.27   0.74    11.21

SNOWFALL (IN)
  YESTERDAY        T             3.2  1972   0.2   -0.2      0.0
  MONTH TO DATE   10.3                       5.9    4.4     13.8
  SINCE OCT 1    134.6                     119.5   15.1    153.4
  SINCE JUL 1    134.6                     119.5   15.1    153.4
  SNOW DEPTH       6

DEGREE DAYS
 HEATING
  YESTERDAY       28                        22      6       22
  MONTH TO DATE  696                       584    112      735
  SINCE MAR 1   2130                      1784    346     1949
  SINCE JUL 1   8910                      7910   1000     7681

 COOLING
  YESTERDAY        0                         0      0        0
  MONTH TO DATE    0                         0      0        0
  SINCE MAR 1      0                         0      0        0
  SINCE JAN 1      0                         0      0        0
..................................................................


WIND (MPH)
  HIGHEST WIND SPEED    24   HIGHEST WIND DIRECTION    NW (310)
  HIGHEST GUST SPEED    32   HIGHEST GUST DIRECTION    NW (310)
  AVERAGE WIND SPEED    12.6




RELATIVE HUMIDITY (PERCENT)
 HIGHEST    96
 LOWEST     64
 AVERAGE    80

..........................................................


THE SAULT STE MARIE MI CLIMATE NORMALS FOR TODAY
                         NORMAL    RECORD    YEAR
 MAXIMUM TEMPERATURE (F)   54        76      1913
 MINIMUM TEMPERATURE (F)   34        20      1986
                                             1956
                                             1930


SUNRISE AND SUNSET
APRIL 23 2014.........SUNRISE   636 AM EDT   SUNSET   836 PM EDT
APRIL 24 2014.........SUNRISE   635 AM EDT   SUNSET   837 PM EDT


-  INDICATES NEGATIVE NUMBERS.
R  INDICATES RECORD WAS SET OR TIED.
MM INDICATES DATA IS MISSING.
T  INDICATES TRACE AMOUNT.




$$





U.S. Dept. of Commerce
NOAA National Weather Service
1325 East West Highway
Silver Spring, MD 20910
E-mail: w-nws.webmaster@noaa.gov
Page last modified: May 16, 2007
NATIONAL WEATHER SERVICE: for Safety, for Work, for Fun - FOR LIFE