056
CDUS43 KAPX 280529
CLIANJ


CLIMATE REPORT
NATIONAL WEATHER SERVICE GAYLORD MI
129 AM EDT THU AUG 28 2014


...................................

...THE SAULT STE MARIE MI CLIMATE SUMMARY FOR AUGUST 27 2014...

CLIMATE NORMAL PERIOD 1981 TO 2010
CLIMATE RECORD PERIOD 1888 TO 2014


WEATHER ITEM   OBSERVED TIME   RECORD YEAR NORMAL DEPARTURE LAST
                VALUE   (LST)  VALUE       VALUE  FROM      YEAR
                                                  NORMAL
..................................................................
TEMPERATURE (F)
 YESTERDAY
  MAXIMUM         64    110 PM  93    1976  73     -9       84
                                      1948
  MINIMUM         49    229 AM  35    1915  53     -4       64
  AVERAGE         57                        63     -6       74

PRECIPITATION (IN)
  YESTERDAY        0.01          1.44 1978   0.10  -0.09     0.00
  MONTH TO DATE    1.84                      2.73  -0.89     4.42
  SINCE JUN 1      6.24                      8.29  -2.05    13.41
  SINCE JAN 1     18.28                     18.73  -0.45    27.67

DEGREE DAYS
 HEATING
  YESTERDAY        8                         3      5        0
  MONTH TO DATE   54                        61     -7       66
  SINCE JUN 1    274                       310    -36      262
  SINCE JUL 1    165                       130     35      116

 COOLING
  YESTERDAY        0                         1     -1        9
  MONTH TO DATE   42                        63    -21       59
  SINCE JUN 1    100                       171    -71      214
  SINCE JAN 1    102                       176    -74      223
..................................................................


WIND (MPH)
  HIGHEST WIND SPEED    18   HIGHEST WIND DIRECTION    NW (310)
  HIGHEST GUST SPEED    24   HIGHEST GUST DIRECTION    NW (320)
  AVERAGE WIND SPEED     7.8




RELATIVE HUMIDITY (PERCENT)
 HIGHEST    96
 LOWEST     52
 AVERAGE    74

..........................................................


THE SAULT STE MARIE MI CLIMATE NORMALS FOR TODAY
                         NORMAL    RECORD    YEAR
 MAXIMUM TEMPERATURE (F)   73        93      1973
 MINIMUM TEMPERATURE (F)   53        37      1982
                                             1941


SUNRISE AND SUNSET
AUGUST 28 2014........SUNRISE   652 AM EDT   SUNSET   824 PM EDT
AUGUST 29 2014........SUNRISE   654 AM EDT   SUNSET   822 PM EDT


-  INDICATES NEGATIVE NUMBERS.
R  INDICATES RECORD WAS SET OR TIED.
MM INDICATES DATA IS MISSING.
T  INDICATES TRACE AMOUNT.




$$





U.S. Dept. of Commerce
NOAA National Weather Service
1325 East West Highway
Silver Spring, MD 20910
E-mail: w-nws.webmaster@noaa.gov
Page last modified: May 16, 2007
NATIONAL WEATHER SERVICE: for Safety, for Work, for Fun - FOR LIFE