498
CDUS43 KAPX 010540
CLIANJ


CLIMATE REPORT
NATIONAL WEATHER SERVICE GAYLORD MI
1240 AM EST SUN FEB 1 2015


...................................

...THE SAULT STE MARIE MI CLIMATE SUMMARY FOR JANUARY 31 2015...

CLIMATE NORMAL PERIOD 1981 TO 2010
CLIMATE RECORD PERIOD 1888 TO 2015


WEATHER ITEM   OBSERVED TIME   RECORD YEAR NORMAL DEPARTURE LAST
                VALUE   (LST)  VALUE       VALUE  FROM      YEAR
                                                  NORMAL
..................................................................
TEMPERATURE (F)
 YESTERDAY
  MAXIMUM         24    256 PM  40    1993  23      1       16
                                      1989
                                      1988
  MINIMUM          3   1159 PM -28    1899   7     -4        9
  AVERAGE         14                        15     -1       13

PRECIPITATION (IN)
  YESTERDAY        0.03          0.70 1977   0.06  -0.03     0.01
  MONTH TO DATE    2.00                      2.19  -0.19     2.59
  SINCE DEC 1      5.34                      4.98   0.36     5.39
  SINCE JAN 1      2.00                      2.19  -0.19     2.59

SNOWFALL (IN)
  YESTERDAY        1.4          11.0  1977   0.9    0.5      0.4
  MONTH TO DATE   27.8                      31.4   -3.6     35.5
  SINCE OCT 1    129.0                      81.6   47.4     90.2
  SINCE JUL 1    129.0                      81.6   47.4     90.2
  SNOW DEPTH      22

DEGREE DAYS
 HEATING
  YESTERDAY       51                        50      1       52
  MONTH TO DATE 1658                      1538    120     1714
  SINCE DEC 1   2887                      2868     19     3336
  SINCE JUL 1   5049                      4800    249     5229
..................................................................


WIND (MPH)
  HIGHEST WIND SPEED    21   HIGHEST WIND DIRECTION    NW (310)
  HIGHEST GUST SPEED    27   HIGHEST GUST DIRECTION    NW (330)
  AVERAGE WIND SPEED     6.3




RELATIVE HUMIDITY (PERCENT)
 HIGHEST    84
 LOWEST     61
 AVERAGE    73

..........................................................


THE SAULT STE MARIE MI CLIMATE NORMALS FOR TODAY
                         NORMAL    RECORD    YEAR
 MAXIMUM TEMPERATURE (F)   23        39      1970
                                             1952
 MINIMUM TEMPERATURE (F)    7       -31      1918


SUNRISE AND SUNSET
FEBRUARY  1 2015......SUNRISE   801 AM EST   SUNSET   541 PM EST
FEBRUARY  2 2015......SUNRISE   800 AM EST   SUNSET   543 PM EST


-  INDICATES NEGATIVE NUMBERS.
R  INDICATES RECORD WAS SET OR TIED.
MM INDICATES DATA IS MISSING.
T  INDICATES TRACE AMOUNT.




$$





U.S. Dept. of Commerce
NOAA National Weather Service
1325 East West Highway
Silver Spring, MD 20910
E-mail: w-nws.webmaster@noaa.gov
Page last modified: May 16, 2007
NATIONAL WEATHER SERVICE: for Safety, for Work, for Fun - FOR LIFE