676
CDAK48 PAFC 211253
CLIANC

CLIMATE REPORT
NATIONAL WEATHER SERVICE ANCHORAGE, AK
452 AM AKDT MON APR 21 2014


...................................

...THE ANCHORAGE AK CLIMATE SUMMARY FOR APRIL 20 2014...

CLIMATE NORMAL PERIOD 1981 TO 2010
CLIMATE RECORD PERIOD 1915 TO 2014


WEATHER ITEM   OBSERVED RECORD YEAR NORMAL DEPARTURE LAST
                VALUE   VALUE       VALUE  FROM      YEAR
                                           NORMAL
...........................................................
TEMPERATURE (F)
 YESTERDAY
  MAXIMUM         55     57    1951  46      9       47
  MINIMUM         28     16    1975  31     -3       26
  AVERAGE         42                 39      3       37

PRECIPITATION (IN)
  YESTERDAY        0.00   0.32 1963   0.01  -0.01
                               1955
  MONTH TO DATE    0.04               0.30  -0.26
  SINCE MAR 1      0.74               0.90  -0.16
  SINCE JAN 1      2.76               2.35   0.41

SNOWFALL (IN)
  YESTERDAY        0.0    4.2  1963   0.1   -0.1
  MONTH TO DATE    0.4                3.2   -2.8
  SINCE MAR 1     11.3               13.1   -1.8
  SINCE JUL 1     64.7               73.4   -8.7
  SNOW DEPTH       0

DEGREE DAYS
 HEATING
  YESTERDAY       23                        -3
  MONTH TO DATE  592                       -11
  SINCE MAR 1   1758                       -37
  SINCE JUL 1   8507                      -617

 COOLING
  YESTERDAY        0                         0
  MONTH TO DATE    0                         0
  SINCE MAR 1      0                         0
  SINCE JAN 1      0                         0
...........................................................


WIND (MPH)
  HIGHEST WIND SPEED    21   HIGHEST WIND DIRECTION    SE (150)
  HIGHEST GUST SPEED    33   HIGHEST GUST DIRECTION     S (170)
  AVERAGE WIND SPEED     8.9




RELATIVE HUMIDITY (PERCENT)
 HIGHEST    69
 LOWEST     28
 AVERAGE    49

..........................................................


THE ANCHORAGE AK CLIMATE NORMALS FOR TODAY
                         NORMAL    RECORD    YEAR
 MAXIMUM TEMPERATURE (F)   47        55      2007
                                             1926
 MINIMUM TEMPERATURE (F)   31         9      1924


SUNRISE AND SUNSET
APRIL 21 2014.........SUNRISE   621 AM AKDT  SUNSET   939 PM AKDT
APRIL 22 2014.........SUNRISE   618 AM AKDT  SUNSET   941 PM AKDT

CIVIL TWILIGHT
APRIL 21 2014           START   530 AM AKDT     END  1031 PM AKDT
APRIL 22 2014           START   526 AM AKDT     END  1034 PM AKDT



-  INDICATES NEGATIVE NUMBERS.
R  INDICATES RECORD WAS SET OR TIED.
MM INDICATES DATA IS MISSING.
T  INDICATES TRACE AMOUNT.




$$
&&
------------------------------------------------------
AMOUNT OF DAYLIGHT TODAY  (HOUR:MIN)........15:18
GAIN/LOSS SINCE YESTERDAY (HOUR:MIN:SEC)....+0:05:40




U.S. Dept. of Commerce
NOAA National Weather Service
1325 East West Highway
Silver Spring, MD 20910
E-mail: w-nws.webmaster@noaa.gov
Page last modified: May 16, 2007
NATIONAL WEATHER SERVICE: for Safety, for Work, for Fun - FOR LIFE