292
CDAK48 PAFC 020046
CLIANC

CLIMATE REPORT
NATIONAL WEATHER SERVICE ANCHORAGE, AK
445 PM AKDT WED OCT 1 2014


...................................

...THE ANCHORAGE AK CLIMATE SUMMARY FOR OCTOBER 1 2014...
VALID TODAY AS OF 0400 PM LOCAL TIME.

CLIMATE NORMAL PERIOD 1981 TO 2010
CLIMATE RECORD PERIOD 1915 TO 2014


WEATHER ITEM   OBSERVED RECORD YEAR NORMAL DEPARTURE LAST
                VALUE   VALUE       VALUE  FROM      YEAR
                                           NORMAL
...........................................................
TEMPERATURE (F)
 TODAY
  MAXIMUM         46     62    2003  49     -3       50
  MINIMUM         30     19    1920  37     -7       33
  AVERAGE         38                 42              42

PRECIPITATION (IN)
  TODAY            0.00   1.57 2002   0.09  -0.09     0.03
  MONTH TO DATE    0.00               0.09  -0.09     0.03
  SINCE JUN 1     13.09               9.13   3.96    12.86
  SINCE JAN 1     16.32              12.37   3.95    19.24

SNOWFALL (IN)
  TODAY            0.0    T    1990   0.1   -0.1      0.0
  MONTH TO DATE    0.0                0.1   -0.1      0.0
  SINCE JUN 1      0.0                0.5   -0.5       T
  SINCE JUL 1      0.0                0.5   -0.5       T
  SNOW DEPTH       0

DEGREE DAYS
 HEATING
  TODAY           27                 22      5       23
  MONTH TO DATE   27                 22      5       23
  SINCE SEP 1    456                516    -60      530
  SINCE JUL 1    805                966   -161      871

 COOLING
  TODAY            0                  0      0        0
  MONTH TO DATE    0                  0      0        0
  SINCE SEP 1      0                  0      0        0
  SINCE JAN 1      3                  2      1       21
...........................................................


WIND (MPH)
  RESULTANT WIND SPEED   1   RESULTANT WIND DIRECTION  SE (130)
  HIGHEST WIND SPEED     6   HIGHEST WIND DIRECTION    NW (330)
  HIGHEST GUST SPEED    MM   HIGHEST GUST DIRECTION    MM
  AVERAGE WIND SPEED     2.5


SKY COVER
  POSSIBLE SUNSHINE  MM
  AVERAGE SKY COVER 0.0


WEATHER CONDITIONS
 THE FOLLOWING WEATHER WAS RECORDED TODAY.
  NO SIGNIFICANT WEATHER WAS OBSERVED.


RELATIVE HUMIDITY (PERCENT)
 HIGHEST    85           100 AM
 LOWEST     49           100 PM
 AVERAGE    67

..........................................................


THE ANCHORAGE AK CLIMATE NORMALS FOR TOMORROW
                         NORMAL    RECORD    YEAR
 MAXIMUM TEMPERATURE (F)   48        63      1929
 MINIMUM TEMPERATURE (F)   36        19      1920


SUNRISE AND SUNSET
OCTOBER  1 2014.......SUNRISE   807 AM AKDT  SUNSET   731 PM AKDT
OCTOBER  2 2014.......SUNRISE   810 AM AKDT  SUNSET   728 PM AKDT

CIVIL TWILIGHT
OCTOBER 1 2014          START   724 AM AKDT     END   814 PM AKDT
OCTOBER 2 2014          START   727 AM AKDT     END   811 PM AKDT



-  INDICATES NEGATIVE NUMBERS.
R  INDICATES RECORD WAS SET OR TIED.
MM INDICATES DATA IS MISSING.
T  INDICATES TRACE AMOUNT.




$$
&&
------------------------------------------------------
AMOUNT OF DAYLIGHT TODAY  (HOUR:MIN)........11:24
GAIN/LOSS SINCE YESTERDAY (HOUR:MIN:SEC)....-0:05:39




630
CDAK48 PAFC 020046
CLIANC


CLIMATE REPORT
NATIONAL WEATHER SERVICE ANCHORAGE, AK
445 PM AKDT WED OCT 1 2014


...................................

...THE ANCHORAGE AK CLIMATE SUMMARY FOR OCTOBER 1 2014...
VALID TODAY AS OF 0400 PM LOCAL TIME.

CLIMATE NORMAL PERIOD 1981 TO 2010
CLIMATE RECORD PERIOD 1915 TO 2014


WEATHER ITEM   OBSERVED RECORD YEAR NORMAL DEPARTURE LAST
                VALUE   VALUE       VALUE  FROM      YEAR
                                           NORMAL
...........................................................
TEMPERATURE (F)
 TODAY
  MAXIMUM         46     62    2003  49     -3       50
  MINIMUM         30     19    1920  37     -7       33
  AVERAGE         38                 42              42

PRECIPITATION (IN)
  TODAY            0.00   1.57 2002   0.09  -0.09     0.03
  MONTH TO DATE    0.00               0.09  -0.09     0.03
  SINCE JUN 1     13.09               9.13   3.96    12.86
  SINCE JAN 1     16.32              12.37   3.95    19.24

SNOWFALL (IN)
  TODAY            0.0    T    1990   0.1   -0.1      0.0
  MONTH TO DATE    0.0                0.1   -0.1      0.0
  SINCE JUN 1      0.0                0.5   -0.5       T
  SINCE JUL 1      0.0                0.5   -0.5       T
  SNOW DEPTH       0

DEGREE DAYS
 HEATING
  TODAY           27                 22      5       23
  MONTH TO DATE   27                 22      5       23
  SINCE SEP 1    456                516    -60      530
  SINCE JUL 1    805                966   -161      871

 COOLING
  TODAY            0                  0      0        0
  MONTH TO DATE    0                  0      0        0
  SINCE SEP 1      0                  0      0        0
  SINCE JAN 1      3                  2      1       21
...........................................................


WIND (MPH)
  RESULTANT WIND SPEED   1   RESULTANT WIND DIRECTION  SE (130)
  HIGHEST WIND SPEED     6   HIGHEST WIND DIRECTION    NW (330)
  HIGHEST GUST SPEED    MM   HIGHEST GUST DIRECTION    MM
  AVERAGE WIND SPEED     2.5


SKY COVER
  POSSIBLE SUNSHINE  MM
  AVERAGE SKY COVER 0.0


WEATHER CONDITIONS
 THE FOLLOWING WEATHER WAS RECORDED TODAY.
  NO SIGNIFICANT WEATHER WAS OBSERVED.


RELATIVE HUMIDITY (PERCENT)
 HIGHEST    85           100 AM
 LOWEST     49           100 PM
 AVERAGE    67

..........................................................


THE ANCHORAGE AK CLIMATE NORMALS FOR TOMORROW
                         NORMAL    RECORD    YEAR
 MAXIMUM TEMPERATURE (F)   48        63      1929
 MINIMUM TEMPERATURE (F)   36        19      1920


SUNRISE AND SUNSET
OCTOBER  1 2014.......SUNRISE   807 AM AKDT  SUNSET   731 PM AKDT
OCTOBER  2 2014.......SUNRISE   810 AM AKDT  SUNSET   728 PM AKDT


-  INDICATES NEGATIVE NUMBERS.
R  INDICATES RECORD WAS SET OR TIED.
MM INDICATES DATA IS MISSING.
T  INDICATES TRACE AMOUNT.




$$





U.S. Dept. of Commerce
NOAA National Weather Service
1325 East West Highway
Silver Spring, MD 20910
E-mail: w-nws.webmaster@noaa.gov
Page last modified: May 16, 2007
NATIONAL WEATHER SERVICE: for Safety, for Work, for Fun - FOR LIFE