132
CDAK48 PAFC 271234
CLIANC

CLIMATE REPORT
NATIONAL WEATHER SERVICE ANCHORAGE, AK
407 PM AKST WED NOV 26 2014


...................................

...THE ANCHORAGE AK CLIMATE SUMMARY FOR NOVEMBER 26 2014...
VALID TODAY AS OF 0400 PM LOCAL TIME.

CLIMATE NORMAL PERIOD 1981 TO 2010
CLIMATE RECORD PERIOD 1915 TO 2014


WEATHER ITEM   OBSERVED RECORD YEAR NORMAL DEPARTURE LAST
                VALUE   VALUE       VALUE  FROM      YEAR
                                           NORMAL
...........................................................
TEMPERATURE (F)
 TODAY
  MAXIMUM         32     55    2002  26      6       29
  MINIMUM         26    -18    1948  15     11       26
                               1927
  AVERAGE         29                 20              28

PRECIPITATION (IN)
  TODAY            T      0.33 1976   0.04  -0.04     0.12
  MONTH TO DATE    0.23               1.01  -0.78     1.85
  SINCE SEP 1      5.44               6.03  -0.59    10.92
  SINCE JAN 1     17.75              15.32   2.43    24.28

SNOWFALL (IN)
  TODAY            T      4.1  1993   0.6   -0.6      1.9
  MONTH TO DATE    0.1               11.0  -10.9     10.0
  SINCE SEP 1      3.9               19.3  -15.4     10.0
  SINCE JUL 1      3.9               19.3  -15.4     10.0
  SNOW DEPTH       T

DEGREE DAYS
 HEATING
  TODAY           36                 45     -9       37
  MONTH TO DATE  828               1103   -275     1067
  SINCE SEP 1   2190               2533   -343     2249
  SINCE JUL 1   2539               2983   -444     2590

 COOLING
  TODAY            0                  0      0        0
  MONTH TO DATE    0                  0      0        0
  SINCE SEP 1      0                  0      0        0
  SINCE JAN 1      3                  2      1       21
...........................................................


WIND (MPH)
  RESULTANT WIND SPEED   5   RESULTANT WIND DIRECTION   N (10)
  HIGHEST WIND SPEED     8   HIGHEST WIND DIRECTION     N (10)
  HIGHEST GUST SPEED    MM   HIGHEST GUST DIRECTION    MM
  AVERAGE WIND SPEED     5.4


SKY COVER
  POSSIBLE SUNSHINE  MM
  AVERAGE SKY COVER 0.6


WEATHER CONDITIONS
 THE FOLLOWING WEATHER WAS RECORDED TODAY.
  LIGHT SNOW


RELATIVE HUMIDITY (PERCENT)
 HIGHEST    85           300 AM
 LOWEST     75          1200 PM
 AVERAGE    80

..........................................................


THE ANCHORAGE AK CLIMATE NORMALS FOR TOMORROW
                         NORMAL    RECORD    YEAR
 MAXIMUM TEMPERATURE (F)   26        52      1931
 MINIMUM TEMPERATURE (F)   15       -20      1948


SUNRISE AND SUNSET
NOVEMBER 26 2014......SUNRISE   934 AM AKST  SUNSET   400 PM AKST
NOVEMBER 27 2014......SUNRISE   937 AM AKST  SUNSET   358 PM AKST

CIVIL TWILIGHT
NOVEMBER 26 2014        START   839 AM AKST     END   456 PM AKST
NOVEMBER 27 2014        START   841 AM AKST     END   455 PM AKST



-  INDICATES NEGATIVE NUMBERS.
R  INDICATES RECORD WAS SET OR TIED.
MM INDICATES DATA IS MISSING.
T  INDICATES TRACE AMOUNT.




$$
&&
------------------------------------------------------
AMOUNT OF DAYLIGHT TODAY  (HOUR:MIN)........ 6:25
GAIN/LOSS SINCE YESTERDAY (HOUR:MIN:SEC)....-0:04:10




U.S. Dept. of Commerce
NOAA National Weather Service
1325 East West Highway
Silver Spring, MD 20910
E-mail: w-nws.webmaster@noaa.gov
Page last modified: May 16, 2007
NATIONAL WEATHER SERVICE: for Safety, for Work, for Fun - FOR LIFE