461
CDAK48 PAFC 191257
CLIANC

CLIMATE REPORT
NATIONAL WEATHER SERVICE ANCHORAGE, AK
356 AM AKST FRI DEC 19 2014


...................................

...THE ANCHORAGE AK CLIMATE SUMMARY FOR DECEMBER 18 2014...

CLIMATE NORMAL PERIOD 1981 TO 2010
CLIMATE RECORD PERIOD 1953 TO 2014


WEATHER ITEM   OBSERVED RECORD YEAR NORMAL DEPARTURE LAST
                VALUE   VALUE       VALUE  FROM      YEAR
                                           NORMAL
...........................................................
TEMPERATURE (F)
 YESTERDAY
  MAXIMUM         26     46    1993  25      1        8
  MINIMUM         14    -20    1980  13      1       -9
  AVERAGE         20                 19      1        0

PRECIPITATION (IN)
  YESTERDAY        0.00   0.29 2013   0.04  -0.04
  MONTH TO DATE    0.33               0.68  -0.35
  SINCE DEC 1      0.33               0.68  -0.35
  SINCE JAN 1     18.24              16.15   2.09

SNOWFALL (IN)
  YESTERDAY        0.0    4.9  1959   0.6   -0.6
  MONTH TO DATE    4.3               10.1   -5.8
  SINCE DEC 1      4.3               10.1   -5.8
  SINCE JUL 1     10.3               31.5  -21.2
  SNOW DEPTH       4

DEGREE DAYS
 HEATING
  YESTERDAY       45                        -1
  MONTH TO DATE  674                      -147
  SINCE DEC 1    674                      -147
  SINCE JUL 1   3389                      -596

 COOLING
  YESTERDAY        0                         0
  MONTH TO DATE    0                         0
  SINCE DEC 1      0                         0
  SINCE JAN 1      3                         1
...........................................................


WIND (MPH)
  HIGHEST WIND SPEED    13   HIGHEST WIND DIRECTION     N (360)
  HIGHEST GUST SPEED    MM   HIGHEST GUST DIRECTION    MM
  AVERAGE WIND SPEED     4.4




RELATIVE HUMIDITY (PERCENT)
 HIGHEST    92
 LOWEST     68
 AVERAGE    80

..........................................................


THE ANCHORAGE AK CLIMATE NORMALS FOR TODAY
                         NORMAL    RECORD    YEAR
 MAXIMUM TEMPERATURE (F)   25        44      1985
 MINIMUM TEMPERATURE (F)   13       -18      1961


SUNRISE AND SUNSET
DECEMBER 19 2014......SUNRISE  1013 AM AKST  SUNSET   342 PM AKST
DECEMBER 20 2014......SUNRISE  1014 AM AKST  SUNSET   342 PM AKST

CIVIL TWILIGHT
DECEMBER 19 2014        START   911 AM AKST     END   444 PM AKST
DECEMBER 20 2014        START   912 AM AKST     END   444 PM AKST



-  INDICATES NEGATIVE NUMBERS.
R  INDICATES RECORD WAS SET OR TIED.
MM INDICATES DATA IS MISSING.
T  INDICATES TRACE AMOUNT.




$$
&&
------------------------------------------------------
AMOUNT OF DAYLIGHT TODAY  (HOUR:MIN)........ 5:28
GAIN/LOSS SINCE YESTERDAY (HOUR:MIN:SEC)....-0:00:31

-




U.S. Dept. of Commerce
NOAA National Weather Service
1325 East West Highway
Silver Spring, MD 20910
E-mail: w-nws.webmaster@noaa.gov
Page last modified: May 16, 2007
NATIONAL WEATHER SERVICE: for Safety, for Work, for Fun - FOR LIFE