565
CDAK48 PAFC 250039
CLIANC

CLIMATE REPORT
NATIONAL WEATHER SERVICE ANCHORAGE, AK
438 PM AKDT THU APR 24 2014


...................................

...THE ANCHORAGE AK CLIMATE SUMMARY FOR APRIL 24 2014...
VALID TODAY AS OF 0400 PM LOCAL TIME.

CLIMATE NORMAL PERIOD 1981 TO 2010
CLIMATE RECORD PERIOD 1915 TO 2014


WEATHER ITEM   OBSERVED RECORD YEAR NORMAL DEPARTURE LAST
                VALUE   VALUE       VALUE  FROM      YEAR
                                           NORMAL
...........................................................
TEMPERATURE (F)
 TODAY
  MAXIMUM         51     63    1940  48      3       41
  MINIMUM         30      8    1948  32     -2       32
  AVERAGE         41                 40              37

PRECIPITATION (IN)
  TODAY            0.00   0.27 1974   0.02  -0.02      T
  MONTH TO DATE    0.04               0.37  -0.33     1.03
  SINCE MAR 1      0.74               0.97  -0.23     2.40
  SINCE JAN 1      2.76               2.42   0.34     4.85

SNOWFALL (IN)
  TODAY            0.0    1.8  1952   0.1   -0.1       T
  MONTH TO DATE    0.4                3.6   -3.2     16.0
  SINCE MAR 1     11.3               13.5   -2.2     36.6
  SINCE JUL 1     64.7               73.8   -9.1     92.7
  SNOW DEPTH       0

DEGREE DAYS
 HEATING
  TODAY           24                 25     -1       28
  MONTH TO DATE  679                705    -26      876
  SINCE MAR 1   1845               1897    -52     2123
  SINCE JUL 1   8594               9226   -632     9568

 COOLING
  TODAY            0                  0      0        0
  MONTH TO DATE    0                  0      0        0
  SINCE MAR 1      0                  0      0        0
  SINCE JAN 1      0                  0      0        0
...........................................................


WIND (MPH)
  RESULTANT WIND SPEED   2   RESULTANT WIND DIRECTION  SW (230)
  HIGHEST WIND SPEED     7   HIGHEST WIND DIRECTION    NW (300)
  HIGHEST GUST SPEED    MM   HIGHEST GUST DIRECTION    MM
  AVERAGE WIND SPEED     4.5


SKY COVER
  POSSIBLE SUNSHINE  MM
  AVERAGE SKY COVER 0.5


WEATHER CONDITIONS
 THE FOLLOWING WEATHER WAS RECORDED TODAY.
  NO SIGNIFICANT WEATHER WAS OBSERVED.


RELATIVE HUMIDITY (PERCENT)
 HIGHEST    89           200 AM
 LOWEST     49           300 PM
 AVERAGE    69

..........................................................


THE ANCHORAGE AK CLIMATE NORMALS FOR TOMORROW
                         NORMAL    RECORD    YEAR
 MAXIMUM TEMPERATURE (F)   49        64      2005
 MINIMUM TEMPERATURE (F)   33        15      1948


SUNRISE AND SUNSET
APRIL 24 2014.........SUNRISE   612 AM AKDT  SUNSET   947 PM AKDT
APRIL 25 2014.........SUNRISE   609 AM AKDT  SUNSET   949 PM AKDT

CIVIL TWILIGHT
APRIL 24 2014           START   519 AM AKDT     END  1040 PM AKDT
APRIL 25 2014           START   516 AM AKDT     END  1043 PM AKDT



-  INDICATES NEGATIVE NUMBERS.
R  INDICATES RECORD WAS SET OR TIED.
MM INDICATES DATA IS MISSING.
T  INDICATES TRACE AMOUNT.




$$
&&
------------------------------------------------------
AMOUNT OF DAYLIGHT TODAY  (HOUR:MIN)........15:35
GAIN/LOSS SINCE YESTERDAY (HOUR:MIN:SEC)....+0:05:39




U.S. Dept. of Commerce
NOAA National Weather Service
1325 East West Highway
Silver Spring, MD 20910
E-mail: w-nws.webmaster@noaa.gov
Page last modified: May 16, 2007
NATIONAL WEATHER SERVICE: for Safety, for Work, for Fun - FOR LIFE