273
CDAK48 PAFC 011234
CLIANC

CLIMATE REPORT
NATIONAL WEATHER SERVICE ANCHORAGE, AK
433 AM AKDT WED OCT 1 2014


...................................

...THE ANCHORAGE AK CLIMATE SUMMARY FOR SEPTEMBER 30 2014...

CLIMATE NORMAL PERIOD 1981 TO 2010
CLIMATE RECORD PERIOD 1915 TO 2014


WEATHER ITEM   OBSERVED RECORD YEAR NORMAL DEPARTURE LAST
                VALUE   VALUE       VALUE  FROM      YEAR
                                           NORMAL
...........................................................
TEMPERATURE (F)
 YESTERDAY
  MAXIMUM         51     62    1942  49      2       52
  MINIMUM         32     21    1919  37     -5       30
  AVERAGE         42                 43     -1       41

PRECIPITATION (IN)
  YESTERDAY        0.00   1.22 2004   0.10  -0.10
  MONTH TO DATE    4.01               2.99   1.02
  SINCE JUN 1     13.09               9.04   4.05
  SINCE JAN 1     16.32              12.28   4.04

SNOWFALL (IN)
  YESTERDAY        0.0    3.0  1992   0.1   -0.1
  MONTH TO DATE    0.0                0.4   -0.4
  SINCE JUN 1      0.0                0.4   -0.4
  SINCE JUL 1      0.0                0.4   -0.4
  SNOW DEPTH       0

DEGREE DAYS
 HEATING
  YESTERDAY       23                         1
  MONTH TO DATE  429                       -64
  SINCE SEP 1    429                       -65
  SINCE JUL 1    778                      -166

 COOLING
  YESTERDAY        0                         0
  MONTH TO DATE    0                         0
  SINCE SEP 1      0                         0
  SINCE JAN 1      3                         1
...........................................................


WIND (MPH)
  HIGHEST WIND SPEED     8   HIGHEST WIND DIRECTION     E (70)
  HIGHEST GUST SPEED    MM   HIGHEST GUST DIRECTION    MM
  AVERAGE WIND SPEED     4.5




RELATIVE HUMIDITY (PERCENT)
 HIGHEST    82
 LOWEST     29
 AVERAGE    56

..........................................................


THE ANCHORAGE AK CLIMATE NORMALS FOR TODAY
                         NORMAL    RECORD    YEAR
 MAXIMUM TEMPERATURE (F)   49        62      2003
 MINIMUM TEMPERATURE (F)   37        19      1920


SUNRISE AND SUNSET
OCTOBER  1 2014.......SUNRISE   807 AM AKDT  SUNSET   731 PM AKDT
OCTOBER  2 2014.......SUNRISE   810 AM AKDT  SUNSET   728 PM AKDT

CIVIL TWILIGHT
OCTOBER 1 2014          START   724 AM AKDT     END   814 PM AKDT
OCTOBER 2 2014          START   727 AM AKDT     END   811 PM AKDT



-  INDICATES NEGATIVE NUMBERS.
R  INDICATES RECORD WAS SET OR TIED.
MM INDICATES DATA IS MISSING.
T  INDICATES TRACE AMOUNT.




$$
&&
------------------------------------------------------
AMOUNT OF DAYLIGHT TODAY  (HOUR:MIN)........11:24
GAIN/LOSS SINCE YESTERDAY (HOUR:MIN:SEC)....-0:05:39




U.S. Dept. of Commerce
NOAA National Weather Service
1325 East West Highway
Silver Spring, MD 20910
E-mail: w-nws.webmaster@noaa.gov
Page last modified: May 16, 2007
NATIONAL WEATHER SERVICE: for Safety, for Work, for Fun - FOR LIFE