649
CDAK48 PAFC 251302
CLIANC

CLIMATE REPORT
NATIONAL WEATHER SERVICE ANCHORAGE, AK
400 AM AKST SUN JAN 25 2015


...................................

...THE ANCHORAGE AK CLIMATE SUMMARY FOR JANUARY 24 2015...

CLIMATE NORMAL PERIOD 1981 TO 2010
CLIMATE RECORD PERIOD 1952 TO 2015


WEATHER ITEM   OBSERVED RECORD YEAR NORMAL DEPARTURE LAST
                VALUE   VALUE       VALUE  FROM      YEAR
                                           NORMAL
...........................................................
TEMPERATURE (F)
 YESTERDAY
  MAXIMUM         18     49    1977  23     -5       48
  MINIMUM          5    -27    1973  11     -6       35
  AVERAGE         12                 17     -5       42

PRECIPITATION (IN)
  YESTERDAY        T      0.24 2000   0.03  -0.03
  MONTH TO DATE    0.31               0.56  -0.25
  SINCE DEC 1      0.99               1.67  -0.68
  SINCE JAN 1      0.31               0.56  -0.25

SNOWFALL (IN)
  YESTERDAY        0.1    4.3  2000   0.4   -0.3
  MONTH TO DATE    4.9                8.7   -3.8
  SINCE DEC 1     12.4               25.4  -13.0
  SINCE JUL 1     18.4               46.8  -28.4
  SNOW DEPTH       9

DEGREE DAYS
 HEATING
  YESTERDAY       53                         5
  MONTH TO DATE  985                      -164
  SINCE DEC 1   2133                      -442
  SINCE JUL 1   4848                      -891

 COOLING
  YESTERDAY        0                         0
  MONTH TO DATE    0                         0
  SINCE DEC 1      0                         0
  SINCE JAN 1      0                         0
...........................................................


WIND (MPH)
  HIGHEST WIND SPEED    10   HIGHEST WIND DIRECTION     N (10)
  HIGHEST GUST SPEED    MM   HIGHEST GUST DIRECTION    MM
  AVERAGE WIND SPEED     7.5




RELATIVE HUMIDITY (PERCENT)
 HIGHEST    61
 LOWEST     40
 AVERAGE    51

..........................................................


THE ANCHORAGE AK CLIMATE NORMALS FOR TODAY
                         NORMAL    RECORD    YEAR
 MAXIMUM TEMPERATURE (F)   23        47      1981
                                             1977
 MINIMUM TEMPERATURE (F)   11       -26      1973


SUNRISE AND SUNSET
JANUARY 25 2015.......SUNRISE   937 AM AKST  SUNSET   449 PM AKST
JANUARY 26 2015.......SUNRISE   935 AM AKST  SUNSET   451 PM AKST

CIVIL TWILIGHT
JANUARY 25 2015         START   845 AM AKST     END   541 PM AKST
JANUARY 26 2015         START   843 AM AKST     END   543 PM AKST



-  INDICATES NEGATIVE NUMBERS.
R  INDICATES RECORD WAS SET OR TIED.
MM INDICATES DATA IS MISSING.
T  INDICATES TRACE AMOUNT.




$$
&&
------------------------------------------------------
AMOUNT OF DAYLIGHT TODAY  (HOUR:MIN)........ 7:12
GAIN/LOSS SINCE YESTERDAY (HOUR:MIN:SEC)....+0:04:56

$$




U.S. Dept. of Commerce
NOAA National Weather Service
1325 East West Highway
Silver Spring, MD 20910
E-mail: w-nws.webmaster@noaa.gov
Page last modified: May 16, 2007
NATIONAL WEATHER SERVICE: for Safety, for Work, for Fun - FOR LIFE