827
CDAK48 PAFC 211238
CLIANC


CLIMATE REPORT
NATIONAL WEATHER SERVICE ANCHORAGE, AK
438 AM AKDT THU AUG 21 2014


...................................

...THE ANCHORAGE AK CLIMATE SUMMARY FOR AUGUST 20 2014...

CLIMATE NORMAL PERIOD 1981 TO 2010
CLIMATE RECORD PERIOD 1915 TO 2014


WEATHER ITEM   OBSERVED RECORD YEAR NORMAL DEPARTURE LAST
                VALUE   VALUE       VALUE  FROM      YEAR
                                           NORMAL
...........................................................
TEMPERATURE (F)
 YESTERDAY
  MAXIMUM         62     77    1977  63     -1       62
  MINIMUM         52     36    1918  49      3       53
  AVERAGE         57                 56      1       58

PRECIPITATION (IN)
  YESTERDAY        0.00   0.71 1993   0.12  -0.12
  MONTH TO DATE    0.80               1.98  -1.18
  SINCE JUN 1      7.36               4.78   2.58
  SINCE JAN 1     10.59               8.02   2.57

SNOWFALL (IN)
  YESTERDAY        0.0    0.0    MM   0.0    0.0
  MONTH TO DATE    0.0                0.0    0.0
  SINCE JUN 1      0.0                0.0    0.0
  SINCE JUL 1      0.0                0.0    0.0
  SNOW DEPTH       0

DEGREE DAYS
 HEATING
  YESTERDAY        8                        -1
  MONTH TO DATE   98                       -46
  SINCE JUN 1    580                       -51
  SINCE JUL 1    252                       -86

 COOLING
  YESTERDAY        0                         0
  MONTH TO DATE    0                         0
  SINCE JUN 1      3                         1
  SINCE JAN 1      3                         1
...........................................................


WIND (MPH)
  HIGHEST WIND SPEED     8   HIGHEST WIND DIRECTION    NW (300)
  HIGHEST GUST SPEED    MM   HIGHEST GUST DIRECTION    MM
  AVERAGE WIND SPEED     3.7




RELATIVE HUMIDITY (PERCENT)
 HIGHEST    89
 LOWEST     72
 AVERAGE    81

..........................................................


THE ANCHORAGE AK CLIMATE NORMALS FOR TODAY
                         NORMAL    RECORD    YEAR
 MAXIMUM TEMPERATURE (F)   63        82      1977
 MINIMUM TEMPERATURE (F)   49        36      1919
                                             1918


SUNRISE AND SUNSET
AUGUST 21 2014........SUNRISE   625 AM AKDT  SUNSET   940 PM AKDT
AUGUST 22 2014........SUNRISE   627 AM AKDT  SUNSET   937 PM AKDT


-  INDICATES NEGATIVE NUMBERS.
R  INDICATES RECORD WAS SET OR TIED.
MM INDICATES DATA IS MISSING.
T  INDICATES TRACE AMOUNT.




$$





U.S. Dept. of Commerce
NOAA National Weather Service
1325 East West Highway
Silver Spring, MD 20910
E-mail: w-nws.webmaster@noaa.gov
Page last modified: May 16, 2007
NATIONAL WEATHER SERVICE: for Safety, for Work, for Fun - FOR LIFE