757
CDAK48 PAFC 231241
CLIANC

CLIMATE REPORT
NATIONAL WEATHER SERVICE ANCHORAGE, AK
441 AM AKDT THU OCT 23 2014


...................................

...THE ANCHORAGE AK CLIMATE SUMMARY FOR OCTOBER 22 2014...

CLIMATE NORMAL PERIOD 1981 TO 2010
CLIMATE RECORD PERIOD 1915 TO 2014


WEATHER ITEM   OBSERVED RECORD YEAR NORMAL DEPARTURE LAST
                VALUE   VALUE       VALUE  FROM      YEAR
                                           NORMAL
...........................................................
TEMPERATURE (F)
 YESTERDAY
  MAXIMUM         40     54    1938  37      3       47
  MINIMUM         25      3    1933  26     -1       33
  AVERAGE         33                 32      1       40

PRECIPITATION (IN)
  YESTERDAY        0.00   1.12 1936   0.05  -0.05
  MONTH TO DATE    1.20               1.61  -0.41
  SINCE SEP 1      5.21               4.60   0.61
  SINCE JAN 1     17.52              13.89   3.63

SNOWFALL (IN)
  YESTERDAY        0.0    3.3  1971   0.3   -0.3
  MONTH TO DATE    3.8                4.9   -1.1
  SINCE SEP 1      3.8                5.3   -1.5
  SINCE JUL 1      3.8                5.3   -1.5
  SNOW DEPTH       1

DEGREE DAYS
 HEATING
  YESTERDAY       32                        -1
  MONTH TO DATE  590                       -20
  SINCE SEP 1   1019                       -85
  SINCE JUL 1   1368                      -186

 COOLING
  YESTERDAY        0                         0
  MONTH TO DATE    0                         0
  SINCE SEP 1      0                         0
  SINCE JAN 1      3                         1
...........................................................


WIND (MPH)
  HIGHEST WIND SPEED     9   HIGHEST WIND DIRECTION     S (170)
  HIGHEST GUST SPEED    28   HIGHEST GUST DIRECTION     S (170)
  AVERAGE WIND SPEED     4.1




RELATIVE HUMIDITY (PERCENT)
 HIGHEST    89
 LOWEST     59
 AVERAGE    74

..........................................................


THE ANCHORAGE AK CLIMATE NORMALS FOR TODAY
                         NORMAL    RECORD    YEAR
 MAXIMUM TEMPERATURE (F)   37        54      2002
                                             1936
 MINIMUM TEMPERATURE (F)   25         1      1933


SUNRISE AND SUNSET
OCTOBER 23 2014.......SUNRISE   904 AM AKDT  SUNSET   624 PM AKDT
OCTOBER 24 2014.......SUNRISE   907 AM AKDT  SUNSET   621 PM AKDT

CIVIL TWILIGHT
OCTOBER 23 2014         START   819 AM AKDT     END   709 PM AKDT
OCTOBER 24 2014         START   822 AM AKDT     END   706 PM AKDT



-  INDICATES NEGATIVE NUMBERS.
R  INDICATES RECORD WAS SET OR TIED.
MM INDICATES DATA IS MISSING.
T  INDICATES TRACE AMOUNT.




$$
&&
------------------------------------------------------
AMOUNT OF DAYLIGHT TODAY  (HOUR:MIN)........ 9:20
GAIN/LOSS SINCE YESTERDAY (HOUR:MIN:SEC)....-0:05:36




U.S. Dept. of Commerce
NOAA National Weather Service
1325 East West Highway
Silver Spring, MD 20910
E-mail: w-nws.webmaster@noaa.gov
Page last modified: May 16, 2007
NATIONAL WEATHER SERVICE: for Safety, for Work, for Fun - FOR LIFE