106
CDAK48 PAFC 021256
CLIANC

CLIMATE REPORT
NATIONAL WEATHER SERVICE ANCHORAGE, AK
456 AM AKDT TUE SEP 2 2014


...................................

...THE ANCHORAGE AK CLIMATE SUMMARY FOR SEPTEMBER 1 2014...

CLIMATE NORMAL PERIOD 1981 TO 2010
CLIMATE RECORD PERIOD 1915 TO 2014


WEATHER ITEM   OBSERVED RECORD YEAR NORMAL DEPARTURE LAST
                VALUE   VALUE       VALUE  FROM      YEAR
                                           NORMAL
...........................................................
TEMPERATURE (F)
 YESTERDAY
  MAXIMUM         60     71    1978  60      0       57
  MINIMUM         37     32    1924  46     -9       51
                               1922
                               1919
  AVERAGE         49                 53     -4       54

PRECIPITATION (IN)
  YESTERDAY        0.00   0.84 1944   0.11  -0.11
  MONTH TO DATE    0.00               0.11  -0.11
  SINCE JUN 1      9.08               6.16   2.92
  SINCE JAN 1     12.31               9.40   2.91

SNOWFALL (IN)
  YESTERDAY        0.0    T    1944   0.0    0.0
  MONTH TO DATE    0.0                0.0    0.0
  SINCE JUN 1      0.0                0.0    0.0
  SINCE JUL 1      0.0                0.0    0.0
  SNOW DEPTH       0

DEGREE DAYS
 HEATING
  YESTERDAY       16                         4
  MONTH TO DATE   16                         4
  SINCE SEP 1     16                         4
  SINCE JUL 1    365                       -97

 COOLING
  YESTERDAY        0                         0
  MONTH TO DATE    0                         0
  SINCE SEP 1      0                         0
  SINCE JAN 1      3                         1
...........................................................


WIND (MPH)
  HIGHEST WIND SPEED    15   HIGHEST WIND DIRECTION     S (170)
  HIGHEST GUST SPEED    24   HIGHEST GUST DIRECTION     S (170)
  AVERAGE WIND SPEED     4.8




RELATIVE HUMIDITY (PERCENT)
 HIGHEST    92
 LOWEST     37
 AVERAGE    65

..........................................................


THE ANCHORAGE AK CLIMATE NORMALS FOR TODAY
                         NORMAL    RECORD    YEAR
 MAXIMUM TEMPERATURE (F)   60        70      1963
 MINIMUM TEMPERATURE (F)   46        21      1922


SUNRISE AND SUNSET
SEPTEMBER  2 2014.....SUNRISE   655 AM AKDT  SUNSET   903 PM AKDT
SEPTEMBER  3 2014.....SUNRISE   657 AM AKDT  SUNSET   900 PM AKDT

CIVIL TWILIGHT
SEPTEMBER 2 2014        START   609 AM AKDT     END   949 PM AKDT
SEPTEMBER 3 2014        START   611 AM AKDT     END   946 PM AKDT



-  INDICATES NEGATIVE NUMBERS.
R  INDICATES RECORD WAS SET OR TIED.
MM INDICATES DATA IS MISSING.
T  INDICATES TRACE AMOUNT.




$$
&&
------------------------------------------------------
AMOUNT OF DAYLIGHT TODAY  (HOUR:MIN)........14:08
GAIN/LOSS SINCE YESTERDAY (HOUR:MIN:SEC)....-0:05:38

-




U.S. Dept. of Commerce
NOAA National Weather Service
1325 East West Highway
Silver Spring, MD 20910
E-mail: w-nws.webmaster@noaa.gov
Page last modified: May 16, 2007
NATIONAL WEATHER SERVICE: for Safety, for Work, for Fun - FOR LIFE