986
CDUS44 KBMX 230938
CLIANB


CLIMATE REPORT
NATIONAL WEATHER SERVICE BIRMINGHAM, AL
438 AM CDT THU OCT 23 2014


...................................

...THE ANNISTON CLIMATE SUMMARY FOR OCTOBER 22 2014...

CLIMATE NORMAL PERIOD 1981 TO 2010
CLIMATE RECORD PERIOD 1903 TO 2014


WEATHER ITEM   OBSERVED TIME   RECORD YEAR NORMAL DEPARTURE LAST
                VALUE   (LST)  VALUE       VALUE  FROM      YEAR
                                                  NORMAL
..................................................................
TEMPERATURE (F)
 YESTERDAY
  MAXIMUM         70    255 PM  87    1963  73     -3       74
                                      1955
  MINIMUM         41   1156 PM  28    1987  49     -8       51
  AVERAGE         56                        61     -5       63

PRECIPITATION (IN)
  YESTERDAY        0.00          1.83 1945   0.10  -0.10     0.02
  MONTH TO DATE    3.29                      2.16   1.13     2.61
  SINCE SEP 1      4.79                      5.09  -0.30     5.32
  SINCE JAN 1     37.43                     40.01  -2.58    63.10

SNOWFALL (IN)
  YESTERDAY        0.0                       0.0             0.0
  MONTH TO DATE    0.0                       0.0             0.0
  SINCE SEP 1      0.0                       0.0             0.0
  SINCE JUL 1      0.0                       0.0             0.0

DEGREE DAYS
 HEATING
  YESTERDAY        9
  MONTH TO DATE   55
  SINCE SEP 1     55
  SINCE JUL 1     55
..................................................................


WIND (MPH)
  HIGHEST WIND SPEED    16   HIGHEST WIND DIRECTION     N (10)
  HIGHEST GUST SPEED    19   HIGHEST GUST DIRECTION     N (360)
  AVERAGE WIND SPEED     5.5


SKY COVER
  AVERAGE SKY COVER 0.0


WEATHER CONDITIONS
 THE FOLLOWING WEATHER WAS RECORDED YESTERDAY.
  FOG


RELATIVE HUMIDITY (PERCENT)
 HIGHEST    96
 LOWEST     30
 AVERAGE    63

..........................................................


THE ANNISTON CLIMATE NORMALS FOR TODAY
                         NORMAL    RECORD    YEAR
 MAXIMUM TEMPERATURE (F)   73        86      1953
 MINIMUM TEMPERATURE (F)   49        25      1904


SUNRISE AND SUNSET
OCTOBER 23 2014.......SUNRISE   655 AM CDT   SUNSET   600 PM CDT
OCTOBER 24 2014.......SUNRISE   655 AM CDT   SUNSET   559 PM CDT


-  INDICATES NEGATIVE NUMBERS.
R  INDICATES RECORD WAS SET OR TIED.
MM INDICATES DATA IS MISSING.
T  INDICATES TRACE AMOUNT.




$$





U.S. Dept. of Commerce
NOAA National Weather Service
1325 East West Highway
Silver Spring, MD 20910
E-mail: w-nws.webmaster@noaa.gov
Page last modified: May 16, 2007
NATIONAL WEATHER SERVICE: for Safety, for Work, for Fun - FOR LIFE