433
CDUS42 KJAX 170533
CLIAMG


CLIMATE REPORT
NATIONAL WEATHER SERVICE JACKSONVILLE
133 AM EDT THU APR 17 2014


...................................

...THE ALMA CLIMATE SUMMARY FOR APRIL 16 2014...

CLIMATE NORMAL PERIOD 1981 TO 2010
CLIMATE RECORD PERIOD 1948 TO 2014


WEATHER ITEM   OBSERVED TIME   RECORD YEAR NORMAL DEPARTURE LAST
                VALUE   (LST)  VALUE       VALUE  FROM      YEAR
                                                  NORMAL
..................................................................
TEMPERATURE (F)
 YESTERDAY
  MAXIMUM         63    343 PM  92    1967  79    -16       84
  MINIMUM         40    639 AM  33    1962  54    -14       57
  AVERAGE         52                        66    -14       71

PRECIPITATION (IN)
  YESTERDAY        0.00          0.55 1951   0.09  -0.09     0.00
  MONTH TO DATE    5.56                      1.69   3.87     1.83
  SINCE MAR 1      8.78                      6.44   2.34     4.12
  SINCE JAN 1     12.30                     14.50  -2.20    14.23

SNOWFALL (IN)
  YESTERDAY        0.0           0.0    MM   0.0    0.0      0.0
  MONTH TO DATE    0.0                       0.0    0.0      0.0
  SINCE MAR 1      0.0                       0.0    0.0       T
  SINCE JUL 1      T                         0.1   -0.1       T
  SNOW DEPTH       0

DEGREE DAYS
 HEATING
  YESTERDAY       13                         2     11        0
  MONTH TO DATE   30                        44    -14       47
  SINCE MAR 1    309                       232     77      415
  SINCE JUL 1   1776                      1633    143     1574

 COOLING
  YESTERDAY        0                         3     -3        6
  MONTH TO DATE   33                        41     -8       35
  SINCE MAR 1     37                        79    -42       41
  SINCE JAN 1     45                        95    -50       68
..................................................................


WIND (MPH)
  HIGHEST WIND SPEED    15   HIGHEST WIND DIRECTION    NW (330)
  HIGHEST GUST SPEED    24   HIGHEST GUST DIRECTION    NE (60)
  AVERAGE WIND SPEED     7.9


SKY COVER
  POSSIBLE SUNSHINE  MM
  AVERAGE SKY COVER 0.0


WEATHER CONDITIONS
 THE FOLLOWING WEATHER WAS RECORDED YESTERDAY.
  NO SIGNIFICANT WEATHER WAS OBSERVED.


RELATIVE HUMIDITY (PERCENT)
 HIGHEST    82          1100 PM
 LOWEST     42           200 PM
 AVERAGE    62

..........................................................


THE ALMA CLIMATE NORMALS FOR TODAY
                         NORMAL    RECORD    YEAR
 MAXIMUM TEMPERATURE (F)   79        91      1967
 MINIMUM TEMPERATURE (F)   54        35      1962


SUNRISE AND SUNSET
APRIL 17 2014.........SUNRISE   659 AM EDT   SUNSET   800 PM EDT
APRIL 18 2014.........SUNRISE   658 AM EDT   SUNSET   801 PM EDT


-  INDICATES NEGATIVE NUMBERS.
R  INDICATES RECORD WAS SET OR TIED.
MM INDICATES DATA IS MISSING.
T  INDICATES TRACE AMOUNT.




$$





U.S. Dept. of Commerce
NOAA National Weather Service
1325 East West Highway
Silver Spring, MD 20910
E-mail: w-nws.webmaster@noaa.gov
Page last modified: May 16, 2007
NATIONAL WEATHER SERVICE: for Safety, for Work, for Fun - FOR LIFE