146
CDUS42 KJAX 210532
CLIAMG


CLIMATE REPORT
NATIONAL WEATHER SERVICE JACKSONVILLE FL
1231 AM EST FRI NOV 21 2014


...................................

...THE ALMA CLIMATE SUMMARY FOR NOVEMBER 20 2014...

CLIMATE NORMAL PERIOD 1981 TO 2010
CLIMATE RECORD PERIOD 1948 TO 2014


WEATHER ITEM   OBSERVED TIME   RECORD YEAR NORMAL DEPARTURE LAST
                VALUE   (LST)  VALUE       VALUE  FROM      YEAR
                                                  NORMAL
..................................................................
TEMPERATURE (F)
 YESTERDAY
  MAXIMUM         65    257 PM  82    2011  70     -5       59
                                      1950
  MINIMUM         23R   531 AM  26    1951  47    -24       50
  AVERAGE         44                        59    -15       55

PRECIPITATION (IN)
  YESTERDAY        0.00          0.98 1983   0.09  -0.09     0.00
  MONTH TO DATE    0.20                      1.62  -1.42     0.62
  SINCE SEP 1      5.24                      8.29  -3.05     3.46
  SINCE JAN 1     33.10                     42.50  -9.40    46.33

SNOWFALL (IN)
  YESTERDAY        0.0           0.0    MM   0.0    0.0      0.0
  MONTH TO DATE    0.0                       0.0    0.0      0.0
  SINCE SEP 1      0.0                       0.0    0.0      0.0
  SINCE JUL 1      0.0                       0.0    0.0      0.0
  SNOW DEPTH       0

DEGREE DAYS
 HEATING
  YESTERDAY       21                         7     14       10
  MONTH TO DATE  237                       108    129      119
  SINCE SEP 1    285                       158    127      163
  SINCE JUL 1    285                       158    127      163

 COOLING
  YESTERDAY        0                         1     -1        0
  MONTH TO DATE    3                        32    -29       21
  SINCE SEP 1    527                       550    -23      540
  SINCE JAN 1   2434                      2457    -23     2317
..................................................................


WIND (MPH)
  HIGHEST WIND SPEED    10   HIGHEST WIND DIRECTION     W (250)
  HIGHEST GUST SPEED    13   HIGHEST GUST DIRECTION    SW (210)
  AVERAGE WIND SPEED     2.0


SKY COVER
  POSSIBLE SUNSHINE  MM
  AVERAGE SKY COVER 0.0


WEATHER CONDITIONS
 THE FOLLOWING WEATHER WAS RECORDED YESTERDAY.
  NO SIGNIFICANT WEATHER WAS OBSERVED.


RELATIVE HUMIDITY (PERCENT)
 HIGHEST    92          1200 AM
 LOWEST     26          1200 PM
 AVERAGE    59

..........................................................


THE ALMA CLIMATE NORMALS FOR TODAY
                         NORMAL    RECORD    YEAR
 MAXIMUM TEMPERATURE (F)   70        83      2011
 MINIMUM TEMPERATURE (F)   47        26      1968


SUNRISE AND SUNSET
NOVEMBER 21 2014......SUNRISE   703 AM EST   SUNSET   528 PM EST
NOVEMBER 22 2014......SUNRISE   704 AM EST   SUNSET   528 PM EST


-  INDICATES NEGATIVE NUMBERS.
R  INDICATES RECORD WAS SET OR TIED.
MM INDICATES DATA IS MISSING.
T  INDICATES TRACE AMOUNT.




$$





U.S. Dept. of Commerce
NOAA National Weather Service
1325 East West Highway
Silver Spring, MD 20910
E-mail: w-nws.webmaster@noaa.gov
Page last modified: May 16, 2007
NATIONAL WEATHER SERVICE: for Safety, for Work, for Fun - FOR LIFE