484
CDUS42 KJAX 230530
CLIAMG


CLIMATE REPORT
NATIONAL WEATHER SERVICE JACKSONVILLE FL
130 AM EDT THU OCT 23 2014


...................................

...THE ALMA CLIMATE SUMMARY FOR OCTOBER 22 2014...

CLIMATE NORMAL PERIOD 1981 TO 2010
CLIMATE RECORD PERIOD 1948 TO 2014


WEATHER ITEM   OBSERVED TIME   RECORD YEAR NORMAL DEPARTURE LAST
                VALUE   (LST)  VALUE       VALUE  FROM      YEAR
                                                  NORMAL
..................................................................
TEMPERATURE (F)
 YESTERDAY
  MAXIMUM         73    322 PM  88    1984  78     -5       69
  MINIMUM         45   1133 PM  35    1954  55    -10       62
  AVERAGE         59                        67     -8       66

PRECIPITATION (IN)
  YESTERDAY        0.00          0.34 1951   0.10  -0.10     0.12
  MONTH TO DATE    1.72                      2.26  -0.54     0.72
  SINCE SEP 1      5.04                      5.90  -0.86     2.84
  SINCE JAN 1     32.90                     40.11  -7.21    45.71

SNOWFALL (IN)
  YESTERDAY        0.0           0.0    MM   0.0    0.0      0.0
  MONTH TO DATE    0.0                       0.0    0.0      0.0
  SINCE SEP 1      0.0                       0.0    0.0      0.0
  SINCE JUL 1      0.0                       0.0    0.0      0.0
  SNOW DEPTH       0

DEGREE DAYS
 HEATING
  YESTERDAY        6                         2      4        0
  MONTH TO DATE   25                        22      3        0
  SINCE SEP 1     27                        24      3        0
  SINCE JUL 1     27                        24      3        0

 COOLING
  YESTERDAY        0                         4     -4        1
  MONTH TO DATE  124                       129     -5      136
  SINCE SEP 1    507                       492     15      514
  SINCE JAN 1   2414                      2399     15     2291
..................................................................


WIND (MPH)
  HIGHEST WIND SPEED    10   HIGHEST WIND DIRECTION    NE (60)
  HIGHEST GUST SPEED    14   HIGHEST GUST DIRECTION    NE (50)
  AVERAGE WIND SPEED     2.9


SKY COVER
  POSSIBLE SUNSHINE  MM
  AVERAGE SKY COVER 0.0


WEATHER CONDITIONS
 THE FOLLOWING WEATHER WAS RECORDED YESTERDAY.
  NO SIGNIFICANT WEATHER WAS OBSERVED.


RELATIVE HUMIDITY (PERCENT)
 HIGHEST    93          1200 AM
 LOWEST     35           400 PM
 AVERAGE    64

..........................................................


THE ALMA CLIMATE NORMALS FOR TODAY
                         NORMAL    RECORD    YEAR
 MAXIMUM TEMPERATURE (F)   78        89      2007
 MINIMUM TEMPERATURE (F)   55        38      1987


SUNRISE AND SUNSET
OCTOBER 23 2014.......SUNRISE   739 AM EDT   SUNSET   649 PM EDT
OCTOBER 24 2014.......SUNRISE   740 AM EDT   SUNSET   648 PM EDT


-  INDICATES NEGATIVE NUMBERS.
R  INDICATES RECORD WAS SET OR TIED.
MM INDICATES DATA IS MISSING.
T  INDICATES TRACE AMOUNT.




$$






U.S. Dept. of Commerce
NOAA National Weather Service
1325 East West Highway
Silver Spring, MD 20910
E-mail: w-nws.webmaster@noaa.gov
Page last modified: May 16, 2007
NATIONAL WEATHER SERVICE: for Safety, for Work, for Fun - FOR LIFE