893
CDUS42 KJAX 240531
CLIAMG


CLIMATE REPORT
NATIONAL WEATHER SERVICE JACKSONVILLE FL
130 AM EDT FRI OCT 24 2014


...................................

...THE ALMA CLIMATE SUMMARY FOR OCTOBER 23 2014...

CLIMATE NORMAL PERIOD 1981 TO 2010
CLIMATE RECORD PERIOD 1948 TO 2014


WEATHER ITEM   OBSERVED TIME   RECORD YEAR NORMAL DEPARTURE LAST
                VALUE   (LST)  VALUE       VALUE  FROM      YEAR
                                                  NORMAL
..................................................................
TEMPERATURE (F)
 YESTERDAY
  MAXIMUM         74    347 PM  89    2007  78     -4       74
  MINIMUM         42    323 AM  38    1987  55    -13       49
  AVERAGE         58                        66     -8       62

PRECIPITATION (IN)
  YESTERDAY        0.00          1.67 1980   0.09  -0.09     0.00
  MONTH TO DATE    1.72                      2.35  -0.63     0.72
  SINCE SEP 1      5.04                      5.99  -0.95     2.84
  SINCE JAN 1     32.90                     40.20  -7.30    45.71

SNOWFALL (IN)
  YESTERDAY        0.0           0.0    MM   0.0    0.0      0.0
  MONTH TO DATE    0.0                       0.0    0.0      0.0
  SINCE SEP 1      0.0                       0.0    0.0      0.0
  SINCE JUL 1      0.0                       0.0    0.0      0.0
  SNOW DEPTH       0

DEGREE DAYS
 HEATING
  YESTERDAY        7                         2      5        3
  MONTH TO DATE   32                        24      8        3
  SINCE SEP 1     34                        26      8        3
  SINCE JUL 1     34                        26      8        3

 COOLING
  YESTERDAY        0                         4     -4        0
  MONTH TO DATE  124                       133     -9      136
  SINCE SEP 1    507                       496     11      514
  SINCE JAN 1   2414                      2403     11     2291
..................................................................


WIND (MPH)
  HIGHEST WIND SPEED     8   HIGHEST WIND DIRECTION     W (290)
  HIGHEST GUST SPEED    12   HIGHEST GUST DIRECTION     E (80)
  AVERAGE WIND SPEED     2.4


SKY COVER
  POSSIBLE SUNSHINE  MM
  AVERAGE SKY COVER 0.0


WEATHER CONDITIONS
 THE FOLLOWING WEATHER WAS RECORDED YESTERDAY.
  FOG


RELATIVE HUMIDITY (PERCENT)
 HIGHEST   100           200 AM
 LOWEST     31           400 PM
 AVERAGE    66

..........................................................


THE ALMA CLIMATE NORMALS FOR TODAY
                         NORMAL    RECORD    YEAR
 MAXIMUM TEMPERATURE (F)   77        87      2010
                                             1949
 MINIMUM TEMPERATURE (F)   55        34      2006


SUNRISE AND SUNSET
OCTOBER 24 2014.......SUNRISE   740 AM EDT   SUNSET   648 PM EDT
OCTOBER 25 2014.......SUNRISE   740 AM EDT   SUNSET   647 PM EDT


-  INDICATES NEGATIVE NUMBERS.
R  INDICATES RECORD WAS SET OR TIED.
MM INDICATES DATA IS MISSING.
T  INDICATES TRACE AMOUNT.




$$





U.S. Dept. of Commerce
NOAA National Weather Service
1325 East West Highway
Silver Spring, MD 20910
E-mail: w-nws.webmaster@noaa.gov
Page last modified: May 16, 2007
NATIONAL WEATHER SERVICE: for Safety, for Work, for Fun - FOR LIFE