303
CDUS44 KAMA 180631
CLIAMA


CLIMATE REPORT
NATIONAL WEATHER SERVICE AMARILLO TX
129 AM CDT THU SEP 18 2014


...................................

...THE AMARILLO CLIMATE SUMMARY FOR SEPTEMBER 17 2014...

CLIMATE NORMAL PERIOD 1981 TO 2010
CLIMATE RECORD PERIOD 1892 TO 2014


WEATHER ITEM   OBSERVED TIME   RECORD YEAR NORMAL DEPARTURE LAST
                VALUE   (LST)  VALUE       VALUE  FROM      YEAR
                                                  NORMAL
..................................................................
TEMPERATURE (F)
 YESTERDAY
  MAXIMUM         79    151 PM  97    2004  82     -3       81
  MINIMUM         60    656 AM  40    1965  56      4       61
  AVERAGE         70                        69      1       71

PRECIPITATION (IN)
  YESTERDAY        0.00          1.36 1919   0.07  -0.07     0.13
  MONTH TO DATE    2.50                      1.13   1.37     0.71
  SINCE SEP 1      2.50                      1.13   1.37     0.71
  SINCE JAN 1     16.19                     16.40  -0.21    13.08

SNOWFALL (IN)
  YESTERDAY        0.0           0.0    MM   0.0    0.0      0.0
  MONTH TO DATE    T                         0.0    0.0      0.0
  SINCE SEP 1      T                         0.0    0.0      0.0
  SINCE JUL 1      T                         0.0    0.0      0.0
  SNOW DEPTH       0

DEGREE DAYS
 HEATING
  YESTERDAY        0                         1     -1        0
  MONTH TO DATE   24                         8     16        0
  SINCE SEP 1     24                         8     16        0
  SINCE JUL 1     24                         9     15        0

 COOLING
  YESTERDAY        5                         5      0        6
  MONTH TO DATE  111                       129    -18      216
  SINCE SEP 1    111                       129    -18      216
  SINCE JAN 1   1441                      1321    120     1712
..................................................................


WIND (MPH)
  RESULTANT WIND SPEED   9   RESULTANT WIND DIRECTION  SW (220)
  HIGHEST WIND SPEED    22   HIGHEST WIND DIRECTION    SW (240)
  HIGHEST GUST SPEED    27   HIGHEST GUST DIRECTION    SW (240)
  AVERAGE WIND SPEED     9.9


SKY COVER
  AVERAGE SKY COVER 0.2


WEATHER CONDITIONS
 THE FOLLOWING WEATHER WAS RECORDED YESTERDAY.
  FOG


RELATIVE HUMIDITY (PERCENT)
 HIGHEST   100           200 AM
 LOWEST     58          1200 PM
 AVERAGE    79

..........................................................


THE AMARILLO CLIMATE NORMALS FOR TODAY
                         NORMAL    RECORD    YEAR
 MAXIMUM TEMPERATURE (F)   82        99      1997
 MINIMUM TEMPERATURE (F)   56        40      1971


SUNRISE AND SUNSET
SEPTEMBER 18 2014.....SUNRISE   732 AM CDT   SUNSET   749 PM CDT
SEPTEMBER 19 2014.....SUNRISE   733 AM CDT   SUNSET   748 PM CDT


-  INDICATES NEGATIVE NUMBERS.
R  INDICATES RECORD WAS SET OR TIED.
MM INDICATES DATA IS MISSING.
T  INDICATES TRACE AMOUNT.




$$






U.S. Dept. of Commerce
NOAA National Weather Service
1325 East West Highway
Silver Spring, MD 20910
E-mail: w-nws.webmaster@noaa.gov
Page last modified: May 16, 2007
NATIONAL WEATHER SERVICE: for Safety, for Work, for Fun - FOR LIFE