578
CDUS44 KAMA 222234
CLIAMA


CLIMATE REPORT
NATIONAL WEATHER SERVICE AMARILLO TX
430 PM CST MON DEC 22 2014


...THE AMARILLO CLIMATE SUMMARY FOR DECEMBER 22 2014...
VALID TODAY AS OF 400 PM LOCAL TIME.

CLIMATE NORMAL PERIOD 1981 TO 2010
CLIMATE RECORD PERIOD 1892 TO 2014


WEATHER ITEM   OBSERVED TIME   RECORD YEAR NORMAL DEPARTURE LAST
                VALUE   (LST)  VALUE       VALUE  FROM      YEAR
                                                  NORMAL
..................................................................
TEMPERATURE (F)
 TODAY
  MAXIMUM         51    204 PM  75    1955  49      2       33
                                      1933
  MINIMUM         39    727 AM  -8    1989  23     16       15
  AVERAGE         45                        36      9       24

PRECIPITATION (IN)
  TODAY            0.00          0.55 1912   0.02  -0.02     0.00
  MONTH TO DATE    0.11                      0.50  -0.39     0.32
  SINCE DEC 1      0.11                      0.50  -0.39     0.32
  SINCE JAN 1     19.38                     20.15  -0.77    15.20

SNOWFALL (IN)
  TODAY            0.0           3.7  2004   0.1   -0.1      0.0
  MONTH TO DATE    T                         2.7   -2.7      2.2
  SINCE DEC 1      T                         2.7   -2.7      2.2
  SINCE JUL 1      2.5                       5.4   -2.9      6.5
  SNOW DEPTH       0

DEGREE DAYS
 HEATING
  TODAY           20                        29     -9       41
  MONTH TO DATE  459                       612   -153      639
  SINCE DEC 1    459                       612   -153      639
  SINCE JUL 1   1253                      1456   -203     1477

 COOLING
  TODAY            0                         0      0        0
  MONTH TO DATE    0                         0      0        0
  SINCE DEC 1      0                         0      0        0
  SINCE JAN 1   1534                      1399    135     1806
..................................................................


WIND (MPH)
  RESULTANT WIND SPEED  14   RESULTANT WIND DIRECTION  NW (330)
  HIGHEST WIND SPEED    28   HIGHEST WIND DIRECTION     N (10)
  HIGHEST GUST SPEED    34   HIGHEST GUST DIRECTION     N (360)
  AVERAGE WIND SPEED   15.9


SKY COVER
  AVERAGE SKY COVER 0.4


WEATHER CONDITIONS
 THE FOLLOWING WEATHER WAS RECORDED TODAY.
  NO SIGNIFICANT WEATHER WAS OBSERVED.


RELATIVE HUMIDITY (PERCENT)
 HIGHEST    79           700 AM
 LOWEST     32           200 PM
 AVERAGE    56

..................................................................


THE AMARILLO CLIMATE NORMALS FOR TOMORROW
                         NORMAL    RECORD    YEAR
 MAXIMUM TEMPERATURE (F)   49        80      1955
 MINIMUM TEMPERATURE (F)   23        -6      1990


SUNRISE AND SUNSET
DECEMBER 22 2014......SUNRISE   752 AM CST   SUNSET   539 PM CST
DECEMBER 23 2014......SUNRISE   752 AM CST   SUNSET   539 PM CST


-  INDICATES NEGATIVE NUMBERS.
R  INDICATES RECORD WAS SET OR TIED.
MM INDICATES DATA IS MISSING.
T  INDICATES TRACE AMOUNT.


$$






U.S. Dept. of Commerce
NOAA National Weather Service
1325 East West Highway
Silver Spring, MD 20910
E-mail: w-nws.webmaster@noaa.gov
Page last modified: May 16, 2007
NATIONAL WEATHER SERVICE: for Safety, for Work, for Fun - FOR LIFE