599
CDUS44 KAMA 202236
CLIAMA


CLIMATE REPORT
NATIONAL WEATHER SERVICE AMARILLO TX
435 PM CST THU NOV 20 2014


...................................

...THE AMARILLO CLIMATE SUMMARY FOR NOVEMBER 20 2014...
VALID TODAY AS OF 0400 PM LOCAL TIME.

CLIMATE NORMAL PERIOD 1981 TO 2010
CLIMATE RECORD PERIOD 1892 TO 2014


WEATHER ITEM   OBSERVED TIME   RECORD YEAR NORMAL DEPARTURE LAST
                VALUE   (LST)  VALUE       VALUE  FROM      YEAR
                                                  NORMAL
..................................................................
TEMPERATURE (F)
 TODAY
  MAXIMUM         55    428 PM  85    2007  58     -3       69
                                      1996
  MINIMUM         29    629 AM   4    1906  30     -1       43
  AVERAGE         42                        44     -2       56

PRECIPITATION (IN)
  TODAY            0.00          1.08 1899   0.02  -0.02     0.00
  MONTH TO DATE    0.26                      0.59  -0.33      T
  SINCE SEP 1      5.50                      4.17   1.33     2.00
  SINCE JAN 1     19.19                     19.44  -0.25    14.37

SNOWFALL (IN)
  TODAY            0.0           0.9  1906   0.1   -0.1      0.0
  MONTH TO DATE    2.5                       1.4    1.1      0.0
  SINCE SEP 1      2.5                       1.6    0.9      0.0
  SINCE JUL 1      2.5                       1.6    0.9      0.0
  SNOW DEPTH       0

DEGREE DAYS
 HEATING
  TODAY           23                        21      2        9
  MONTH TO DATE  457                       331    126      298
  SINCE SEP 1    621                       610     11      542
  SINCE JUL 1    621                       611     10      542

 COOLING
  TODAY            0                         0      0        0
  MONTH TO DATE    0                         0      0        0
  SINCE SEP 1    204                       206     -2      310
  SINCE JAN 1   1534                      1398    136     1806
..................................................................


WIND (MPH)
  RESULTANT WIND SPEED   4   RESULTANT WIND DIRECTION  SE (150)
  HIGHEST WIND SPEED    17   HIGHEST WIND DIRECTION    SE (150)
  HIGHEST GUST SPEED    20   HIGHEST GUST DIRECTION    SE (150)
  AVERAGE WIND SPEED     7.2


SKY COVER
  AVERAGE SKY COVER 0.0


WEATHER CONDITIONS
 THE FOLLOWING WEATHER WAS RECORDED TODAY.
  NO SIGNIFICANT WEATHER WAS OBSERVED.


RELATIVE HUMIDITY (PERCENT)
 HIGHEST    85           600 AM
 LOWEST     32           400 PM
 AVERAGE    59

..........................................................


THE AMARILLO CLIMATE NORMALS FOR TOMORROW
                         NORMAL    RECORD    YEAR
 MAXIMUM TEMPERATURE (F)   57        81      1966
 MINIMUM TEMPERATURE (F)   30         4      1906


SUNRISE AND SUNSET
NOVEMBER 20 2014......SUNRISE   727 AM CST   SUNSET   538 PM CST
NOVEMBER 21 2014......SUNRISE   728 AM CST   SUNSET   537 PM CST


-  INDICATES NEGATIVE NUMBERS.
R  INDICATES RECORD WAS SET OR TIED.
MM INDICATES DATA IS MISSING.
T  INDICATES TRACE AMOUNT.




$$






U.S. Dept. of Commerce
NOAA National Weather Service
1325 East West Highway
Silver Spring, MD 20910
E-mail: w-nws.webmaster@noaa.gov
Page last modified: May 16, 2007
NATIONAL WEATHER SERVICE: for Safety, for Work, for Fun - FOR LIFE