523
CDUS44 KAMA 270732
CLIAMA


CLIMATE REPORT
NATIONAL WEATHER SERVICE AMARILLO TX
131 AM CST THU NOV 27 2014


...................................

...THE AMARILLO CLIMATE SUMMARY FOR NOVEMBER 26 2014...

CLIMATE NORMAL PERIOD 1981 TO 2010
CLIMATE RECORD PERIOD 1892 TO 2014


WEATHER ITEM   OBSERVED TIME   RECORD YEAR NORMAL DEPARTURE LAST
                VALUE   (LST)  VALUE       VALUE  FROM      YEAR
                                                  NORMAL
..................................................................
TEMPERATURE (F)
 YESTERDAY
  MAXIMUM         52    248 PM  80    1995  55     -3       41
  MINIMUM         29   1153 PM   3    1980  28      1       23
  AVERAGE         41                        42     -1       32

PRECIPITATION (IN)
  YESTERDAY        0.00          0.57 1931   0.02  -0.02     0.00
  MONTH TO DATE    0.34                      0.73  -0.39     0.51
  SINCE SEP 1      5.58                      4.31   1.27     2.51
  SINCE JAN 1     19.27                     19.58  -0.31    14.88

SNOWFALL (IN)
  YESTERDAY        0.0           7.0  1931   0.1   -0.1      0.0
  MONTH TO DATE    2.5                       2.1    0.4      4.3
  SINCE SEP 1      2.5                       2.3    0.2      4.3
  SINCE JUL 1      2.5                       2.3    0.2      4.3
  SNOW DEPTH       0

DEGREE DAYS
 HEATING
  YESTERDAY       24                        24      0       33
  MONTH TO DATE  585                       466    119      512
  SINCE SEP 1    749                       745      4      756
  SINCE JUL 1    749                       746      3      756

 COOLING
  YESTERDAY        0                         0      0        0
  MONTH TO DATE    0                         0      0        0
  SINCE SEP 1    204                       206     -2      310
  SINCE JAN 1   1534                      1398    136     1806
..................................................................


WIND (MPH)
  RESULTANT WIND SPEED   6   RESULTANT WIND DIRECTION   N (350)
  HIGHEST WIND SPEED    21   HIGHEST WIND DIRECTION     N (340)
  HIGHEST GUST SPEED    26   HIGHEST GUST DIRECTION    NW (320)
  AVERAGE WIND SPEED     9.7


SKY COVER
  AVERAGE SKY COVER 0.0


WEATHER CONDITIONS
 THE FOLLOWING WEATHER WAS RECORDED YESTERDAY.
  NO SIGNIFICANT WEATHER WAS OBSERVED.


RELATIVE HUMIDITY (PERCENT)
 HIGHEST    85           700 AM
 LOWEST     32           200 PM
 AVERAGE    59

..........................................................


THE AMARILLO CLIMATE NORMALS FOR TODAY
                         NORMAL    RECORD    YEAR
 MAXIMUM TEMPERATURE (F)   54        79      1998
 MINIMUM TEMPERATURE (F)   28         6      1976
                                             1919


SUNRISE AND SUNSET
NOVEMBER 27 2014......SUNRISE   733 AM CST   SUNSET   535 PM CST
NOVEMBER 28 2014......SUNRISE   734 AM CST   SUNSET   535 PM CST


-  INDICATES NEGATIVE NUMBERS.
R  INDICATES RECORD WAS SET OR TIED.
MM INDICATES DATA IS MISSING.
T  INDICATES TRACE AMOUNT.




$$





U.S. Dept. of Commerce
NOAA National Weather Service
1325 East West Highway
Silver Spring, MD 20910
E-mail: w-nws.webmaster@noaa.gov
Page last modified: May 16, 2007
NATIONAL WEATHER SERVICE: for Safety, for Work, for Fun - FOR LIFE