811
CDUS44 KAMA 182233
CLIAMA


CLIMATE REPORT
NATIONAL WEATHER SERVICE AMARILLO TX
433 PM CST THU DEC 18 2014


...................................

...THE AMARILLO CLIMATE SUMMARY FOR DECEMBER 18 2014...
VALID TODAY AS OF 0400 PM LOCAL TIME.

CLIMATE NORMAL PERIOD 1981 TO 2010
CLIMATE RECORD PERIOD 1892 TO 2014


WEATHER ITEM   OBSERVED TIME   RECORD YEAR NORMAL DEPARTURE LAST
                VALUE   (LST)  VALUE       VALUE  FROM      YEAR
                                                  NORMAL
..................................................................
TEMPERATURE (F)
 TODAY
  MAXIMUM         43    330 PM  74    1978  49     -6       70
  MINIMUM         31    422 AM  -3    1924  23      8       32
  AVERAGE         37                        36      1       51

PRECIPITATION (IN)
  TODAY            0.00          0.79 1898   0.03  -0.03     0.00
  MONTH TO DATE    0.08                      0.41  -0.33     0.02
  SINCE DEC 1      0.08                      0.41  -0.33     0.02
  SINCE JAN 1     19.35                     20.06  -0.71    14.90

SNOWFALL (IN)
  TODAY            0.0           5.4  1898   0.1   -0.1      0.0
  MONTH TO DATE    T                         2.3   -2.3      0.2
  SINCE DEC 1      T                         2.3   -2.3      0.2
  SINCE JUL 1      2.5                       5.0   -2.5      4.5
  SNOW DEPTH       0

DEGREE DAYS
 HEATING
  TODAY           28                        29     -1       14
  MONTH TO DATE  369                       496   -127      521
  SINCE DEC 1    369                       496   -127      521
  SINCE JUL 1   1163                      1340   -177     1359

 COOLING
  TODAY            0                         0      0        0
  MONTH TO DATE    0                         0      0        0
  SINCE DEC 1      0                         0      0        0
  SINCE JAN 1   1534                      1399    135     1806
..................................................................


WIND (MPH)
  RESULTANT WIND SPEED   3   RESULTANT WIND DIRECTION  NW (330)
  HIGHEST WIND SPEED    16   HIGHEST WIND DIRECTION     S (170)
  HIGHEST GUST SPEED    19   HIGHEST GUST DIRECTION     S (170)
  AVERAGE WIND SPEED     8.6


SKY COVER
  AVERAGE SKY COVER 0.8


WEATHER CONDITIONS
 THE FOLLOWING WEATHER WAS RECORDED TODAY.
  FOG
  FOG W/VISIBILITY <= 1/4 MILE
  HAZE


RELATIVE HUMIDITY (PERCENT)
 HIGHEST   100          1200 AM
 LOWEST     62           300 PM
 AVERAGE    81

..........................................................


THE AMARILLO CLIMATE NORMALS FOR TOMORROW
                         NORMAL    RECORD    YEAR
 MAXIMUM TEMPERATURE (F)   49        72      2013
 MINIMUM TEMPERATURE (F)   23        -6      1924


SUNRISE AND SUNSET
DECEMBER 18 2014......SUNRISE   750 AM CST   SUNSET   537 PM CST
DECEMBER 19 2014......SUNRISE   750 AM CST   SUNSET   537 PM CST


-  INDICATES NEGATIVE NUMBERS.
R  INDICATES RECORD WAS SET OR TIED.
MM INDICATES DATA IS MISSING.
T  INDICATES TRACE AMOUNT.




$$





U.S. Dept. of Commerce
NOAA National Weather Service
1325 East West Highway
Silver Spring, MD 20910
E-mail: w-nws.webmaster@noaa.gov
Page last modified: May 16, 2007
NATIONAL WEATHER SERVICE: for Safety, for Work, for Fun - FOR LIFE