823
CDUS44 KAMA 300637
CLIAMA


CLIMATE REPORT
NATIONAL WEATHER SERVICE AMARILLO TX
136 AM CDT WED JUL 30 2014


...................................

...THE AMARILLO CLIMATE SUMMARY FOR JULY 29 2014...

CLIMATE NORMAL PERIOD 1981 TO 2010
CLIMATE RECORD PERIOD 1892 TO 2014


WEATHER ITEM   OBSERVED TIME   RECORD YEAR NORMAL DEPARTURE LAST
                VALUE   (LST)  VALUE       VALUE  FROM      YEAR
                                                  NORMAL
..................................................................
TEMPERATURE (F)
 YESTERDAY
  MAXIMUM         81    309 PM 102    2001  91    -10       96
  MINIMUM         63    606 AM  53    2005  65     -2       69
  AVERAGE         72                        78     -6       83

PRECIPITATION (IN)
  YESTERDAY        T             3.47 1997   0.10  -0.10     0.00
  MONTH TO DATE    1.64                      2.63  -0.99     1.86
  SINCE JUN 1      7.04                      5.79   1.25     4.66
  SINCE JAN 1     11.75                     12.15  -0.40    10.95

SNOWFALL (IN)
  YESTERDAY        0.0           T    2009   0.0    0.0      0.0
                                      1997
  MONTH TO DATE    0.0                       0.0    0.0      0.0
  SINCE JUN 1      0.0                       0.0    0.0      0.0
  SINCE JUL 1      0.0                       0.0    0.0      0.0
  SNOW DEPTH       0

DEGREE DAYS
 HEATING
  YESTERDAY        0                         0      0        0
  MONTH TO DATE    0                         0      0        0
  SINCE JUN 1      4                         7     -3        0
  SINCE JUL 1      0                         0      0        0

 COOLING
  YESTERDAY        7                        13     -6       18
  MONTH TO DATE  351                       385    -34      377
  SINCE JUN 1    669                       673     -4      768
  SINCE JAN 1    866                       798     68     1016
..................................................................


WIND (MPH)
  RESULTANT WIND SPEED  10   RESULTANT WIND DIRECTION   S (160)
  HIGHEST WIND SPEED    20   HIGHEST WIND DIRECTION    SE (150)
  HIGHEST GUST SPEED    26   HIGHEST GUST DIRECTION    SE (150)
  AVERAGE WIND SPEED    11.3


SKY COVER
  AVERAGE SKY COVER 0.5


WEATHER CONDITIONS
 THE FOLLOWING WEATHER WAS RECORDED YESTERDAY.
  LIGHT RAIN


RELATIVE HUMIDITY (PERCENT)
 HIGHEST    93           100 AM
 LOWEST     58           300 PM
 AVERAGE    76

..........................................................


THE AMARILLO CLIMATE NORMALS FOR TODAY
                         NORMAL    RECORD    YEAR
 MAXIMUM TEMPERATURE (F)   91       104      1969
 MINIMUM TEMPERATURE (F)   65        55      1971


SUNRISE AND SUNSET
JULY 30 2014..........SUNRISE   654 AM CDT   SUNSET   852 PM CDT
JULY 31 2014..........SUNRISE   655 AM CDT   SUNSET   851 PM CDT


-  INDICATES NEGATIVE NUMBERS.
R  INDICATES RECORD WAS SET OR TIED.
MM INDICATES DATA IS MISSING.
T  INDICATES TRACE AMOUNT.




$$






U.S. Dept. of Commerce
NOAA National Weather Service
1325 East West Highway
Silver Spring, MD 20910
E-mail: w-nws.webmaster@noaa.gov
Page last modified: May 16, 2007
NATIONAL WEATHER SERVICE: for Safety, for Work, for Fun - FOR LIFE