908
CDUS44 KAMA 010627
CLIAMA


CLIMATE REPORT
NATIONAL WEATHER SERVICE AMARILLO TX
127 AM CDT MON SEP 1 2014


...................................

...THE AMARILLO CLIMATE SUMMARY FOR AUGUST 31 2014...

CLIMATE NORMAL PERIOD 1981 TO 2010
CLIMATE RECORD PERIOD 1892 TO 2014


WEATHER ITEM   OBSERVED TIME   RECORD YEAR NORMAL DEPARTURE LAST
                VALUE   (LST)  VALUE       VALUE  FROM      YEAR
                                                  NORMAL
..................................................................
TEMPERATURE (F)
 YESTERDAY
  MAXIMUM        104R   212 PM 103    2011  88     16      100
  MINIMUM         70    638 AM  49    1915  62      8       68
  AVERAGE         87                        75     12       84

PRECIPITATION (IN)
  YESTERDAY        0.00          2.09 1986   0.08  -0.08     0.00
  MONTH TO DATE    1.76                      2.91  -1.15     1.42
  SINCE JUN 1      8.98                      8.91   0.07     6.08
  SINCE JAN 1     13.69                     15.27  -1.58    12.37

SNOWFALL (IN)
  YESTERDAY        0.0           0.0    MM   0.0    0.0      0.0
  MONTH TO DATE    0.0                       0.0    0.0      0.0
  SINCE JUN 1      0.0                       0.0    0.0      0.0
  SINCE JUL 1      0.0                       0.0    0.0      0.0
  SNOW DEPTH       0

DEGREE DAYS
 HEATING
  YESTERDAY        0                         0      0        0
  MONTH TO DATE    0                         0      0        0
  SINCE JUN 1      4                         8     -4        0
  SINCE JUL 1      0                         1     -1        0

 COOLING
  YESTERDAY       22                        10     12       19
  MONTH TO DATE  452                       367     85      449
  SINCE JUN 1   1133                      1067     66     1248
  SINCE JAN 1   1330                      1192    138     1496
..................................................................


WIND (MPH)
  RESULTANT WIND SPEED  18   RESULTANT WIND DIRECTION   S (200)
  HIGHEST WIND SPEED    29   HIGHEST WIND DIRECTION    SW (210)
  HIGHEST GUST SPEED    36   HIGHEST GUST DIRECTION    SW (220)
  AVERAGE WIND SPEED    18.9


SKY COVER
  AVERAGE SKY COVER 0.0


WEATHER CONDITIONS
 THE FOLLOWING WEATHER WAS RECORDED YESTERDAY.
  NO SIGNIFICANT WEATHER WAS OBSERVED.


RELATIVE HUMIDITY (PERCENT)
 HIGHEST    68           700 AM
 LOWEST     12           200 PM
 AVERAGE    40

..........................................................


THE AMARILLO CLIMATE NORMALS FOR TODAY
                         NORMAL    RECORD    YEAR
 MAXIMUM TEMPERATURE (F)   87       101      1947
 MINIMUM TEMPERATURE (F)   62        48      1915


SUNRISE AND SUNSET
SEPTEMBER  1 2014.....SUNRISE   719 AM CDT   SUNSET   814 PM CDT
SEPTEMBER  2 2014.....SUNRISE   720 AM CDT   SUNSET   812 PM CDT


-  INDICATES NEGATIVE NUMBERS.
R  INDICATES RECORD WAS SET OR TIED.
MM INDICATES DATA IS MISSING.
T  INDICATES TRACE AMOUNT.




$$





U.S. Dept. of Commerce
NOAA National Weather Service
1325 East West Highway
Silver Spring, MD 20910
E-mail: w-nws.webmaster@noaa.gov
Page last modified: May 16, 2007
NATIONAL WEATHER SERVICE: for Safety, for Work, for Fun - FOR LIFE