811
CDUS44 KAMA 230703
CLIAMA


CLIMATE REPORT
NATIONAL WEATHER SERVICE AMARILLO TX
201 AM CDT THU OCT 23 2014


...................................

...THE AMARILLO CLIMATE SUMMARY FOR OCTOBER 22 2014...

CLIMATE NORMAL PERIOD 1981 TO 2010
CLIMATE RECORD PERIOD 1892 TO 2014


WEATHER ITEM   OBSERVED TIME   RECORD YEAR NORMAL DEPARTURE LAST
                VALUE   (LST)  VALUE       VALUE  FROM      YEAR
                                                  NORMAL
..................................................................
TEMPERATURE (F)
 YESTERDAY
  MAXIMUM         71    250 PM  89    1961  70      1       76
  MINIMUM         58    853 AM  26    1906  43     15       40
  AVERAGE         65                        56      9       58

PRECIPITATION (IN)
  YESTERDAY        0.55          1.56 1953   0.05   0.50     0.00
  MONTH TO DATE    1.08                      1.28  -0.20     0.13
  SINCE SEP 1      5.24                      3.20   2.04     1.96
  SINCE JAN 1     18.93                     18.47   0.46    14.33

SNOWFALL (IN)
  YESTERDAY        0.0           5.0  1906   0.1   -0.1      0.0
  MONTH TO DATE    0.0                       0.1   -0.1      0.0
  SINCE SEP 1      T                         0.1   -0.1      0.0
  SINCE JUL 1      T                         0.1   -0.1      0.0
  SNOW DEPTH       0

DEGREE DAYS
 HEATING
  YESTERDAY        0                         9     -9        7
  MONTH TO DATE   88                       138    -50      159
  SINCE SEP 1    112                       181    -69      168
  SINCE JUL 1    112                       182    -70      168

 COOLING
  YESTERDAY        0                         0      0        0
  MONTH TO DATE   24                        25     -1       31
  SINCE SEP 1    186                       203    -17      307
  SINCE JAN 1   1516                      1395    121     1803
..................................................................


WIND (MPH)
  RESULTANT WIND SPEED  13   RESULTANT WIND DIRECTION   S (170)
  HIGHEST WIND SPEED    22   HIGHEST WIND DIRECTION     S (190)
  HIGHEST GUST SPEED    26   HIGHEST GUST DIRECTION    SE (150)
  AVERAGE WIND SPEED    13.8


SKY COVER
  AVERAGE SKY COVER 0.8


WEATHER CONDITIONS
 THE FOLLOWING WEATHER WAS RECORDED YESTERDAY.
  THUNDERSTORM
  HEAVY RAIN
  RAIN
  LIGHT RAIN
  FOG


RELATIVE HUMIDITY (PERCENT)
 HIGHEST   100           800 AM
 LOWEST     70           300 PM
 AVERAGE    85

..........................................................


THE AMARILLO CLIMATE NORMALS FOR TODAY
                         NORMAL    RECORD    YEAR
 MAXIMUM TEMPERATURE (F)   70        90      2012
                                             2003
 MINIMUM TEMPERATURE (F)   42        23      1906


SUNRISE AND SUNSET
OCTOBER 23 2014.......SUNRISE   800 AM CDT   SUNSET   702 PM CDT
OCTOBER 24 2014.......SUNRISE   801 AM CDT   SUNSET   701 PM CDT


-  INDICATES NEGATIVE NUMBERS.
R  INDICATES RECORD WAS SET OR TIED.
MM INDICATES DATA IS MISSING.
T  INDICATES TRACE AMOUNT.




$$





U.S. Dept. of Commerce
NOAA National Weather Service
1325 East West Highway
Silver Spring, MD 20910
E-mail: w-nws.webmaster@noaa.gov
Page last modified: May 16, 2007
NATIONAL WEATHER SERVICE: for Safety, for Work, for Fun - FOR LIFE