788
CDUS44 KAMA 240628
CLIAMA


CLIMATE REPORT
NATIONAL WEATHER SERVICE AMARILLO TX
126 AM CDT THU APR 24 2014


...................................

...THE AMARILLO CLIMATE SUMMARY FOR APRIL 23 2014...

CLIMATE NORMAL PERIOD 1981 TO 2010
CLIMATE RECORD PERIOD 1892 TO 2014


WEATHER ITEM   OBSERVED TIME   RECORD YEAR NORMAL DEPARTURE LAST
                VALUE   (LST)  VALUE       VALUE  FROM      YEAR
                                                  NORMAL
..................................................................
TEMPERATURE (F)
 YESTERDAY
  MAXIMUM         89    403 PM  93    2006  73     16       35
                                      1989
                                      1965
  MINIMUM         59    608 AM  25    2013  44     15       25
  AVERAGE         74                        59     15       30

PRECIPITATION (IN)
  YESTERDAY        0.00          2.61 1911   0.05  -0.05      T
  MONTH TO DATE    0.57                      1.03  -0.46     0.05
  SINCE MAR 1      0.77                      2.42  -1.65     0.20
  SINCE JAN 1      1.16                      3.70  -2.54     3.49

SNOWFALL (IN)
  YESTERDAY        0.0           1.2  1913   0.0    0.0       T
  MONTH TO DATE    0.4                       0.6   -0.2       T
  SINCE MAR 1      0.7                       3.5   -2.8      0.1
  SINCE JUL 1     12.8                      17.5   -4.7     29.7
  SNOW DEPTH       0

DEGREE DAYS
 HEATING
  YESTERDAY        0                         7     -7       35
  MONTH TO DATE  204                       236    -32      303
  SINCE MAR 1    763                       768     -5      740
  SINCE JUL 1   4116                      4045     71     3605

 COOLING
  YESTERDAY        9                         1      8        0
  MONTH TO DATE   16                         9      7       11
  SINCE MAR 1     16                        11      5       11
  SINCE JAN 1     16                        11      5       11
..................................................................


WIND (MPH)
  RESULTANT WIND SPEED  21   RESULTANT WIND DIRECTION   S (190)
  HIGHEST WIND SPEED    40   HIGHEST WIND DIRECTION     S (170)
  HIGHEST GUST SPEED    48   HIGHEST GUST DIRECTION     S (170)
  AVERAGE WIND SPEED    22.4


SKY COVER
  AVERAGE SKY COVER 0.1


WEATHER CONDITIONS
 THE FOLLOWING WEATHER WAS RECORDED YESTERDAY.
  HAZE


RELATIVE HUMIDITY (PERCENT)
 HIGHEST    60           700 AM
 LOWEST      6           600 PM
 AVERAGE    33

..........................................................


THE AMARILLO CLIMATE NORMALS FOR TODAY
                         NORMAL    RECORD    YEAR
 MAXIMUM TEMPERATURE (F)   74        95      2012
 MINIMUM TEMPERATURE (F)   44        20      2013


SUNRISE AND SUNSET
APRIL 24 2014.........SUNRISE   703 AM CDT   SUNSET   827 PM CDT
APRIL 25 2014.........SUNRISE   702 AM CDT   SUNSET   828 PM CDT


-  INDICATES NEGATIVE NUMBERS.
R  INDICATES RECORD WAS SET OR TIED.
MM INDICATES DATA IS MISSING.
T  INDICATES TRACE AMOUNT.




$$






U.S. Dept. of Commerce
NOAA National Weather Service
1325 East West Highway
Silver Spring, MD 20910
E-mail: w-nws.webmaster@noaa.gov
Page last modified: May 16, 2007
NATIONAL WEATHER SERVICE: for Safety, for Work, for Fun - FOR LIFE