344
CDUS45 KPUB 011055
CLIALS


CLIMATE REPORT
NATIONAL WEATHER SERVICE PUEBLO
454 AM MDT WED OCT 1 2014


...................................

...THE ALAMOSA CO CLIMATE SUMMARY FOR SEPTEMBER 30 2014...

CLIMATE NORMAL PERIOD 1981 TO 2010
CLIMATE RECORD PERIOD 1932 TO 2014


WEATHER ITEM   OBSERVED TIME   RECORD YEAR NORMAL DEPARTURE LAST
                VALUE   (LST)  VALUE       VALUE  FROM      YEAR
                                                  NORMAL
..................................................................
TEMPERATURE (F)
 YESTERDAY
  MAXIMUM         61    152 PM  82    2010  68     -7       73
  MINIMUM         30    549 AM  15    1985  31     -1       30
  AVERAGE         46                        49     -3       52

PRECIPITATION (IN)
  YESTERDAY        0.00          1.77 1959   0.02  -0.02     0.00
  MONTH TO DATE    0.41                      0.91  -0.50     2.98
  SINCE SEP 1      0.41                      0.91  -0.50     2.98
  SINCE JAN 1      4.29                      5.86  -1.57     7.85

SNOWFALL (IN)
  YESTERDAY        0.0           1.4  1959   0.0    0.0      0.0
  MONTH TO DATE    0.0                       0.0    0.0      0.0
  SINCE SEP 1      0.0                       0.0    0.0      0.0
  SINCE JUL 1      0.0                       0.0    0.0      0.0
  SNOW DEPTH       0

DEGREE DAYS
 HEATING
  YESTERDAY       19                        16      3       13
  MONTH TO DATE  179                       302   -123      222
  SINCE SEP 1    179                       302   -123      222
  SINCE JUL 1    300                       431   -131      297

 COOLING
  YESTERDAY        0                         0      0        0
  MONTH TO DATE    0                         0      0       14
  SINCE SEP 1      0                         0      0       14
  SINCE JAN 1     60                        51      9      113
..................................................................


WIND (MPH)
  HIGHEST WIND SPEED    20   HIGHEST WIND DIRECTION     W (250)
  HIGHEST GUST SPEED    22   HIGHEST GUST DIRECTION     W (250)
  AVERAGE WIND SPEED     4.3


SKY COVER
  POSSIBLE SUNSHINE  MM
  AVERAGE SKY COVER 0.2


WEATHER CONDITIONS
 THE FOLLOWING WEATHER WAS RECORDED YESTERDAY.
  NO SIGNIFICANT WEATHER WAS OBSERVED.


RELATIVE HUMIDITY (PERCENT)
 HIGHEST    92           200 AM
 LOWEST     32           200 PM
 AVERAGE    62

..........................................................


THE ALAMOSA CO CLIMATE NORMALS FOR TODAY
                         NORMAL    RECORD    YEAR
 MAXIMUM TEMPERATURE (F)   68        80      1980
 MINIMUM TEMPERATURE (F)   30        17      1965


SUNRISE AND SUNSET
OCTOBER  1 2014.......SUNRISE   659 AM MDT   SUNSET   647 PM MDT
OCTOBER  2 2014.......SUNRISE   700 AM MDT   SUNSET   645 PM MDT


-  INDICATES NEGATIVE NUMBERS.
R  INDICATES RECORD WAS SET OR TIED.
MM INDICATES DATA IS MISSING.
T  INDICATES TRACE AMOUNT.




$$





U.S. Dept. of Commerce
NOAA National Weather Service
1325 East West Highway
Silver Spring, MD 20910
E-mail: w-nws.webmaster@noaa.gov
Page last modified: May 16, 2007
NATIONAL WEATHER SERVICE: for Safety, for Work, for Fun - FOR LIFE