040
CDUS45 KPUB 241030
CLIALS


CLIMATE REPORT
NATIONAL WEATHER SERVICE PUEBLO
430 AM MDT THU JUL 24 2014


...................................

...THE ALAMOSA CO CLIMATE SUMMARY FOR JULY 23 2014...

CLIMATE NORMAL PERIOD 1981 TO 2010
CLIMATE RECORD PERIOD 1932 TO 2014


WEATHER ITEM   OBSERVED TIME   RECORD YEAR NORMAL DEPARTURE LAST
                VALUE   (LST)  VALUE       VALUE  FROM      YEAR
                                                  NORMAL
..................................................................
TEMPERATURE (F)
 YESTERDAY
  MAXIMUM         88    438 PM  91    2011  82      6       90
                                      1987
  MINIMUM         51    444 AM  37    1973  48      3       47
                                      1939
  AVERAGE         70                        65      5       69

PRECIPITATION (IN)
  YESTERDAY        T             0.58 1947   0.03  -0.03      T
  MONTH TO DATE    0.76                      0.69   0.07     0.52
  SINCE JUN 1      0.78                      1.18  -0.40     1.06
  SINCE JAN 1      2.59                      3.40  -0.81     2.12

SNOWFALL (IN)
  YESTERDAY        0.0           0.0  2002   0.0    0.0      0.0
                                      2001
  MONTH TO DATE    0.0                       0.0    0.0      0.0
  SINCE JUN 1      0.0                       0.0    0.0      0.0
  SINCE JUL 1      0.0                       0.0    0.0      0.0
  SNOW DEPTH       0

DEGREE DAYS
 HEATING
  YESTERDAY        0                         1     -1        0
  MONTH TO DATE   14                        32    -18       18
  SINCE JUN 1    140                       200    -60      120
  SINCE JUL 1     14                        32    -18       18

 COOLING
  YESTERDAY        5                         1      4        4
  MONTH TO DATE   38                        23     15       43
  SINCE JUN 1     39                        29     10       59
  SINCE JAN 1     39                        29     10       59
..................................................................


WIND (MPH)
  HIGHEST WIND SPEED    24   HIGHEST WIND DIRECTION    SE (140)
  HIGHEST GUST SPEED    32   HIGHEST GUST DIRECTION     E (90)
  AVERAGE WIND SPEED     8.2


SKY COVER
  POSSIBLE SUNSHINE  MM
  AVERAGE SKY COVER 0.0


WEATHER CONDITIONS
 THE FOLLOWING WEATHER WAS RECORDED YESTERDAY.
  THUNDERSTORM
  LIGHT RAIN


RELATIVE HUMIDITY (PERCENT)
 HIGHEST    83           500 AM
 LOWEST     18           200 PM
 AVERAGE    51

..........................................................


THE ALAMOSA CO CLIMATE NORMALS FOR TODAY
                         NORMAL    RECORD    YEAR
 MAXIMUM TEMPERATURE (F)   82        90      2011
                                             2003
 MINIMUM TEMPERATURE (F)   48        39      1995
                                             1973


SUNRISE AND SUNSET
JULY 24 2014..........SUNRISE   601 AM MDT   SUNSET   818 PM MDT
JULY 25 2014..........SUNRISE   602 AM MDT   SUNSET   817 PM MDT


-  INDICATES NEGATIVE NUMBERS.
R  INDICATES RECORD WAS SET OR TIED.
MM INDICATES DATA IS MISSING.
T  INDICATES TRACE AMOUNT.




$$





U.S. Dept. of Commerce
NOAA National Weather Service
1325 East West Highway
Silver Spring, MD 20910
E-mail: w-nws.webmaster@noaa.gov
Page last modified: May 16, 2007
NATIONAL WEATHER SERVICE: for Safety, for Work, for Fun - FOR LIFE