967
CDUS45 KPUB 241034
CLIALS


CLIMATE REPORT
NATIONAL WEATHER SERVICE PUEBLO
434 AM MDT FRI OCT 24 2014


...................................

...THE ALAMOSA CO CLIMATE SUMMARY FOR OCTOBER 23 2014...

CLIMATE NORMAL PERIOD 1981 TO 2010
CLIMATE RECORD PERIOD 1932 TO 2014


WEATHER ITEM   OBSERVED TIME   RECORD YEAR NORMAL DEPARTURE LAST
                VALUE   (LST)  VALUE       VALUE  FROM      YEAR
                                                  NORMAL
..................................................................
TEMPERATURE (F)
 YESTERDAY
  MAXIMUM         66    318 PM  74    2003  59      7       63
  MINIMUM         25    520 AM   4    2008  22      3       18
  AVERAGE         46                        40      6       41

PRECIPITATION (IN)
  YESTERDAY        0.00          0.60 2000   0.02  -0.02     0.00
  MONTH TO DATE    0.70                      0.51   0.19     0.46
  SINCE SEP 1      1.11                      1.42  -0.31     3.44
  SINCE JAN 1      4.99                      6.37  -1.38     8.31

SNOWFALL (IN)
  YESTERDAY        0.0           1.7  1972   0.1   -0.1      0.0
  MONTH TO DATE    T                         1.2   -1.2      3.5
  SINCE SEP 1      T                         1.2   -1.2      3.5
  SINCE JUL 1      T                         1.2   -1.2      3.5
  SNOW DEPTH       0

DEGREE DAYS
 HEATING
  YESTERDAY       19                        25     -6       24
  MONTH TO DATE  396                       467    -71      509
  SINCE SEP 1    575                       769   -194      731
  SINCE JUL 1    696                       898   -202      806

 COOLING
  YESTERDAY        0                         0      0        0
  MONTH TO DATE    0                         0      0        0
  SINCE SEP 1      0                         0      0       14
  SINCE JAN 1     60                        51      9      113
..................................................................


WIND (MPH)
  HIGHEST WIND SPEED     9   HIGHEST WIND DIRECTION     W (290)
  HIGHEST GUST SPEED    11   HIGHEST GUST DIRECTION     S (200)
  AVERAGE WIND SPEED     2.3


SKY COVER
  POSSIBLE SUNSHINE  MM
  AVERAGE SKY COVER 0.0


WEATHER CONDITIONS
 THE FOLLOWING WEATHER WAS RECORDED YESTERDAY.
  NO SIGNIFICANT WEATHER WAS OBSERVED.


RELATIVE HUMIDITY (PERCENT)
 HIGHEST    92           500 AM
 LOWEST     22           300 PM
 AVERAGE    57

..........................................................


THE ALAMOSA CO CLIMATE NORMALS FOR TODAY
                         NORMAL    RECORD    YEAR
 MAXIMUM TEMPERATURE (F)   59        70      2011
                                             1988
                                             1950
 MINIMUM TEMPERATURE (F)   22        -8      1945


SUNRISE AND SUNSET
OCTOBER 24 2014.......SUNRISE   720 AM MDT   SUNSET   614 PM MDT
OCTOBER 25 2014.......SUNRISE   721 AM MDT   SUNSET   613 PM MDT


-  INDICATES NEGATIVE NUMBERS.
R  INDICATES RECORD WAS SET OR TIED.
MM INDICATES DATA IS MISSING.
T  INDICATES TRACE AMOUNT.




$$





U.S. Dept. of Commerce
NOAA National Weather Service
1325 East West Highway
Silver Spring, MD 20910
E-mail: w-nws.webmaster@noaa.gov
Page last modified: May 16, 2007
NATIONAL WEATHER SERVICE: for Safety, for Work, for Fun - FOR LIFE