392
CDUS45 KPUB 231027
CLIALS


CLIMATE REPORT
NATIONAL WEATHER SERVICE PUEBLO
427 AM MDT THU OCT 23 2014


...................................

...THE ALAMOSA CO CLIMATE SUMMARY FOR OCTOBER 22 2014...

CLIMATE NORMAL PERIOD 1981 TO 2010
CLIMATE RECORD PERIOD 1932 TO 2014


WEATHER ITEM   OBSERVED TIME   RECORD YEAR NORMAL DEPARTURE LAST
                VALUE   (LST)  VALUE       VALUE  FROM      YEAR
                                                  NORMAL
..................................................................
TEMPERATURE (F)
 YESTERDAY
  MAXIMUM         64    128 PM  76    2003  59      5       60
  MINIMUM         28    620 AM  -7    1996  22      6       19
  AVERAGE         46                        41      5       40

PRECIPITATION (IN)
  YESTERDAY        0.00          0.47 1969   0.02  -0.02     0.00
  MONTH TO DATE    0.70                      0.49   0.21     0.46
  SINCE SEP 1      1.11                      1.40  -0.29     3.44
  SINCE JAN 1      4.99                      6.35  -1.36     8.31

SNOWFALL (IN)
  YESTERDAY        0.0           0.1  1984   0.1   -0.1      0.0
  MONTH TO DATE    T                         1.1   -1.1      3.5
  SINCE SEP 1      T                         1.1   -1.1      3.5
  SINCE JUL 1      T                         1.1   -1.1      3.5
  SNOW DEPTH       0

DEGREE DAYS
 HEATING
  YESTERDAY       19                        24     -5       25
  MONTH TO DATE  377                       442    -65      485
  SINCE SEP 1    556                       744   -188      707
  SINCE JUL 1    677                       873   -196      782

 COOLING
  YESTERDAY        0                         0      0        0
  MONTH TO DATE    0                         0      0        0
  SINCE SEP 1      0                         0      0       14
  SINCE JAN 1     60                        51      9      113
..................................................................


WIND (MPH)
  HIGHEST WIND SPEED    17   HIGHEST WIND DIRECTION     W (260)
  HIGHEST GUST SPEED    21   HIGHEST GUST DIRECTION     W (250)
  AVERAGE WIND SPEED     5.1


SKY COVER
  POSSIBLE SUNSHINE  MM
  AVERAGE SKY COVER 0.3


WEATHER CONDITIONS
 THE FOLLOWING WEATHER WAS RECORDED YESTERDAY.
  FOG
  FOG W/VISIBILITY <= 1/4 MILE


RELATIVE HUMIDITY (PERCENT)
 HIGHEST    96           700 AM
 LOWEST     26           100 PM
 AVERAGE    61

..........................................................


THE ALAMOSA CO CLIMATE NORMALS FOR TODAY
                         NORMAL    RECORD    YEAR
 MAXIMUM TEMPERATURE (F)   59        74      2003
 MINIMUM TEMPERATURE (F)   22         4      2008


SUNRISE AND SUNSET
OCTOBER 23 2014.......SUNRISE   719 AM MDT   SUNSET   616 PM MDT
OCTOBER 24 2014.......SUNRISE   720 AM MDT   SUNSET   614 PM MDT


-  INDICATES NEGATIVE NUMBERS.
R  INDICATES RECORD WAS SET OR TIED.
MM INDICATES DATA IS MISSING.
T  INDICATES TRACE AMOUNT.




$$





U.S. Dept. of Commerce
NOAA National Weather Service
1325 East West Highway
Silver Spring, MD 20910
E-mail: w-nws.webmaster@noaa.gov
Page last modified: May 16, 2007
NATIONAL WEATHER SERVICE: for Safety, for Work, for Fun - FOR LIFE