906
CDUS43 KDMX 240632
CLIALO

CLIMATE REPORT
NATIONAL WEATHER SERVICE DES MOINES IA
128 AM CDT FRI OCT 24 2014

...................................

...THE WATERLOO IA CLIMATE SUMMARY FOR OCTOBER 23 2014...

CLIMATE NORMAL PERIOD 1981 TO 2010
CLIMATE RECORD PERIOD 1895 TO 2014


WEATHER ITEM   OBSERVED TIME   RECORD YEAR NORMAL DEPARTURE LAST
                VALUE   (LST)  VALUE       VALUE  FROM      YEAR
                                                  NORMAL
..................................................................
TEMPERATURE (F)
 YESTERDAY
  MAXIMUM         60        MM  86    1899  59      1       42
  MINIMUM         42        MM  17    1936  37      5       28
                                      1895
  AVERAGE         51                        48      3       35

PRECIPITATION (IN)
  YESTERDAY        0.49          1.98 1957   0.08   0.41     0.00
  MONTH TO DATE    3.63                      1.89   1.74     1.47
  SINCE SEP 1      5.29                      4.52   0.77     2.95
  SINCE JAN 1     32.58                     30.80   1.78    37.17

SNOWFALL (IN)
  YESTERDAY       MM             1.6  1929   0.0   MM        0.0
  MONTH TO DATE    T                         0.1   -0.1      1.0
  SINCE SEP 1      T                         0.1   -0.1      1.0
  SINCE JUL 1      T                         0.1   -0.1      1.0
  SNOW DEPTH       0

DEGREE DAYS
 HEATING
  YESTERDAY       14                        17     -3       30
  MONTH TO DATE  348                       313     35      301
  SINCE SEP 1    499                       451     48      403
  SINCE JUL 1    516                       471     45      423

 COOLING
  YESTERDAY        0                         0      0        0
  MONTH TO DATE    0                         8     -8        8
  SINCE SEP 1     51                        86    -35      141
  SINCE JAN 1    658                       798   -140      837
..................................................................


WIND (MPH)
  HIGHEST WIND SPEED    12   HIGHEST WIND DIRECTION    SE (150)
  HIGHEST GUST SPEED    MM   HIGHEST GUST DIRECTION    MM
  AVERAGE WIND SPEED     4.8


SKY COVER
  POSSIBLE SUNSHINE  MM
  AVERAGE SKY COVER 0.9


WEATHER CONDITIONS
 THE FOLLOWING WEATHER WAS RECORDED YESTERDAY.
  RAIN
  LIGHT RAIN
  FOG
  FOG W/VISIBILITY <= 1/4 MILE


RELATIVE HUMIDITY (PERCENT)
 HIGHEST   100           600 PM
 LOWEST     63          1200 AM
 AVERAGE    82

..........................................................


THE WATERLOO IA CLIMATE NORMALS FOR TODAY
                         NORMAL    RECORD    YEAR
 MAXIMUM TEMPERATURE (F)   58        81      1899
 MINIMUM TEMPERATURE (F)   36        19      2006
                                             1896


SUNRISE AND SUNSET
OCTOBER 24 2014.......SUNRISE   733 AM CDT   SUNSET   614 PM CDT
OCTOBER 25 2014.......SUNRISE   735 AM CDT   SUNSET   612 PM CDT


-  INDICATES NEGATIVE NUMBERS.
R  INDICATES RECORD WAS SET OR TIED.
MM INDICATES DATA IS MISSING.
T  INDICATES TRACE AMOUNT.

$$

REV




U.S. Dept. of Commerce
NOAA National Weather Service
1325 East West Highway
Silver Spring, MD 20910
E-mail: w-nws.webmaster@noaa.gov
Page last modified: May 16, 2007
NATIONAL WEATHER SERVICE: for Safety, for Work, for Fun - FOR LIFE