822
CDUS43 KDMX 230635
CLIALO

CLIMATE REPORT
NATIONAL WEATHER SERVICE DES MOINES IA
132 AM CDT THU OCT 23 2014

...................................

...THE WATERLOO IA CLIMATE SUMMARY FOR OCTOBER 22 2014...

CLIMATE NORMAL PERIOD 1981 TO 2010
CLIMATE RECORD PERIOD 1895 TO 2014


WEATHER ITEM   OBSERVED TIME   RECORD YEAR NORMAL DEPARTURE LAST
                VALUE   (LST)  VALUE       VALUE  FROM      YEAR
                                                  NORMAL
..................................................................
TEMPERATURE (F)
 YESTERDAY
  MAXIMUM         61    255 PM  87    1899  59      2       43
  MINIMUM         35    528 AM  14    1976  37     -2       25
  AVERAGE         48                        48      0       34

PRECIPITATION (IN)
  YESTERDAY        0.00          2.17 1996   0.08  -0.08     0.14
  MONTH TO DATE    3.14                      1.81   1.33     1.47
  SINCE SEP 1      4.80                      4.44   0.36     2.95
  SINCE JAN 1     32.09                     30.72   1.37    37.17

SNOWFALL (IN)
  YESTERDAY        0.0           T    1996   0.0    0.0      1.0
  MONTH TO DATE    T                         0.1   -0.1      1.0
  SINCE SEP 1      T                         0.1   -0.1      1.0
  SINCE JUL 1      T                         0.1   -0.1      1.0
  SNOW DEPTH       0

DEGREE DAYS
 HEATING
  YESTERDAY       17                        17      0       31
  MONTH TO DATE  334                       296     38      271
  SINCE SEP 1    485                       434     51      373
  SINCE JUL 1    502                       454     48      393

 COOLING
  YESTERDAY        0                         0      0        0
  MONTH TO DATE    0                         8     -8        8
  SINCE SEP 1     51                        86    -35      141
  SINCE JAN 1    658                       798   -140      837
..................................................................


WIND (MPH)
  HIGHEST WIND SPEED    22   HIGHEST WIND DIRECTION    SE (140)
  HIGHEST GUST SPEED    26   HIGHEST GUST DIRECTION    SE (130)
  AVERAGE WIND SPEED    12.6


SKY COVER
  POSSIBLE SUNSHINE  MM
  AVERAGE SKY COVER 0.2


WEATHER CONDITIONS
 THE FOLLOWING WEATHER WAS RECORDED YESTERDAY.
  NO SIGNIFICANT WEATHER WAS OBSERVED.


RELATIVE HUMIDITY (PERCENT)
 HIGHEST    92           400 AM
 LOWEST     49           200 PM
 AVERAGE    71

..........................................................


THE WATERLOO IA CLIMATE NORMALS FOR TODAY
                         NORMAL    RECORD    YEAR
 MAXIMUM TEMPERATURE (F)   59        86      1899
 MINIMUM TEMPERATURE (F)   37        17      1936
                                             1895


SUNRISE AND SUNSET
OCTOBER 23 2014.......SUNRISE   732 AM CDT   SUNSET   615 PM CDT
OCTOBER 24 2014.......SUNRISE   733 AM CDT   SUNSET   614 PM CDT


-  INDICATES NEGATIVE NUMBERS.
R  INDICATES RECORD WAS SET OR TIED.
MM INDICATES DATA IS MISSING.
T  INDICATES TRACE AMOUNT.

$$
REV




U.S. Dept. of Commerce
NOAA National Weather Service
1325 East West Highway
Silver Spring, MD 20910
E-mail: w-nws.webmaster@noaa.gov
Page last modified: May 16, 2007
NATIONAL WEATHER SERVICE: for Safety, for Work, for Fun - FOR LIFE