381
CDUS43 KDMX 270634 RRA
CLIALO

CLIMATE REPORT
NATIONAL WEATHER SERVICE DES MOINES IA
1228 AM CST THU NOV 27 2014


...................................

...THE WATERLOO IA CLIMATE SUMMARY FOR NOVEMBER 26 2014...

CLIMATE NORMAL PERIOD 1981 TO 2010
CLIMATE RECORD PERIOD 1895 TO 2014


WEATHER ITEM   OBSERVED TIME   RECORD YEAR NORMAL DEPARTURE LAST
                VALUE   (LST)  VALUE       VALUE  FROM      YEAR
                                                  NORMAL
..................................................................
TEMPERATURE (F)
 YESTERDAY
  MAXIMUM         31    234 PM  67    1998  39     -8       33
  MINIMUM         22    321 AM -17    1977  21      1        7
  AVERAGE         27                        30     -3       20

PRECIPITATION (IN)
  YESTERDAY        0.04          0.97 1952   0.06  -0.02     0.00
  MONTH TO DATE    0.65                      1.78  -1.13     2.03
  SINCE SEP 1      5.96                      6.89  -0.93     5.65
  SINCE JAN 1     33.25                     33.17   0.08    39.87

SNOWFALL (IN)
  YESTERDAY        0.6           4.5  1942   0.2    0.4      0.0
  MONTH TO DATE    5.4                       2.3    3.1      4.9
  SINCE SEP 1      5.4                       2.6    2.8      5.9
  SINCE JUL 1      5.4                       2.6    2.8      5.9
  SNOW DEPTH       1

DEGREE DAYS
 HEATING
  YESTERDAY       38                        35      3       45
  MONTH TO DATE  922                       715    207      823
  SINCE SEP 1   1565                      1318    247     1403
  SINCE JUL 1   1582                      1338    244     1423

 COOLING
  YESTERDAY        0                         0      0        0
  MONTH TO DATE    0                         0      0        0
  SINCE SEP 1     51                        87    -36      141
  SINCE JAN 1    658                       799   -141      837
..................................................................


WIND (MPH)
  HIGHEST WIND SPEED    18   HIGHEST WIND DIRECTION    NW (320)
  HIGHEST GUST SPEED    22   HIGHEST GUST DIRECTION     N (340)
  AVERAGE WIND SPEED    11.5


SKY COVER
  POSSIBLE SUNSHINE  MM
  AVERAGE SKY COVER 1.0


WEATHER CONDITIONS
 THE FOLLOWING WEATHER WAS RECORDED YESTERDAY.
  LIGHT SNOW
  FOG
  HAZE


RELATIVE HUMIDITY (PERCENT)
 HIGHEST    92           200 AM
 LOWEST     78          1100 AM
 AVERAGE    85

..........................................................


THE WATERLOO IA CLIMATE NORMALS FOR TODAY
                         NORMAL    RECORD    YEAR
 MAXIMUM TEMPERATURE (F)   39        67      1998
                                             1914
 MINIMUM TEMPERATURE (F)   21        -6      1898


SUNRISE AND SUNSET
NOVEMBER 27 2014......SUNRISE   715 AM CST   SUNSET   439 PM CST
NOVEMBER 28 2014......SUNRISE   716 AM CST   SUNSET   438 PM CST


-  INDICATES NEGATIVE NUMBERS.
R  INDICATES RECORD WAS SET OR TIED.
MM INDICATES DATA IS MISSING.
T  INDICATES TRACE AMOUNT.




$$




U.S. Dept. of Commerce
NOAA National Weather Service
1325 East West Highway
Silver Spring, MD 20910
E-mail: w-nws.webmaster@noaa.gov
Page last modified: May 16, 2007
NATIONAL WEATHER SERVICE: for Safety, for Work, for Fun - FOR LIFE