127
CDUS43 KDMX 310629 RRA
CLIALO

CLIMATE REPORT
NATIONAL WEATHER SERVICE DES MOINES IA
127 AM CDT THU JUL 31 2014


...................................

...THE WATERLOO IA CLIMATE SUMMARY FOR JULY 30 2014...

CLIMATE NORMAL PERIOD 1981 TO 2010
CLIMATE RECORD PERIOD 1895 TO 2014


WEATHER ITEM   OBSERVED TIME   RECORD YEAR NORMAL DEPARTURE LAST
                VALUE   (LST)  VALUE       VALUE  FROM      YEAR
                                                  NORMAL
..................................................................
TEMPERATURE (F)
 YESTERDAY
  MAXIMUM         81    455 PM 104    1916  84     -3       70
  MINIMUM         54    342 AM  45    1899  62     -8       62
  AVERAGE         68                        73     -5       66

PRECIPITATION (IN)
  YESTERDAY        0.00          5.25 1942   0.14  -0.14      T
  MONTH TO DATE    1.14                      4.77  -3.63     4.03
  SINCE JUN 1     10.77                      9.75   1.02     8.71
  SINCE JAN 1     24.80                     21.87   2.93    32.29

SNOWFALL (IN)
  YESTERDAY        0.0          MM      MM   0.0    0.0      0.0
  MONTH TO DATE    0.0                       0.0    0.0      0.0
  SINCE JUN 1      0.0                       0.0    0.0      0.0
  SINCE JUL 1      0.0                       0.0    0.0      0.0
  SNOW DEPTH       0

DEGREE DAYS
 HEATING
  YESTERDAY        0                         0      0        0
  MONTH TO DATE   17                         0     17       14
  SINCE JUN 1     24                        26     -2       52
  SINCE JUL 1     17                         0     17       14

 COOLING
  YESTERDAY        3                         8     -5        1
  MONTH TO DATE  145                       263   -118      250
  SINCE JUN 1    316                       440   -124      418
  SINCE JAN 1    383                       496   -113      471
..................................................................


WIND (MPH)
  HIGHEST WIND SPEED    16   HIGHEST WIND DIRECTION     N (360)
  HIGHEST GUST SPEED    21   HIGHEST GUST DIRECTION     N (340)
  AVERAGE WIND SPEED     5.8


SKY COVER
  POSSIBLE SUNSHINE  MM
  AVERAGE SKY COVER 0.2


WEATHER CONDITIONS
 THE FOLLOWING WEATHER WAS RECORDED YESTERDAY.
  NO SIGNIFICANT WEATHER WAS OBSERVED.


RELATIVE HUMIDITY (PERCENT)
 HIGHEST    93           200 AM
 LOWEST     45           100 PM
 AVERAGE    69

..........................................................


THE WATERLOO IA CLIMATE NORMALS FOR TODAY
                         NORMAL    RECORD    YEAR
 MAXIMUM TEMPERATURE (F)   84       105      1988
 MINIMUM TEMPERATURE (F)   62        43      1971


SUNRISE AND SUNSET
JULY 31 2014..........SUNRISE   601 AM CDT   SUNSET   831 PM CDT
AUGUST  1 2014........SUNRISE   602 AM CDT   SUNSET   830 PM CDT


-  INDICATES NEGATIVE NUMBERS.
R  INDICATES RECORD WAS SET OR TIED.
MM INDICATES DATA IS MISSING.
T  INDICATES TRACE AMOUNT.




$$




U.S. Dept. of Commerce
NOAA National Weather Service
1325 East West Highway
Silver Spring, MD 20910
E-mail: w-nws.webmaster@noaa.gov
Page last modified: May 16, 2007
NATIONAL WEATHER SERVICE: for Safety, for Work, for Fun - FOR LIFE