112
CDUS43 KDMX 310655 RRA
CLIALO

CLIMATE REPORT
NATIONAL WEATHER SERVICE DES MOINES IA
1255 AM CST SAT JAN 31 2015

...................................

...THE WATERLOO IA CLIMATE SUMMARY FOR JANUARY 30 2015...

CLIMATE NORMAL PERIOD 1981 TO 2010
CLIMATE RECORD PERIOD 1895 TO 2015


WEATHER ITEM   OBSERVED TIME   RECORD YEAR NORMAL DEPARTURE LAST
                VALUE   (LST)  VALUE       VALUE  FROM      YEAR
                                                  NORMAL
..................................................................
TEMPERATURE (F)
 YESTERDAY
  MAXIMUM         29    410 PM  55    1924  28      1       33
  MINIMUM         10    729 AM -24    1951  10      0        3
  AVERAGE         20                        19      1       18

PRECIPITATION (IN)
  YESTERDAY        0.00          1.00 1947   0.03  -0.03     0.06
  MONTH TO DATE    0.64                      0.80  -0.16     0.66
  SINCE DEC 1      2.28                      2.00   0.28     1.60
  SINCE JAN 1      0.64                      0.80  -0.16     0.66

SNOWFALL (IN)
  YESTERDAY        0.0          10.0  1947   0.3   -0.3      0.8
  MONTH TO DATE    8.7                       7.9    0.8      6.5
  SINCE DEC 1      9.2                      17.8   -8.6     24.4
  SINCE JUL 1     14.6                      21.2   -6.6     30.3
  SNOW DEPTH       0

DEGREE DAYS
 HEATING
  YESTERDAY       45                        46     -1       47
  MONTH TO DATE 1331                      1400    -69     1637
  SINCE DEC 1   2471                      2728   -257     3185
  SINCE JUL 1   4220                      4211      9     4791

 COOLING
  YESTERDAY        0                         0      0        0
  MONTH TO DATE    0                         0      0        0
  SINCE DEC 1      0                         0      0        0
  SINCE JAN 1      0                         0      0        0
..................................................................


WIND (MPH)
  HIGHEST WIND SPEED    17   HIGHEST WIND DIRECTION    NW (330)
  HIGHEST GUST SPEED    20   HIGHEST GUST DIRECTION    NW (320)
  AVERAGE WIND SPEED     6.6


SKY COVER
  POSSIBLE SUNSHINE  MM
  AVERAGE SKY COVER 0.1


WEATHER CONDITIONS
 THE FOLLOWING WEATHER WAS RECORDED YESTERDAY.
  NO SIGNIFICANT WEATHER WAS OBSERVED.


RELATIVE HUMIDITY (PERCENT)
 HIGHEST    84           100 AM
 LOWEST     39           300 PM
 AVERAGE    62

..........................................................


THE WATERLOO IA CLIMATE NORMALS FOR TODAY
                         NORMAL    RECORD    YEAR
 MAXIMUM TEMPERATURE (F)   28        57      1989
 MINIMUM TEMPERATURE (F)   10       -27      1918


SUNRISE AND SUNSET
JANUARY 31 2015.......SUNRISE   725 AM CST   SUNSET   522 PM CST
FEBRUARY  1 2015......SUNRISE   724 AM CST   SUNSET   523 PM CST


-  INDICATES NEGATIVE NUMBERS.
R  INDICATES RECORD WAS SET OR TIED.
MM INDICATES DATA IS MISSING.
T  INDICATES TRACE AMOUNT.

$$

SMALL




U.S. Dept. of Commerce
NOAA National Weather Service
1325 East West Highway
Silver Spring, MD 20910
E-mail: w-nws.webmaster@noaa.gov
Page last modified: May 16, 2007
NATIONAL WEATHER SERVICE: for Safety, for Work, for Fun - FOR LIFE