630
CDUS43 KDMX 290732
CLIALO

CLIMATE REPORT
NATIONAL WEATHER SERVICE DES MOINES IA
225 AM CDT FRI AUG 29 2014

...................................

...THE WATERLOO IA CLIMATE SUMMARY FOR AUGUST 28 2014...

CLIMATE NORMAL PERIOD 1981 TO 2010
CLIMATE RECORD PERIOD 1895 TO 2014

WEATHER ITEM   OBSERVED TIME   RECORD YEAR NORMAL DEPARTURE LAST
                VALUE   (LST)  VALUE       VALUE  FROM      YEAR
                                                  NORMAL
..................................................................
TEMPERATURE (F)
 YESTERDAY
  MAXIMUM         72    504 PM  98    1926  81     -9       91
  MINIMUM         62    235 AM  39    1935  58      4       72
  AVERAGE         67                        70     -3       82

PRECIPITATION (IN)
  YESTERDAY        0.16          2.40 1932   0.12   0.04     0.00
  MONTH TO DATE    1.36                      3.90  -2.54     1.84
  SINCE JUN 1     12.13                     13.79  -1.66    10.55
  SINCE JAN 1     26.16                     25.91   0.25    34.13

SNOWFALL (IN)
  YESTERDAY        0.0          MM      MM   0.0    0.0      0.0
  MONTH TO DATE    0.0                       0.0    0.0      0.0
  SINCE JUN 1      0.0                       0.0    0.0      0.0
  SINCE JUL 1      0.0                       0.0    0.0      0.0
  SNOW DEPTH       0

DEGREE DAYS
 HEATING
  YESTERDAY        0                         1     -1        0
  MONTH TO DATE    0                        11    -11        6
  SINCE JUN 1     24                        41    -17       58
  SINCE JUL 1     17                        15      2       20

 COOLING
  YESTERDAY        2                         5     -3       17
  MONTH TO DATE  197                       193      4      173
  SINCE JUN 1    516                       641   -125      596
  SINCE JAN 1    583                       697   -114      649
..................................................................

WIND (MPH)
  HIGHEST WIND SPEED    18   HIGHEST WIND DIRECTION    SE (120)
  HIGHEST GUST SPEED    24   HIGHEST GUST DIRECTION     E (110)
  AVERAGE WIND SPEED     9.7

SKY COVER
  POSSIBLE SUNSHINE  MM
  AVERAGE SKY COVER 0.8

WEATHER CONDITIONS
 THE FOLLOWING WEATHER WAS RECORDED YESTERDAY.
  LIGHT RAIN
  FOG

RELATIVE HUMIDITY (PERCENT)
 HIGHEST    93          1200 AM
 LOWEST     84           100 PM
 AVERAGE    89
..........................................................

THE WATERLOO IA CLIMATE NORMALS FOR TODAY
                         NORMAL    RECORD    YEAR
 MAXIMUM TEMPERATURE (F)   81        98      1984
 MINIMUM TEMPERATURE (F)   58        37      1946

SUNRISE AND SUNSET
AUGUST 29 2014........SUNRISE   631 AM CDT   SUNSET   749 PM CDT
AUGUST 30 2014........SUNRISE   632 AM CDT   SUNSET   747 PM CDT

-  INDICATES NEGATIVE NUMBERS.
R  INDICATES RECORD WAS SET OR TIED.
MM INDICATES DATA IS MISSING.
T  INDICATES TRACE AMOUNT.

$$

FAB




U.S. Dept. of Commerce
NOAA National Weather Service
1325 East West Highway
Silver Spring, MD 20910
E-mail: w-nws.webmaster@noaa.gov
Page last modified: May 16, 2007
NATIONAL WEATHER SERVICE: for Safety, for Work, for Fun - FOR LIFE